{"text_format":"1","workbook":"xlsx","n_sheets":6,"sheets":["How to use this Spreadsheet","Cougar SV Rear Geometry","Roll Centre Positions","Roll Centre Comparisons","Lookup Tables","Stored data"],"not_rendered":{"charts":13,"images":0,"macros":1,"external_links":0,"defined_names":75,"comments":0,"pivot_tables":0},"unopened":[],"bounds":{"document_bytes":16777216,"sheet_cells":100000,"rows_first":2000,"rows_last":500,"rows_between":2000,"halvings":0,"cell_chars":16384,"cell_head_chars":4096},"cells_cut":0,"cells_raw":0,"read":"whole","date_system":"1900"}

{"sheet":"How to use this Spreadsheet","index":0,"n_rows":22,"n_cols":2,"rows_kept":22,"cut":false,"hidden":false,"merged":[]}
[]
[null,"In general, anything with a light blue background (matching this cell) is for user input."]
[]
[null,"The first sheet \"Cougar SV Rear Geometry\" allows the user to input a car setup, then set the ride height and roll angle to see the shape of the rear suspension."]
[null,"Camber angles for each wheel are plotted, as well as left & right instant centres, and the roll centre."]
[null,"The diagram updates automatically each time any blue cell is changed."]
[]
[]
[null,"The second sheet \"Roll Centre Comparisons\" alows the user to input two different setups and compare the camber and roll centre for a complete range of ride heights and roll angles."]
[null,"Up to six setups can be stored in positions 1-6 for easy retrieval. Use the load and store functions to move the setup between the stored positions and the main sheet"]
[null,"The names of the stored setups can be customised as required."]
[]
[null,"\"Adjust upper wishbone to set camber\" can be used to set both setups to have the same static camber."]
[]
[null,"The calculation is run only when the large blue button is pressed to \"Calculate Geometries\""]
[null,"Note that this calculation may take 1 minute or more when a new setup is calculated for the first time."]
[null,"Once a setup is calculated for the first time the results are stored in an internal memory in the program so subsequent calculations of the same setup will be much faster. "]
[]
[null,"The tables contain exact data for all positions, and the four graphs show what happens as either roll or ride height is varied independantly."]
[null,"The specific rows and columns shown in the graphs can be set using the blue cells between the graphs."]
[]
[null,"I don't want to get too far into what the roll centres and camber gains mean as there are a lot of resources available to describe those in much more detail than I can here."]

{"sheet":"Cougar SV Rear Geometry","index":1,"n_rows":65,"n_cols":14,"rows_kept":65,"cut":false,"hidden":false,"merged":[[2,1,2,5],[2,8,2,12],[1,1,1,13],[41,1,41,3],[41,8,41,10],[41,5,41,6],[34,1,34,3],[34,8,34,10],[22,12,22,13],[12,1,12,13],[21,1,21,13],[13,12,13,13],[13,5,13,6],[22,5,22,6],[4,1,4,13],[40,1,40,13],[10,8,10,12],[9,8,9,12],[8,8,8,12],[3,1,3,5],[5,8,5,12],[10,1,10,5],[6,8,6,12],[5,1,5,5],[6,1,6,5],[7,1,7,5],[7,8,7,12],[8,1,8,5],[9,1,9,5]]}
[]
[null,"Instant Position"]
[null,"Body Roll Angle (Deg)",null,null,null,null,0,null,"Body Ride Height (mm)",null,null,null,null,15]
[]
[null,"Car Specification"]
[null,{"$f":"'Lookup Tables'!B3","v":"Lower Gearbox Housings"},null,null,null,null,"Std",null,{"$f":"'Lookup Tables'!B9","v":"Upper Link"},null,null,null,null,34]
[null,{"$f":"'Lookup Tables'!B4","v":"Antisquat Spacers"},null,null,null,null,0,null,{"$f":"'Lookup Tables'!B10","v":"Upper Link Spacers"},null,null,null,null,6]
[null,{"$f":"'Lookup Tables'!B5","v":"Rear Toe Block"},null,null,null,null,3,null,{"$f":"'Lookup Tables'!B11","v":"Upper Ball Stud Spacers"},null,null,null,null,0]
[null,{"$f":"'Lookup Tables'!B6","v":"Rear Hubs"},null,null,null,null,"Std",null,{"$f":"'Lookup Tables'!B12","v":"Lower Wishbones"},null,null,null,null,"Std"]
[null,{"$f":"'Lookup Tables'!B7","v":"Rear Hub Hole Pos."},null,null,null,null,"Centre",null,{"$f":"'Lookup Tables'!B13","v":"Upper Wishbones"},null,null,null,null,69.5]
[null,{"$f":"'Lookup Tables'!B8","v":"Rear Track"},null,null,null,null,"Wide",null,{"$f":"'Lookup Tables'!B14","v":"Tyres"},null,null,null,null,"Minispike"]
[]
[null,"Geometry"]
[null,"LH","X","Y",null,"Lengths",null,null,"RH","X","Y",null,"Lengths"]
[null,"A",{"$f":"(0-(SQRT((0-(-((VLOOKUP(G6,'Lookup Tables'!B17:D17,3)/2)+(VLOOKUP(G8,'Lookup Tables'!Rear_toe_block,2)/2))/2))^2 + (((((9+(5+G7))/2)+(30.5 + (N7-N8)*COS(RADIANS(20))))/2)-((9+(5+G7))/2))^2))*SIN((ATAN((0-(-((VLOOKUP(G6,'Lookup Tables'!B17:D17,3)/2)+(VLOOKUP(G8,'Lookup Tables'!Rear_toe_block,2)/2))/2))/((((((9+(5+G7))/2)+(30.5 + (N7-N8)*COS(RADIANS(20))))/2)+Ride_Height)-(((9+(5+G7))/2)+Ride_Height))))-RADIANS(Roll_Angle)))","v":-17},{"$f":"((((((9+(5+G7))/2)+(30.5 + (N7-N8)*COS(RADIANS(20))))/2)+Ride_Height)-(SQRT((0-(-((VLOOKUP(G6,'Lookup Tables'!B17:D17,3)/2)+(VLOOKUP(G8,'Lookup Tables'!Rear_toe_block,2)/2))/2))^2 + (((((9+(5+G7))/2)+(30.5 + (N7-N8)*COS(RADIANS(20))))/2)-((9+(5+G7))/2))^2))*COS((ATAN((0-(-((VLOOKUP(G6,'Lookup Tables'!B17:D17,3)/2)+(VLOOKUP(G8,'Lookup Tables'!Rear_toe_block,2)/2))/2))/((((((9+(5+G7))/2)+(30.5 + (N7-N8)*COS(RADIANS(20))))/2)+Ride_Height)-(((9+(5+G7))/2)+Ride_Height))))-RADIANS(Roll_Angle)))","v":22},null,"AC",{"$f":"VLOOKUP(N9,'Lookup Tables'!Rear_Lower_Wishbone,2,FALSE)","v":74},null,"Z",{"$f":"(0+(SQRT((0-(-((VLOOKUP(G6,'Lookup Tables'!B17:D17,3)/2)+(VLOOKUP(G8,'Lookup Tables'!Rear_toe_block,2)/2))/2))^2 + (((((9+(5+G7))/2)+(30.5 + (N7-N8)*COS(RADIANS(20))))/2)-((9+(5+G7))/2))^2))*SIN((ATAN((0-(-((VLOOKUP(G6,'Lookup Tables'!B17:D17,3)/2)+(VLOOKUP(G8,'Lookup Tables'!Rear_toe_block,2)/2))/2))/((((((9+(5+G7))/2)+(30.5 + (N7-N8)*COS(RADIANS(20))))/2)+Ride_Height)-(((9+(5+G7))/2)+Ride_Height))))+RADIANS(Roll_Angle)))","v":17},{"$f":"((((((9+(5+G7))/2)+(30.5 + (N7-N8)*COS(RADIANS(20))))/2)+Ride_Height)-(SQRT((0-(-((VLOOKUP(G6,'Lookup Tables'!B17:D17,3)/2)+(VLOOKUP(G8,'Lookup Tables'!Rear_toe_block,2)/2))/2))^2 + (((((9+(5+G7))/2)+(30.5 + (N7-N8)*COS(RADIANS(20))))/2)-((9+(5+G7))/2))^2))*COS((ATAN((0-(-((VLOOKUP(G6,'Lookup Tables'!B17:D17,3)/2)+(VLOOKUP(G8,'Lookup Tables'!Rear_toe_block,2)/2))/2))/((((((9+(5+G7))/2)+(30.5 + (N7-N8)*COS(RADIANS(20))))/2)+Ride_Height)-(((9+(5+G7))/2)+Ride_Height))))+RADIANS(Roll_Angle)))","v":22},null,"XZ",{"$f":"VLOOKUP(N9,'Lookup Tables'!Rear_Lower_Wishbone,2,FALSE)","v":74}]
[null,"B",{"$f":"(0-(SQRT((0-(-N6/2))^2 + (((((9+(5+G7))/2)+(30.5 + (N7-N8)*COS(RADIANS(20))))/2)-(30.5 + (N7-N8)*COS(RADIANS(20))))^2))*SIN((ATAN((0-(-N6/2))/(((30.5 + (N7-N8)*COS(RADIANS(20)))+Ride_Height)-(((((9+(5+G7))/2)+(30.5 + (N7-N8)*COS(RADIANS(20))))/2)+Ride_Height))))+RADIANS(Roll_Angle)))","v":-17},{"$f":"((((((9+(5+G7))/2)+(30.5 + (N7-N8)*COS(RADIANS(20))))/2)+Ride_Height)+(SQRT((0-(-N6/2))^2 + (((((9+(5+G7))/2)+(30.5 + (N7-N8)*COS(RADIANS(20))))/2)-(30.5 + (N7-N8)*COS(RADIANS(20))))^2))*COS((ATAN((0-(-N6/2))/(((30.5 + (N7-N8)*COS(RADIANS(20)))+Ride_Height)-(((((9+(5+G7))/2)+(30.5 + (N7-N8)*COS(RADIANS(20))))/2)+Ride_Height))))+RADIANS(Roll_Angle)))","v":51.138155724715453},null,"BD",{"$f":"N10","v":69.5},null,"Y",{"$f":"(0+(SQRT((0-(-N6/2))^2 + (((((9+(5+G7))/2)+(30.5 + (N7-N8)*COS(RADIANS(20))))/2)-(30.5 + (N7-N8)*COS(RADIANS(20))))^2))*SIN((ATAN((0-(-N6/2))/(((30.5 + (N7-N8)*COS(RADIANS(20)))+Ride_Height)-(((((9+(5+G7))/2)+(30.5 + (N7-N8)*COS(RADIANS(20))))/2)+Ride_Height))))-RADIANS(Roll_Angle)))","v":17},{"$f":"((((((9+(5+G7))/2)+(30.5 + (N7-N8)*COS(RADIANS(20))))/2)+Ride_Height)+(SQRT((0-(-N6/2))^2 + (((((9+(5+G7))/2)+(30.5 + (N7-N8)*COS(RADIANS(20))))/2)-(30.5 + (N7-N8)*COS(RADIANS(20))))^2))*COS((ATAN((0-(-N6/2))/(((30.5 + (N7-N8)*COS(RADIANS(20)))+Ride_Height)-(((((9+(5+G7))/2)+(30.5 + (N7-N8)*COS(RADIANS(20))))/2)+Ride_Height))))-RADIANS(Roll_Angle)))","v":51.138155724715453},null,"WY",{"$f":"N10","v":69.5}]
[null,null,null,null,null,"CF",{"$f":"VLOOKUP(G9,'Lookup Tables'!Rear_Hub,4,FALSE)","v":6},null,null,null,null,null,"UX",{"$f":"VLOOKUP(G9,'Lookup Tables'!Rear_Hub,4,FALSE)","v":6}]
[null,null,null,null,null,"DG",{"$f":"VLOOKUP(G10,'Lookup Tables'!Rear_Hub_Hole,2,FALSE)","v":4},null,null,null,null,null,"TW",{"$f":"VLOOKUP(G10,'Lookup Tables'!Rear_Hub_Hole,2,FALSE)","v":4}]
[null,null,null,null,null,"EF",{"$f":"VLOOKUP(G9,'Lookup Tables'!Rear_Hub,3,FALSE)-VLOOKUP(G11,'Lookup Tables'!Rear_Track,2,FALSE)","v":11.5},null,null,null,null,null,"UV",{"$f":"VLOOKUP(G9,'Lookup Tables'!Rear_Hub,3,FALSE)-VLOOKUP(G11,'Lookup Tables'!Rear_Track,2,FALSE)","v":11.5}]
[null,null,null,null,null,"FG",{"$f":"VLOOKUP(G9,'Lookup Tables'!Rear_Hub,2,FALSE)-VLOOKUP(G9,'Lookup Tables'!Rear_Hub,4,FALSE)","v":22},null,null,null,null,null,"TU",{"$f":"VLOOKUP(G9,'Lookup Tables'!Rear_Hub,2,FALSE)-VLOOKUP(G9,'Lookup Tables'!Rear_Hub,4,FALSE)","v":22}]
[]
[null,"Outputs"]
[null,"LH","X","Y",null,"Lengths",null,null,"RH","X","Y",null,"Lengths"]
[null,"A",-17,22,null,"AB",29.138155724715453,null,"Z",17,22,null,"YZ",29.138155724715453]
[null,"B",-17,51.138155724715453,null,"AC",74,null,"Y",17,51.138155724715453,null,"XZ",74]
[null,"C",-89.691114994190769,35.856471444828045,null,"AD",80.108489792091945,null,"X",89.691114994190769,35.856471444828045,null,"WZ",80.108489792091945]
[null,"D",-85.336225527670578,63.803473748015776,null,"BC",74.280065115270489,null,"W",85.336225527670578,63.803473748015776,null,"XY",74.280065115270489]
[null,"E",-101.11499827531719,42,null,"BD",69.5,null,"V",101.11499827531719,42,null,"WY",69.5]
[null,"F",-89.614998275317191,41.855988612493078,null,"CD",28.284271247461902,null,"U",89.614998275317191,41.855988612493078,null,"WX",28.284271247461902]
[null,"G",-89.335903639447423,63.854218227264873,null,"CE",12.971121771072847,null,"T",89.335903639447423,63.854218227264873,null,"VX",12.971121771072847]
[null,null,null,null,null,"CF",6,null,null,null,null,null,"UX",6]
[null,"IC",-5532.476882040869,1073.3671158671339,null,"DE",26.911893281595777,null,"IC",5532.476882040869,1073.3671158671339,null,"VW",26.911893281595777]
[null,"RC",0,-19.982743995404952,null,"DG",4,null,null,null,null,null,"TW",4]
[null,null,null,null,null,"EF",11.5,null,null,null,null,null,"UV",11.5]
[null,"LH - Tyre Camber",null,null,null,"FG",22,null,"RH - Tyre Camber",null,null,null,"TU",22]
[null,null,"Rad","Deg",null,null,null,null,null,"Rad","Deg"]
[null,"LH",-1.2686460115930347E-2,{"$f":"DEGREES(gCy)","v":-0.72688062160385791},null,null,null,null,"RH",-1.2686460115930347E-2,{"$f":"DEGREES(J37)","v":-0.72688062160385791}]
[]
[]
[]
[null,"Additional Graph Objects"]
[null,"LH - Tyre",null,null,null,"Gearbox",null,null,"RH - Tyre"]
[null,"W",{"$f":"39","v":39},"mm",null,"X","Y",null,"W",{"$f":"Wid_L","v":39},"mm"]
[null,"D",{"$f":"VLOOKUP('Cougar SV Rear Geometry'!N11,'Lookup Tables'!B41:D41,2)","v":84},"mm",null,{"$f":"(0-(SQRT((0-(MIN((-((VLOOKUP(G6,'Lookup Tables'!B17:D17,3)/2)+(VLOOKUP(G8,'Lookup Tables'!Rear_toe_block,2)/2))/2),(-N6/2))-4))^2+(((((9+(5+G7))/2)+(30.5 + (N7-N8)*COS(RADIANS(20))))/2)-(MAX((30.5 + (N7-N8)*COS(RADIANS(20))),(30.5 + (N7-N8)*COS(RADIANS(20))))+4))^2))*SIN((ATAN((0-(MIN((-((VLOOKUP(G6,'Lookup Tables'!B17:D17,3)/2)+(VLOOKUP(G8,'Lookup Tables'!Rear_toe_block,2)/2))/2),(-N6/2))-4))/(((MAX((30.5 + (N7-N8)*COS(RADIANS(20))),(30.5 + (N7-N8)*COS(RADIANS(20))))+4)+Ride_Height)-(((((9+(5+G7))/2)+(30.5 + (N7-N8)*COS(RADIANS(20))))/2)+Ride_Height))))+RADIANS(Roll_Angle)))","v":-21},{"$f":"((((((9+(5+G7))/2)+(30.5 + (N7-N8)*COS(RADIANS(20))))/2)+Ride_Height)+(SQRT((0-(MIN((-((VLOOKUP(G6,'Lookup Tables'!B17:D17,3)/2)+(VLOOKUP(G8,'Lookup Tables'!Rear_toe_block,2)/2))/2),(-N6/2))-4))^2+(((((9+(5+G7))/2)+(30.5 + (N7-N8)*COS(RADIANS(20))))/2)-(MAX((30.5 + (N7-N8)*COS(RADIANS(20))),(30.5 + (N7-N8)*COS(RADIANS(20))))+4))^2))*COS((ATAN((0-(MIN((-((VLOOKUP(G6,'Lookup Tables'!B17:D17,3)/2)+(VLOOKUP(G8,'Lookup Tables'!Rear_toe_block,2)/2))/2),(-N6/2))-4))/(((MAX((30.5 + (N7-N8)*COS(RADIANS(20))),(30.5 + (N7-N8)*COS(RADIANS(20))))+4)+Ride_Height)-(((((9+(5+G7))/2)+(30.5 + (N7-N8)*COS(RADIANS(20))))/2)+Ride_Height))))+RADIANS(Roll_Angle)))","v":55.138155724715453},null,"D",{"$f":"Dia_L","v":84},"mm"]
[null,null,null,null,null,{"$f":"(0+(SQRT((0-(MAX((-(-((VLOOKUP(G6,'Lookup Tables'!B17:D17,3)/2)+(VLOOKUP(G8,'Lookup Tables'!Rear_toe_block,2)/2))/2)),(-(-N6/2)))+4))^2+(((((9+(5+G7))/2)+(30.5 + (N7-N8)*COS(RADIANS(20))))/2)-(MAX((30.5 + (N7-N8)*COS(RADIANS(20))),(30.5 + (N7-N8)*COS(RADIANS(20))))+4))^2))*SIN((ATAN(((MAX((-(-((VLOOKUP(G6,'Lookup Tables'!B17:D17,3)/2)+(VLOOKUP(G8,'Lookup Tables'!Rear_toe_block,2)/2))/2)),(-(-N6/2)))+4)-0)/(((MAX((30.5 + (N7-N8)*COS(RADIANS(20))),(30.5 + (N7-N8)*COS(RADIANS(20))))+4)+Ride_Height)-(((((9+(5+G7))/2)+(30.5 + (N7-N8)*COS(RADIANS(20))))/2)+Ride_Height))))-RADIANS(Roll_Angle)))","v":21},{"$f":"((((((9+(5+G7))/2)+(30.5 + (N7-N8)*COS(RADIANS(20))))/2)+Ride_Height)+(SQRT((0-(MAX((-(-((VLOOKUP(G6,'Lookup Tables'!B17:D17,3)/2)+(VLOOKUP(G8,'Lookup Tables'!Rear_toe_block,2)/2))/2)),(-(-N6/2)))+4))^2+(((((9+(5+G7))/2)+(30.5 + (N7-N8)*COS(RADIANS(20))))/2)-(MAX((30.5 + (N7-N8)*COS(RADIANS(20))),(30.5 + (N7-N8)*COS(RADIANS(20))))+4))^2))*COS((ATAN(((MAX((-(-((VLOOKUP(G6,'Lookup Tables'!B17:D17,3)/2)+(VLOOKUP(G8,'Lookup Tables'!Rear_toe_block,2)/2))/2)),(-(-N6/2)))+4)-0)/(((MAX((30.5 + (N7-N8)*COS(RADIANS(20))),(30.5 + (N7-N8)*COS(RADIANS(20))))+4)+Ride_Height)-(((((9+(5+G7))/2)+(30.5 + (N7-N8)*COS(RADIANS(20))))/2)+Ride_Height))))-RADIANS(Roll_Angle)))","v":55.138155724715453}]
[null,null,"X","Y",null,{"$f":"(0-(SQRT((0-(MIN((-((VLOOKUP(G6,'Lookup Tables'!B17:D17,3)/2)+(VLOOKUP(G8,'Lookup Tables'!Rear_toe_block,2)/2))/2),(-N6/2))-4))^2+(((((9+(5+G7))/2)+(30.5 + (N7-N8)*COS(RADIANS(20))))/2)-(MIN(((9+(5+G7))/2),((9+(5+G7))/2))-4))^2))*SIN((ATAN(((MAX((-(-((VLOOKUP(G6,'Lookup Tables'!B17:D17,3)/2)+(VLOOKUP(G8,'Lookup Tables'!Rear_toe_block,2)/2))/2)),(-(-N6/2)))+4)-0)/(((MAX((30.5 + (N7-N8)*COS(RADIANS(20))),(30.5 + (N7-N8)*COS(RADIANS(20))))+4)+Ride_Height)-(((((9+(5+G7))/2)+(30.5 + (N7-N8)*COS(RADIANS(20))))/2)+Ride_Height))))-RADIANS(Roll_Angle)))","v":-21},{"$f":"((((((9+(5+G7))/2)+(30.5 + (N7-N8)*COS(RADIANS(20))))/2)+Ride_Height)-(SQRT((0-(MIN((-((VLOOKUP(G6,'Lookup Tables'!B17:D17,3)/2)+(VLOOKUP(G8,'Lookup Tables'!Rear_toe_block,2)/2))/2),(-N6/2))-4))^2+(((((9+(5+G7))/2)+(30.5 + (N7-N8)*COS(RADIANS(20))))/2)-(MIN(((9+(5+G7))/2),((9+(5+G7))/2))-4))^2))*COS((ATAN(((MAX((-(-((VLOOKUP(G6,'Lookup Tables'!B17:D17,3)/2)+(VLOOKUP(G8,'Lookup Tables'!Rear_toe_block,2)/2))/2)),(-(-N6/2)))+4)-0)/(((MAX((30.5 + (N7-N8)*COS(RADIANS(20))),(30.5 + (N7-N8)*COS(RADIANS(20))))+4)+Ride_Height)-(((((9+(5+G7))/2)+(30.5 + (N7-N8)*COS(RADIANS(20))))/2)+Ride_Height))))-RADIANS(Roll_Angle)))","v":18.000000000000007},null,null,"X","Y"]
[null,"LC",{"$f":"XE","v":-101.11499827531719},{"$f":"YE","v":42},null,{"$f":"(0+(SQRT((0-(MAX((-(-((VLOOKUP(G6,'Lookup Tables'!B17:D17,3)/2)+(VLOOKUP(G8,'Lookup Tables'!Rear_toe_block,2)/2))/2)),(-(-N6/2)))+4))^2+(((((9+(5+G7))/2)+(30.5 + (N7-N8)*COS(RADIANS(20))))/2)-(MIN(((9+(5+G7))/2),((9+(5+G7))/2))-4))^2))*SIN((ATAN((0-(MIN((-((VLOOKUP(G6,'Lookup Tables'!B17:D17,3)/2)+(VLOOKUP(G8,'Lookup Tables'!Rear_toe_block,2)/2))/2),(-N6/2))-4))/(((MAX((30.5 + (N7-N8)*COS(RADIANS(20))),(30.5 + (N7-N8)*COS(RADIANS(20))))+4)+Ride_Height)-(((((9+(5+G7))/2)+(30.5 + (N7-N8)*COS(RADIANS(20))))/2)+Ride_Height))))+RADIANS(Roll_Angle)))","v":21},{"$f":"((((((9+(5+G7))/2)+(30.5 + (N7-N8)*COS(RADIANS(20))))/2)+Ride_Height)-(SQRT((0-(MAX((-(-((VLOOKUP(G6,'Lookup Tables'!B17:D17,3)/2)+(VLOOKUP(G8,'Lookup Tables'!Rear_toe_block,2)/2))/2)),(-(-N6/2)))+4))^2+(((((9+(5+G7))/2)+(30.5 + (N7-N8)*COS(RADIANS(20))))/2)-(MIN(((9+(5+G7))/2),((9+(5+G7))/2))-4))^2))*COS((ATAN((0-(MIN((-((VLOOKUP(G6,'Lookup Tables'!B17:D17,3)/2)+(VLOOKUP(G8,'Lookup Tables'!Rear_toe_block,2)/2))/2),(-N6/2))-4))/(((MAX((30.5 + (N7-N8)*COS(RADIANS(20))),(30.5 + (N7-N8)*COS(RADIANS(20))))+4)+Ride_Height)-(((((9+(5+G7))/2)+(30.5 + (N7-N8)*COS(RADIANS(20))))/2)+Ride_Height))))+RADIANS(Roll_Angle)))","v":18.000000000000007},null,"RC",{"$f":"J28","v":101.11499827531719},{"$f":"K28","v":42}]
[null,"L1",-120.1415207595747,{"$f":"D$47+SQRT((Dia_L/2)^2-(C48-C$47)^2)","v":79.443176176121113},null,null,null,null,"R1",81.144659169751748,{"$f":"K$47+SQRT(42^2-(J48-J$47)^2)","v":78.948417503442869}]
[null,null,{"$f":"AVERAGE(C48,C50)","v":-115.26691306084683},81.543941481636693,null,null,null,null,null,{"$f":"AVERAGE(J48,J50)","v":86.019266868479619},{"$f":"K$47+SQRT(42^2-(J49-J$47)^2)","v":81.193352667163055}]
[null,null,{"$f":"AVERAGE(C48,C52)","v":-110.39230536211898},82.962563069431795,null,null,null,null,null,{"$f":"AVERAGE(J48,J52)","v":90.89387456720749},82.737312505165562]
[null,null,{"$f":"AVERAGE(C50,C52)","v":-105.5176976633911},83.768603497103584,null,null,null,null,null,{"$f":"AVERAGE(J50,J52)","v":95.768482265935361},83.658309694002511]
[null,null,{"$f":"AVERAGE(C48,C56)","v":-100.64308996466323},83.997348756157635,null,null,null,null,null,{"$f":"AVERAGE(J48,J56)","v":100.64308996466323},83.997348756157635]
[null,null,{"$f":"AVERAGE(C52,C54)","v":-95.768482265935361},83.658309694002511,null,null,null,null,null,{"$f":"AVERAGE(J52,J54)","v":105.5176976633911},83.768603497103584]
[null,null,{"$f":"AVERAGE(C52,C56)","v":-90.89387456720749},82.737312505165562,null,null,null,null,null,{"$f":"AVERAGE(J52,J56)","v":110.39230536211898},82.962563069431795]
[null,null,{"$f":"AVERAGE(C54,C56)","v":-86.019266868479619},81.193352667163055,null,null,null,null,null,{"$f":"AVERAGE(J54,J56)","v":115.26691306084683},81.543941481636693]
[null,"L2",-81.144659169751748,78.948417503442869,null,null,null,null,"R2",120.1415207595747,79.443176176121113]
[null,"L3",-121.08533738088263,{"$f":"D$47-SQRT((Dia_L/2)^2-(C57-C$47)^2)","v":5.0515824965571312},null,null,null,null,"R3",82.088475791059679,{"$f":"K$47-SQRT(42^2-(J57-J$47)^2)","v":4.5568238238788936}]
[null,null,{"$f":"AVERAGE(C57,C59)","v":-116.21072968215476},2.8066473328369383,null,null,null,null,null,{"$f":"AVERAGE(J57,J59)","v":86.96308348978755},{"$f":"K$47-SQRT(42^2-(J58-J$47)^2)","v":2.4560585183632995}]
[null,null,{"$f":"AVERAGE(C57,C61)","v":-111.33612198342689},1.2626874948344451,null,null,null,null,null,{"$f":"AVERAGE(J57,J61)","v":91.837691188515407},1.0374369305682052]
[null,null,{"$f":"AVERAGE(C59,C61)","v":-106.46151428469902},0.34169030599748851,null,null,null,null,null,{"$f":"AVERAGE(J59,J61)","v":96.712298887243279},0.23139650289641622]
[null,null,{"$f":"AVERAGE(C57,C65)","v":-101.58690658597115},2.651243842358042E-3,null,null,null,null,null,{"$f":"AVERAGE(J57,J65)","v":101.58690658597115},2.651243842358042E-3]
[null,null,{"$f":"AVERAGE(C61,C63)","v":-96.712298887243279},0.23139650289641622,null,null,null,null,null,{"$f":"AVERAGE(J61,J63)","v":106.46151428469902},0.34169030599748851]
[null,null,{"$f":"AVERAGE(C61,C65)","v":-91.837691188515407},1.0374369305682052,null,null,null,null,null,{"$f":"AVERAGE(J61,J65)","v":111.33612198342689},1.2626874948344451]
[null,null,{"$f":"AVERAGE(C63,C65)","v":-86.96308348978755},2.4560585183632995,null,null,null,null,null,{"$f":"AVERAGE(J63,J65)","v":116.21072968215476},2.8066473328369383]
[null,"L4",-82.088475791059679,4.5568238238788936,null,null,null,null,"R4",121.08533738088263,5.0515824965571312]

{"sheet":"Roll Centre Positions","index":2,"n_rows":99,"n_cols":16,"rows_kept":99,"cut":false,"hidden":true,"merged":[[30,1,50,1],[4,3,4,15],[4,1,5,2],[6,1,26,1],[28,1,29,2],[28,3,28,15],[78,1,98,1],[52,1,53,2],[52,3,52,15],[54,1,74,1],[76,1,77,2],[76,3,76,15]]}
[]
[]
[]
[]
[null,"Y Roll\nCentre",null,"Ride Height (mm)"]
[null,null,null,0,2,4,6,8,10,12,14,16,18,20,22,24]
[null,"Roll Angle (Deg)",0,41.55715611228743,38.045732168383736,34.703477896294658,31.509850327227646,28.448116152000647,25.504471091410647,22.668389228219432,19.930998303641456,17.285151495334617,14.725356560510583,12.247281739518399,9.847924958033369,7.5249197958742444]
[null,null,0.5,41.556138523396783,38.044289667271045,34.701790221571322,31.507960671261959,28.445966478709956,25.502244924422918,22.666048889634776,19.928389166421926,17.28231683563919,14.722345669418274,12.244003613237513,9.8443343095072517,7.5207705152952338]
[null,null,1,41.553138264291832,38.040283635505546,34.697031699131657,31.502391333373406,28.439768761985441,25.495583562160878,22.658695692835817,19.920498868371624,17.273959747796507,14.713314657232777,12.23425758694056,9.8334341558660014,7.5084088815616585]
[null,null,1.5,41.547928799009483,38.033486880690489,34.688925185161771,31.493219632092512,28.429479637108582,25.484259103623046,22.646478316613695,19.907410411899505,17.25992869438716,14.698160801159526,12.217873692554331,9.8153200029707826,7.4876804120181637]
[null,null,2,41.540721175480968,38.024082881222043,34.67762822252174,31.480151326391773,28.415024834901882,25.468465710014009,22.629485089882358,19.889239750463215,17.240289020764138,14.677068598083896,12.194892125375949,9.7899471997585579,7.4586870839518404]
[null,null,2.5,41.531519466374142,38.011949407897191,34.662995145871072,31.463502379219662,28.39644151908098,25.448296572310625,22.607556482046032,19.865580335424781,17.215051927320459,14.649907588980096,12.165497475645589,9.7574298105381168,7.421440944984707]
[null,null,3,41.520202527040318,37.997100458593891,34.645232883514545,31.443125299474012,28.373740538190624,25.423443929085092,22.580797524077436,19.836896254073267,17.184194355626296,14.616818524731213,12.12953251820165,9.7176961573262588,7.3760606550569863]
[null,null,3.5,41.506870656585193,37.979738367078845,34.624153518478543,31.419058880602485,28.346923078476685,25.394179886933088,22.549092238927038,19.802908122528287,17.147818890097572,14.577737423582443,12.087104360853921,9.6709141194583026,7.3224943403948322]
[null,null,4,41.491740265655352,37.959514345338249,34.599976136255229,31.391223604109207,28.316056340630041,25.360348751218901,22.512651934928005,19.763797458180335,17.105890508626931,14.532614576855144,12.038239282068309,9.6168645719228998,7.2607710982647387]
[null,null,4.5,41.474538819384186,37.936823807683915,34.572552014128995,31.359844905522191,28.281043166840551,25.322116043168048,22.471419671403481,19.719466602172385,17.05843057862656,14.481589775964263,11.982882488613999,9.555794075327869,7.1911220564110243]
[null,null,5,41.45525472815671,37.911446639499935,34.541979004470456,31.324706007626023,28.241986537525904,25.27937423145455,22.425280733592448,19.669913477716278,17.005352703544087,14.424610982729734,11.92110476726522,9.4877150945708078,7.1134536703217508]
[null,null,5.5,41.434190793898544,37.883462722105001,34.508225378188193,31.285709878908985,28.198596013354461,25.231974539805847,22.374048295849679,19.615030889629818,16.946596602965538,14.36155383617794,11.852844516314379,9.4124345062227732,7.0276943015397704]
[null,null,6,41.410803420798942,37.852593671365113,34.470966777514306,31.243365865878019,28.151340411520184,25.180395244957765,22.318381727242151,19.555242926572621,16.882579377871973,14.292788357252595,11.778397705832621,9.3303778277145639,6.9342820768262374]
[null,null,6.5,41.385859317314576,37.819474685322476,34.43093976401854,31.197262027405117,28.100149100583231,25.124410942420496,22.257848140532086,19.490339831037151,16.813162170500934,14.218333280007347,11.697704460951101,9.2414899455869346,6.83316522619144]
[null,null,7,41.359152758055053,37.783845883554008,34.387838794955648,31.147672026929527,28.044796371371554,25.063846319972988,22.192597613511801,19.420386258953645,16.738136949602271,14.137882157126663,11.610718541484111,9.1458107805443731,6.7244556024041708]
[null,null,7.5,41.330780194725406,37.745692497494538,34.34160108152988,31.094550264569556,27.985474058681746,24.999162483436386,22.122554250736677,19.345271648424411,16.65783701435387,14.051688526880843,11.517579035386637,9.0434181742673836,6.6081560946915276]
[null,null,8,41.300391101537926,37.705070474843879,34.29217953831084,31.037707658297354,27.922158375646355,24.929879800911912,22.047890006752226,19.265175091509722,16.572059530984554,13.959760162580476,11.418333035504082,8.9343179141773756,6.4845174103206125]
[null,null,8.5,41.268403532597652,37.662010869018772,34.239807442409713,30.977307011843301,27.854865224742028,24.85628002174974,21.968334904149412,19.179947733966824,16.481049956023352,13.862213391689556,11.312874341556048,8.818663513835288,6.3535633366768884]
[null,null,9,41.234747713496319,37.616466502062451,34.184454050383849,30.913506278641435,27.783534701690556,24.77827237191611,21.884295590808982,19.089765388277311,16.38465822554155,13.758985485377947,11.201480514234493,8.6964790254416968,6.2154064776517961]
[null,null,9.5,41.199573607119511,37.568765700345104,34.12590429112057,30.846013514327073,27.708295039244312,24.696015715247462,21.795353560964298,18.994547867362321,16.282974737570211,13.650126008018688,11.084174253661288,8.5679539826396347,6.070322541606834]
[null,null,10,41.162807199093145,37.518406302791533,34.064604976164077,30.775100983577737,27.629073905307944,24.609439915624755,21.70183872967629,18.894456180581479,16.17604486386514,13.535729388277122,10.960899824236487,8.4329973958778748,5.9181948169301188]
[]
[null,"X Roll Centre",null,"Ride Height (mm)"]
[null,null,null,{"$f":"D6","v":0},{"$f":"E6","v":2},4,6,8,10,12,14,16,18,20,22,24]
[null,"Roll Angle (Deg)",{"$f":"C7","v":0},-8.2497633235996681E-15,1.8171492330945675E-13,-3.2114380982410966E-13,5.619730203131987E-13,-3.3421708775914944E-12,-5.0070207097108896E-13,-3.931051995619882E-14,5.3878166162073318E-14,1.0391797887320749E-14,-4.2824010823819906E-14,0,9.1878661882691912E-14,-3.600129114638025E-12]
[null,null,0.5,1.2458426312833615,1.2453785791474568,1.2540734050701867,1.2721244076605118,1.3008587176917106,1.3416846348908931,1.396678126991163,1.4702753465588791,1.5691257537262586,1.7013484250302569,1.8864228753043368,2.1559803358713938,2.5795170726101246]
[null,null,1,2.4911416593416926,2.4910447275510701,2.5081111700587484,2.5446150707981765,2.601694359029378,2.6830602237432624,2.793587835838657,2.9412091164514855,3.1374351762195207,3.4029846041635499,3.7720812498804257,4.3098722081470529,5.1575365146221124]
[null,null,1.5,3.7378143006661406,3.7367136974884838,3.7627303233502727,3.8168622323898469,3.9023400098045964,4.0242201706038152,4.1899042186188122,4.4109511955065006,4.7060242384622972,5.1037122945461997,5.6570024471620481,6.4633257296494895,7.733778004644984]
[null,null,2,4.984439925565832,4.9828450003709035,5.0168856220949687,5.0890200154122995,5.2033653506853614,5.3653291612776579,5.5862942885488893,5.8803496007707317,6.2729188680206667,6.803481781987478,7.5404234741070484,8.6149217689421569,10.307552402727485]
[null,null,2.5,6.2323003887903052,6.2296807004868073,6.2722497631692837,6.3614091593026671,6.503705936945356,6.7063173291191216,6.9818112270197918,7.3492210575315902,7.8391578122090841,8.5013782175350681,9.4217515510655403,10.763016512716844,12.874896966347064]
[null,null,3,7.4811818217446548,7.4773489365114445,7.5272224540392889,7.6348140272136709,7.8044906291445999,8.0465229455969247,8.3765163883051024,8.8165305831116783,9.4041989524725338,10.197594119456776,11.301041977989504,12.907808963198262,15.438617947021672]
[null,null,3.5,8.7311230682646972,8.7256756987563708,8.7834827293205038,8.9072561553321119,9.1048544743119777,9.3870308496324562,9.7705548733062138,10.283397188031664,10.967258020697344,11.892039188569829,13.176532566892186,15.04875176923208,17.994160279645833]
[null,null,4,9.9830021977957202,9.9753620329857196,10.039997316468749,10.180496164189043,10.405080832529842,10.725891586711535,11.163669415298548,11.74845332627604,12.528874033698646,13.583343849681031,15.048624710921882,17.18373963225266,20.543292183697545]
[null,null,4.5,11.236288866773185,11.226144717172474,11.297272540258907,11.453914295596858,11.705181334020144,12.064891357914313,12.556260828713748,13.21258783289062,14.088448355156318,15.271590734992602,16.916805235061219,19.313717871850304,23.083541905614641]
[null,null,5,12.491411368021572,12.478277253278087,12.555241803638348,12.727847016423485,13.005011247849156,13.403340152205917,13.94723407157333,14.674236978865746,15.644973351477711,16.956851639382421,18.78083945008261,21.437603627894113,25.614270135130113]
[null,null,5.5,13.748909660247767,13.731935940383094,13.81437076663418,14.000756894768992,14.303811292812412,14.739433822074028,15.335333686103114,16.132493566747137,17.197566892940049,18.636910415999683,20.636705620196881,23.551432322414513,28.130539136802625]
[null,null,6,15.008123562840122,14.986028871817391,15.073196156790123,15.275191065951821,15.603549421582434,16.07634783972329,16.723716386288853,17.590776708914053,18.748470668524885,20.314321251645776,22.491137048162319,25.659406359298718,30.637773862595061]
[null,null,6.5,16.270743830489831,16.243316665813218,16.334553520043443,16.550208654699002,16.902774000986685,17.41217721027602,18.110667258752859,19.046131494331917,20.296541125259772,21.987283499778904,24.337520493412054,27.759347302249218,33.132390999450109]
[null,null,7,17.536582321565511,17.502770605685413,17.597065383686989,17.825621838674426,18.202157049994387,18.746979658299356,19.495683301355839,20.499235693009656,21.840840765522874,23.65609559005939,26.178694237988591,29.850234931577823,35.612541313967903]
[null,null,7.5,18.805532949812402,18.764434234459237,18.860729714365991,19.10179269690564,19.501240833683035,20.081125587208415,20.878928117799298,21.949555895374978,23.381514795734589,25.319705301923111,28.012000057999398,31.93074740843289,38.078507808791336]
[null,null,8,20.078097765488355,20.028604622349661,20.126240333045359,20.378787525619234,20.799913250602938,21.414393309113972,22.260123887238368,23.396985787025965,24.918298428401332,26.977277423253479,29.838006168378882,34.00074307540325,40.527753902804456]
[null,null,8.5,21.354735336697022,21.295278145204595,21.393417066767572,21.656070021209469,22.098367887717497,22.745967787533118,23.639505058905872,24.841249413085229,26.450968184856396,28.629289983301476,31.656152722562798,36.058834120637691,42.960497086795662]
[null,null,9,22.635095503537741,22.564810586025335,22.662262391780786,22.934411641890101,23.397062125235834,24.076512581037367,25.016503607257558,26.282632886211847,27.979006608591583,30.275271285542306,33.466040630529449,38.106423262857604,45.374297087375865]
[null,null,9.5,23.920462188109337,23.837630980059394,23.932850319597048,24.213467202290161,24.695417897995668,25.406657042947245,26.391842516284299,27.720202462919652,29.50172005100729,31.913862611417599,35.266915240966071,40.139240284628038,47.768368914438753]
[null,null,10,25.210279950890246,25.113702618317859,25.206148172712719,25.493184182206271,25.993367101312234,26.734819255785734,27.764231005763026,29.154734382730528,31.019919692200386,33.54684893012957,37.05817422980639,42.161243292991848,50.144071788494692]
[]
[null,"LH Camber",null,"Ride Height (mm)"]
[null,null,null,{"$f":"D30","v":0},2,4,6,8,10,12,14,16,18,20,22,24]
[null,"Roll Angle (Deg)",{"$f":"C31","v":0},-3.1786528528892712,-3.1445617394022087,-3.1217518120746903,-3.1096898680896659,-3.1079486311805282,-3.1161997315472516,-3.1342022989471365,-3.1617977357167719,-3.1989068066417392,-3.2455236730631976,-3.3017182960259381,-3.3676302348002891,-3.4434854118797489]
[null,null,0.5,-2.893448299326256,-2.8555884206851334,-2.8291408111646503,-2.8135445966749484,-2.808349736004502,-2.8132058766465193,-2.8278530468623488,-2.8521147190751579,-2.8858900368286955,-2.9291581078868489,-2.9819664365868661,-3.0444365607821582,-3.1167789623363444]
[null,null,1,-2.6100974253991001,-2.5683787001254816,-2.5382054493425419,-2.5189940609171129,-2.5102706724666115,-2.5116633414846117,-2.5228921799575463,-2.5437601778772008,-2.5741498103345477,-2.6140187333214642,-2.6633982862527383,-2.7223948613735667,-2.7911843216154097]
[null,null,1.5,-2.3286510119247121,-2.2829723227402883,-2.2489867792487144,-2.2260778446908276,-2.2137495828535751,-2.2116088908287224,-2.2193545219780377,-2.2367701316665323,-2.26371753281237,-2.3001406929139363,-2.3460462068228405,-2.4015250126624621,-2.4667323498062506]
[null,null,2,-2.0491499066697347,-1.9994165105406723,-1.9615249817057208,-1.9348345029582268,-1.9188253414590155,-1.9130789396606334,-1.9172744538321,-1.9311760064254722,-1.9546287407058744,-1.9875516287135973,-2.0299402165241203,-2.0818594488579771,-2.1434471730159506]
[null,null,2.5,-1.7716471814004495,-1.7177550929061793,-1.6758662108149782,-1.6453072460355849,-1.6255361344539319,-1.6161114083395185,-1.6166893684755734,-1.6270153818888935,-1.6469137592536451,-1.6762868638937032,-1.7151077227197882,-1.7634275026565482,-1.8213642848777651]
[null,null,3,-1.4961859709883125,-1.4380335699119757,-1.3920501425902585,-1.3575388571869051,-1.3339229720001797,-1.320743648275613,-1.3176350204556722,-1.3243210937581591,-1.3406070696460577,-1.3663755087800142,-1.4015817676279134,-1.4462588491209019,-1.5005003348539103]
[null,null,3.5,-1.2228147443082773,-1.1602993845006737,-1.1101246815018748,-1.0715660175613217,-1.0440248604945122,-1.0270153894612528,-1.0201482494917253,-1.0231288987077924,-1.0357426437527815,-1.0578509660751574,-1.0893949133670731,-1.1303801858872877,-1.1808951076138496]
[null,null,4,-0.9515918942245144,-0.88459672078528107,-0.83013261683983497,-0.78743534226938905,-0.7558835261900233,-0.73496316264686101,-0.72426655307435039,-0.72347500659710207,-0.73235433603768429,-0.75074876108566324,-0.77857683180652459,-0.81583046438603579,-0.86257148600175138]
[null,null,4.5,-0.68255577135499546,-0.61097723779937763,-0.55211885747816902,-0.50519067117353611,-0.46953956559623289,-0.44462949501805438,-0.4300285426527925,-0.42539569850137166,-0.4304776563823155,-0.44510012030592466,-0.46916089584600462,-0.50263237688521367,-0.54555783888927523]
[null,null,5,-0.41575714941279396,-0.3394855044800682,-0.27612976575732046,-0.22487435431032404,-0.18503543413248549,-0.15605333023219353,-0.1374716282419769,-0.12892786560516714,-0.13014877523110635,-0.14093911546154592,-0.16117858244106623,-0.19081888839922864,-0.22988723332784083]
[null,null,5.5,-0.15125665837142352,-7.0171657403158894E-2,-2.2135732746170486E-3,5.3479521218121259E-2,9.7593311645548145E-2,0.13073107140320109,0.15336926462029046,0.16589294397796439,0.16859723498146353,0.16169740185510426,0.14533112242008325,0.11956865240186672,8.4399190490034207E-2]
[null,null,6,0.11091752507749363,0.19693340919749883,0.26960099781888447,0.32980505033593072,0.37829011655682054,0.41566962764352172,0.44244576297968097,0.45902566692679664,0.46572539033348354,0.46277959262959417,0.45034799552492394,0.42851357796256662,0.39729230460701492]
[null,null,6.5,0.37067871749140285,0.46174219408914335,0.53923146918767539,0.60406801380876507,0.65701718250797669,0.69872691049718116,0.72972223422033122,0.75043364863742279,0.76119728250457952,0.76226969231946629,0.75382825764171024,0.73597821329144608,0.70875220016656637]
[null,null,7,0.62798298555732202,0.72421996938231148,0.80664577029812468,0.87621851137881368,0.93373050684877767,0.97986292167833211,1.015157759793158,1.0400765833788004,1.0549763038446605,1.0601310839843308,1.0557406199117165,1.0419284631277981,1.0187459922318383]
[null,null,7.5,0.88277824989463705,0.98431740445010274,1.0717977658773963,1.1462079431478922,1.2083842514359415,1.2590258841128739,1.2987113704803379,1.3279163618062524,1.3470233096466038,1.3563275965616945,1.3560487872501643,1.3463301050920209,1.3272421486318859]
[null,null,8,1.1350185038691496,1.241980109422419,1.334633970607259,1.4139927370227923,1.4809341483019407,1.536180042261629,1.5803395858243368,1.6139112644963038,1.63730069663017,1.6508226457850252,1.6547179227280977,1.64914937369867,1.6342078623151435]
[null,null,8.5,1.3846337565952771,1.4971573834076857,1.5951006742971352,1.6795264313593641,1.7513326183401936,1.8112809349927641,1.8600027909321379,1.8980227452181033,1.925767445285288,1.9435779425029651,1.9517119415750088,1.9503519519974848,1.9396103715725441]
[null,null,9,1.6315807714742439,1.7497962946645138,1.8531490609814893,1.9427496408272513,2.019530665628849,2.084281876969174,2.1376533335474304,2.1802059030168843,2.2123857218264251,2.2345556277284144,2.2469940931063705,2.2499034183485902,2.243414567240908]
[null,null,9.5,1.8757833725389086,1.999829384684698,2.1087356340246464,2.203624919719009,2.2854822260607115,2.3551286722122935,2.4132509704834861,2.4604229578077912,2.4971162131593432,2.5237189523645198,2.540526900223484,2.5477675328683036,2.5455880760508833]
[null,null,10,2.1172022484874335,2.2472235490723085,2.3617833792316771,2.4620964487421961,2.5491423378924525,2.6237874824066285,2.6867518879993986,2.7386246623157415,2.7799146600904878,2.8110240000445437,2.8322735426099741,2.8439079489604522,2.8460959105290593]
[]
[null,"RH Camber",null,"Ride Height (mm)"]
[null,null,null,{"$f":"D54","v":0},{"$f":"E54","v":2},4,6,8,10,12,14,16,18,20,22,24]
[null,"Roll Angle (Deg)",{"$f":"C55","v":0},-3.1786528528892712,-3.1445617394022087,-3.1217518120746903,-3.1096898680896659,-3.1079486311805282,-3.1161997315472516,-3.1342022989471365,-3.1617977357167719,-3.1989068066417392,-3.2455236730631976,-3.3017182960259381,-3.3676302348002891,-3.4434854118804483]
[null,null,0.5,-3.4656689739954314,-3.4352524237857773,-3.4159958930149825,-3.4073900307770035,-3.409030090553109,-3.4206085854601316,-3.4419032171279951,-3.4727769021387349,-3.5131690585937347,-3.5630863323780559,-3.6226255182459965,-3.691940166115093,-3.7712781005029385]
[null,null,1,-3.7544550678805781,-3.7276204869822087,-3.7118341705880491,-3.7066066458812768,-3.7115567913444747,-3.7263962105220485,-3.7509251889323934,-3.7850223818390942,-3.8286412269557002,-3.8818175902807224,-3.9446558469962332,-4.017338236191426,-4.1001262259170597]
[null,null,1.5,-4.0449596338956706,-4.0216234766418006,-4.009225207761407,-4.0073015079563765,-4.0154919402506408,-4.0335291747815338,-4.0612318697458916,-4.098496591201239,-4.1452985251838355,-4.2016873969079436,-4.2677864017839449,-4.3438006158109417,-4.4300108904583615]
[null,null,2,-4.3371465918040766,-4.3172206326323685,-4.3081309955434888,-4.3094370754469873,-4.3208004065572521,-4.3419720307609104,-4.3727906166941173,-4.4131681349915972,-4.4631041226542081,-4.5226629721695044,-4.5919871675032056,-4.671299619801033,-4.7609038004428532]
[null,null,2.5,-4.6309703658873254,-4.6143707160286169,-4.6085119083020896,-4.6129759437089879,-4.6274451729572634,-4.6516896525424265,-4.6855684657093164,-4.7290119495905216,-4.7820312065363009,-4.8447163289052879,-4.917224703411164,-4.9998022554473893,-5.0927724286672582]
[null,null,3,-4.9263894675517648,-4.9130340676590158,-4.9103302363403927,-4.9178825741570416,-4.9353926242262114,-4.9626499044769021,-4.9995319880357236,-5.0459867477039158,-5.102049438676703,-5.1678168752981541,-5.2434774712135637,-5.3292870932031731,-5.4255970308120363]
[null,null,3.5,-5.2233635243293373,-5.2131719182852843,-5.2135484296242023,-5.2241187835920355,-5.2446067449811906,-5.2748194199982059,-5.3146514618818284,-5.364070281803281,-5.423125201013816,-5.4919385115140136,-5.5707111817612036,-5.6597230313020006,-5.7593471210935618]
[null,null,4,-5.5218516858973343,-5.5147445708081619,-5.5181287890026303,-5.5316511192380213,-5.5550531240636616,-5.5881623754548224,-5.6308916749149462,-5.6832250807636884,-5.7452324127894689,-5.8170511205772195,-5.8989008473592612,-5.9910881864899244,-6.0940047322993935]
[null,null,4.5,-5.8218136603905632,-5.817714361889502,-5.8240349797864681,-5.8404423615378027,-5.8666987926650682,-5.9026488109064887,-5.9482235594495503,-6.0034262186653766,-6.0683404253916349,-6.1431245358322766,-6.2280215727546917,-6.3233536338253549,-6.4295344246540784]
[null,null,5,-6.1232097919722372,-6.1220433074262557,-6.1312303670111694,-6.1504595199792931,-6.1795090272651114,-6.2182463540761042,-6.2666150479373108,-6.3246393919498178,-6.3924200546393788,-6.4701340801158826,-6.5580457960873995,-6.6564930682510619,-6.7659181525264156]
[null,null,5.5,-6.4260015815450258,-6.4276941758093873,-6.4396797330283038,-6.4616662219721972,-6.4934520672745322,-6.5349202945981943,-6.586035207588985,-6.6468348379240974,-6.7174423580708398,-6.7980499436875403,-6.8889385493473467,-6.9904803486600677,-7.1031283138473125]
[null,null,6,-6.7301503870577015,-6.7346300285511296,-6.7493474889559772,-6.7740292075919939,-6.8084950889342508,-6.8526416402532879,-6.9064523918706131,-6.9699865632751479,-7.0433773121295893,-7.1268443231411265,-7.2206873343079447,-7.3252894840564284,-7.4411398612786392]
[null,null,6.5,-7.0356186713953415,-7.0428148792392955,-7.0601987335736114,-7.0875165821330945,-7.1246026180064161,-7.1713769365663245,-7.2278392538886251,-7.2940604001788971,-7.3701973216717409,-7.4564847195460313,-7.5532492671235731,-7.6608946196717911,-7.7799278632075994]
[null,null,7,-7.3423690230992555,-7.3522127658845298,-7.3721984547043915,-7.4020921235782513,-7.4417474811923165,-7.4910986513409847,-7.5501617744042129,-7.6190291394570107,-7.6978780787697882,-7.7869564722187326,-7.8866115099164658,-7.9972700230227414,-8.1194651432635929]
[null,null,7.5,-7.650364278160672,-7.6627883060276236,-7.6853128461967479,-7.7177241158949013,-7.7598942997039346,-7.8117697814040614,-7.8733929740909625,-7.9448657652431427,-8.0263845109533367,-8.1182232334421531,-8.2207376005776247,-8.3343880371021513,-8.4597339982779829]
[null,null,8,-7.9595689670291332,-7.9745065518442217,-7.9995100457635155,-8.0343824474606933,-8.0790116855118672,-8.1333679780313659,-8.1974993556054727,-8.2715379511641967,-8.3556952177397363,-8.4502571606867445,-8.5556046715378766,-8.6722273504951684,-8.8007007171030462]
[null,null,8.5,-8.269946701661155,-8.2873326156519127,-8.3147543939420547,-8.3520317350453475,-8.3990689923127899,-8.4558556380725687,-8.5224592151952479,-8.5990211988649481,-8.6857763025382013,-8.7830316070163956,-8.8911922753228776,-9.0107577193271293,-9.1423472025429593]
[null,null,9,-8.5814616823286958,-8.6012330953219678,-8.6310129654402576,-8.6706401864852918,-8.7200380785624247,-8.7792072992247885,-8.8482329941741309,-8.9272850259329175,-9.0166045626654707,-9.1165227910317874,-9.2274664370842476,-9.3499615649469554,-9.4846467166854307]
[null,null,{"$f":"C74","v":9.5},-8.8940795225242759,-8.9161725593190511,-8.9482554224836282,-8.9901791137743228,-9.0418846267474482,-9.1033929434244705,-9.1748051041588585,-9.2563012071798134,-9.3481492433795736,-9.450700374637476,-9.5644016103504423,-9.6898001506319904,-9.8275687808391687]
[null,null,10,-9.2077651244313437,-9.2321211684974642,-9.2664472298984784,-9.3106134624803421,-9.3645794728912275,-9.4283791595521151,-9.5021351070195443,-9.5860416682016094,-9.6803866523636337,-9.785543453922994,-9.9019761027173558,-10.030267572046803,-10.171104539290075]

{"sheet":"Roll Centre Comparisons","index":3,"n_rows":100,"n_cols":70,"rows_kept":100,"cut":false,"hidden":false,"merged":[[15,8,15,12],[9,1,9,5],[9,8,9,12],[10,1,10,5],[10,8,10,12],[18,1,18,5],[18,8,18,12],[12,1,12,13],[13,1,13,5],[13,8,13,12],[14,1,14,5],[14,8,14,12],[16,1,16,5],[16,8,16,12],[17,1,17,5],[17,8,17,12],[76,15,77,16],[76,17,76,29],[76,31,77,32],[76,33,76,45],[4,33,4,45],[6,31,26,31],[28,31,29,32],[28,33,28,45],[52,15,53,16],[52,17,52,29],[30,31,50,31],[4,15,5,16],[4,17,4,29],[6,15,26,15],[28,15,29,16],[28,17,28,29],[30,15,50,15],[4,31,5,32],[20,1,21,5],[20,6,21,6],[20,8,21,12],[78,15,98,15],[78,31,98,31],[54,15,74,15],[52,31,53,32],[53,1,54,5],[53,6,54,6],[25,8,25,9],[25,10,25,12],[26,8,26,9],[26,10,26,12],[27,8,27,9],[27,10,27,12],[22,8,22,9],[22,10,22,12],[23,8,23,9],[23,10,23,12],[24,8,24,9],[24,10,24,12],[26,3,26,5],[25,3,25,5],[24,3,24,5],[22,3,22,5],[26,6,27,6],[22,1,22,2],[23,1,23,2],[24,6,25,6],[22,6,23,6],[24,1,24,2],[25,1,25,2],[26,1,26,2],[55,1,55,2],[55,3,55,5],[56,1,56,2],[56,3,56,5],[57,1,57,2],[57,3,57,5],[27,1,27,2],[27,3,27,5],[23,3,23,5],[62,1,63,5],[62,6,63,6],[64,6,65,6],[58,1,58,2],[58,3,58,5],[59,1,59,2],[59,3,59,5],[60,1,60,2],[60,3,60,5],[67,1,67,2],[67,3,67,5],[68,1,68,2],[68,3,68,5],[69,1,69,2],[69,3,69,5],[66,6,67,6],[68,6,69,6],[64,1,64,2],[64,3,64,5],[65,1,65,2],[65,3,65,5],[66,1,66,2],[66,3,66,5],[67,8,67,9],[67,10,67,12],[68,8,68,9],[68,10,68,12],[69,8,69,9],[69,10,69,12],[66,13,67,13],[68,13,69,13],[64,8,64,9],[64,10,64,12],[65,8,65,9],[65,10,65,12],[66,8,66,9],[66,10,66,12],[64,13,65,13],[62,8,63,12],[62,13,63,13],[22,13,23,13],[24,13,25,13],[26,13,27,13],[55,13,56,13],[57,13,58,13],[59,13,60,13],[58,8,58,9],[58,10,58,12],[59,8,59,9],[59,10,59,12],[60,8,60,9],[60,10,60,12],[55,8,55,9],[55,10,55,12],[56,8,56,9],[56,10,56,12],[57,8,57,9],[57,10,57,12],[27,69,27,77],[1,1,1,3],[2,1,2,3],[27,47,27,54],[27,55,27,61],[27,63,27,68],[55,6,56,6],[57,6,58,6],[59,6,60,6],[20,13,21,13],[53,8,54,12],[53,13,54,13],[52,33,52,45],[54,31,74,31],[4,1,4,13],[5,1,5,5],[5,8,5,12],[6,1,6,5],[6,8,6,12],[7,1,7,5],[7,8,7,12],[8,1,8,5],[8,8,8,12],[15,1,15,5]]}
[" "]
[null,"Camber target",null,null,-1]
[null,"Ride height",null,null,15]
[]
[null,"Specification 1",null,null,null,null,null,null,null,null,null,null,null,null,null,"Y Roll Centre",null,"Ride Height (mm)",null,null,null,null,null,null,null,null,null,null,null,null,null,"Y Roll\nCentre",null,"Ride Height (mm)"]
[null,{"$f":"'Lookup Tables'!B3","v":"Lower Gearbox Housings"},null,null,null,null,"Std",null,{"$f":"'Lookup Tables'!B9","v":"Upper Link"},null,null,null,null,34,null,null,null,0,2,4,6,8,10,12,14,16,18,20,22,24,null,null,null,{"$f":"R6","v":0},{"$f":"S6","v":2},{"$f":"T6","v":4},{"$f":"U6","v":6},8,10,12,14,16,18,20,22,{"$f":"AD6","v":24}]
[null,{"$f":"'Lookup Tables'!B4","v":"Antisquat Spacers"},null,null,null,null,0,null,{"$f":"'Lookup Tables'!B10","v":"Upper Link Spacers"},null,null,null,null,6,null,"Roll Angle (Deg)",0,-39.517312810411298,-36.883921827068015,-34.260775666622621,-31.647049505754282,-29.041873082149429,-26.444946753484341,-23.855030115754762,-21.272070102195066,-18.695146368424293,-16.123764503535917,-13.557391186725972,-10.995375304058006,-8.4375668058346776,{"$f":"HLOOKUP($BR$28,R6:AD27,2)","v":-26.444946753484341},"Roll Angle (Deg)",{"$f":"Q7","v":0},-36.995188076029962,-34.613829159883032,-32.22539042074056,-29.831266273535267,-27.432748155586651,-25.030657562316105,-22.625988155011513,-20.219097819285775,-17.810827906587512,-15.4019146379059,-12.992552009851162,-10.583238876582286,-8.1747826822480256,{"$f":"HLOOKUP($BR$28,AH6:AT27,2)","v":-25.030657562316105}]
[null,{"$f":"'Lookup Tables'!B5","v":"Rear Toe Block"},null,null,null,null,3,null,{"$f":"'Lookup Tables'!B11","v":"Upper Ball Stud Spacers"},null,null,null,null,0,null,null,0.5,-39.132863193743596,-36.486721230236633,-33.852196187777025,-31.227950477674259,-28.61401052718584,-26.008850943053027,-23.411766044999975,-20.822720365646003,-18.240340246623042,-15.664437200406011,-13.094682144719435,-10.530054846774046,-7.9710680290080624,{"$f":"HLOOKUP($BR$28,R6:AD27,3)","v":-26.008850943053027},null,{"$f":"Q8","v":0.5},-36.821375760294032,-34.414751651058566,-32.003888456286035,-29.589712306408206,-27.173398053154788,-24.755485238034797,-22.336423457629426,-19.917313020887853,-17.49855205165111,-15.080407482305088,-12.66355481934224,-10.248561066215551,-7.8362337103949544,{"$f":"HLOOKUP($BR$28,AH6:AT27,3)","v":-24.755485238034797}]
[null,{"$f":"'Lookup Tables'!B6","v":"Rear Hubs"},null,null,null,null,"Std",null,{"$f":"'Lookup Tables'!B12","v":"Lower Wishbones"},null,null,null,null,"Std",null,null,1,-38.748675864096732,-36.090364450956265,-33.444825071385431,-30.811278004584846,-28.188765878265972,-25.576157026886854,-22.972988974391882,-20.378398215953496,-17.791796635687646,-15.212714281619075,-12.641002101008068,-10.076141295210499,-7.5195769963545649,{"$f":"HLOOKUP($BR$28,R6:AD27,4)","v":-25.576157026886854},null,{"$f":"Q9","v":1},-36.643218147720113,-34.21248349908754,-31.779565166176525,-29.34619572121483,-26.912905254203991,-24.479702351365582,-22.047709219538206,-19.617038148802564,-17.18839969076436,-14.762517345997457,-12.339569494493974,-9.9202077695142332,-7.5061055510005534,{"$f":"HLOOKUP($BR$28,AH6:AT27,4)","v":-24.479702351365582}]
[null,{"$f":"'Lookup Tables'!B7","v":"Rear Hub Hole Pos."},null,null,null,null,"Centre",null,{"$f":"'Lookup Tables'!B13","v":"Upper Wishbones"},null,null,null,null,69.5,null,null,1.5,-38.364430963199489,-35.694606971804426,-33.038841991852976,-30.396293484161614,-27.766030006425208,-25.146818312815068,-22.538132127653718,-19.939038167886334,-17.349352555209975,-14.768290585814649,-12.196112033621564,-9.6334615568633382,-7.0825462812107816,{"$f":"HLOOKUP($BR$28,R6:AD27,5)","v":-25.146818312815068},null,1.5,-36.461537998733405,-34.006863778225679,-31.553264777283285,-29.101133440329161,-26.651152498280396,-24.203773728694372,-21.759243215367945,-19.318095675399977,-16.880755083018723,-14.447607656336746,-12.01978976156847,-9.5980355232853345,-7.1841346165244753,{"$f":"HLOOKUP($BR$28,AH6:AT27,5)","v":-24.203773728694372}]
[null,{"$f":"'Lookup Tables'!B8","v":"Rear Track"},null,null,null,null,"Wide",null,{"$f":"'Lookup Tables'!B14","v":"Tyres"},null,null,null,null,"Minispike",null,null,2,-37.980538543032814,-35.299661646568886,-32.634347745585714,-29.983667984592739,-27.346265001105767,-24.721266722634194,-22.107774563492558,-19.504989709656865,-16.912912839833979,-14.331229426140633,-11.760424110418629,-9.2019400182567406,-6.6600961637109481,{"$f":"HLOOKUP($BR$28,R6:AD27,6)","v":-24.721266722634194},null,2,-36.275826446625409,-33.798347187948067,-31.324615913953163,-28.854717722689838,-26.3890389254605,-23.927946381681043,-21.471724197736631,-19.02085750850831,-16.575384865209461,-14.136379568417029,-11.704731446284587,-9.2819857021299743,-6.8709532224340935,{"$f":"HLOOKUP($BR$28,AH6:AT27,6)","v":-23.927946381681043}]
[null,null,null,null,null,null,null,null,null,null,null,null,null,null,null,null,2.5,-37.597278059132265,-34.906077235064558,-32.231910194002083,-29.573196484079968,-26.929397097703152,-24.299096718136692,-21.681502165446553,-19.076145340824592,-16.482948923644344,-13.901703016547994,-11.333779431458803,-8.7821015116246617,-6.2525969982841305,{"$f":"HLOOKUP($BR$28,R6:AD27,7)","v":-24.299096718136692},null,2.5,-36.087332090296584,-33.587935884458908,-31.094331002043337,-28.60727986365082,-26.12658704630395,-23.652528831634822,-21.18540519735992,-18.725459913618376,-16.273035992295654,-13.829133765982403,-11.395024155339005,-8.9727235827110814,-6.5666049263302115,{"$f":"HLOOKUP($BR$28,AH6:AT27,7)","v":-23.652528831634822}]
[null,"Specification 2",null,null,null,null,null,null,null,null,null,null,null,null,null,null,3,-37.214748421618673,-34.513687124540603,-31.83097006585551,-29.165372038936976,-26.515602211294414,-23.880697540922803,-21.259818637854984,-18.652699554615712,-16.05920500045475,-13.479742716987008,-10.91662671144322,-8.3734096729413938,-5.8597901150134302,{"$f":"HLOOKUP($BR$28,R6:AD27,8)","v":-23.880697540922803},null,3,-35.896039006644457,-33.375030576467537,-30.862992925274252,-28.359276008455943,-25.864298446461422,-23.377997075743757,-20.900387813445427,-18.432319625691335,-15.973808037882071,-13.525971738046733,-11.090585909374596,-8.6703889323150687,-6.2710135318568021,{"$f":"HLOOKUP($BR$28,AH6:AT27,8)","v":-23.377997075743757}]
[null,{"$f":"B6","v":"Lower Gearbox Housings"},null,null,null,null,"Std",null,{"$f":"I6","v":"Upper Link"},null,null,null,null,39,null,null,3.5,-36.833344633658058,-34.123066286287418,-31.432457993361787,-28.760189362015847,-26.105027461427618,-23.466174766447981,-20.842734038589555,-18.234519680599757,-15.641746026948136,-13.065503484186515,-10.508360658549345,-7.976056719453064,-5.4817882307751997,{"$f":"HLOOKUP($BR$28,R6:AD27,9)","v":-23.466174766447981},null,3.5,-35.702762173955001,-33.161002042712269,-30.630329362689928,-28.11080664777602,-25.602133857740792,-23.104215964658103,-20.617229892788981,-18.141598567827469,-15.677835076846147,-13.227144037369506,-10.79154080453854,-8.3749899922721713,-5.9847535829199989,{"$f":"HLOOKUP($BR$28,AH6:AT27,9)","v":-23.104215964658103}]
[null,{"$f":"B7","v":"Antisquat Spacers"},null,null,null,null,0,null,{"$f":"I7","v":"Upper Link Spacers"},null,null,null,null,6,null,null,4,-36.453186672484726,-33.733716430066266,-31.03579410127622,-28.357542059927283,-25.697726519443165,-23.055554450420356,-20.430304578411658,-17.822121132559907,-15.230942361320508,-12.659109640548815,-10.109633271341517,-7.5903161556526459,-5.1186243087697445,{"$f":"HLOOKUP($BR$28,R6:AD27,10)","v":-23.055554450420356},null,4,-35.507583567543641,-32.945411913337104,-30.397331588246306,-27.862380644925913,-25.340670751769441,-22.831900810174194,-20.336064550994113,-17.853510314947101,-15.385363020436177,-12.93280430924818,-10.498201485797955,-8.0866936353399819,-5.7076758363077866,{"$f":"HLOOKUP($BR$28,AH6:AT27,10)","v":-22.831900810174194}]
[null,"Rear Toe Block",null,null,null,null,3,null,"Upper Ball Stud Spacers",null,null,null,null,0,null,null,4.5,-36.07447282079309,-33.346639748454223,-30.641665169313335,-27.957833875732035,-25.293934603307452,-22.649139226051858,-20.022652287082192,-17.41500009491088,-14.826620616313011,-12.260237485669791,-9.7200074723382812,-7.2161781646742931,-4.7701406428684621,{"$f":"HLOOKUP($BR$28,R6:AD27,11)","v":-22.649139226051858},null,4.5,-35.311093095353186,-32.729250749475248,-30.163934992048688,-27.614258870490442,-25.080134704261212,-22.560854538766364,-20.056910799362154,-17.568542233865834,-15.096607388501646,-12.642998835037213,-10.210917697001047,-7.8057445061203587,-5.4399669154607588,{"$f":"HLOOKUP($BR$28,AH6:AT27,11)","v":-22.560854538766364}]
[null,"Rear Hubs",null,null,null,null,"Std",null,"Lower Wishbones",null,null,null,null,"Std",null,null,5,-35.697337534393817,-32.961336431202021,-30.249927160167449,-27.561157687674175,-24.893664512614198,-22.246780648966247,-19.619768654218689,-17.01348404399765,-14.428874277952971,-11.869267599940713,-9.339902737387213,-6.8534490541298014,-4.4362630662309863,{"$f":"HLOOKUP($BR$28,R6:AD27,12)","v":-22.246780648966247},null,5,-35.113648645360307,-32.512494759923705,-29.930503121601568,-27.367020363935676,-24.820587081722497,-22.291738370021612,-19.780400021958616,-17.286549921902814,-14.811812046018094,-12.35818028300034,-9.9293961683053826,-7.5324052048903951,-5.1817545161231955,{"$f":"HLOOKUP($BR$28,AH6:AT27,12)","v":-22.291738370021612}]
[null,"Rear Hub Hole Pos.",null,null,null,null,"Centre",null,"Upper Wishbones",null,null,null,null,67,null,null,5.5,-35.321728850092228,-32.578293517774767,-29.860943743025295,-27.16743160639205,-24.496910383427497,-21.848412936680578,-19.221854445348274,-16.617623698773976,-14.037988376940426,-11.486094767467151,-8.9693102350779288,-6.502103133796572,-4.1168768439285026,{"$f":"HLOOKUP($BR$28,R6:AD27,13)","v":-21.848412936680578},null,5.5,-34.915723402090123,-32.295755936084902,-29.6976539843997,-27.120111086070917,-24.562547432674702,-22.024551701096811,-19.506277166870952,-17.008068359307817,-14.531401635090129,-12.0786842590884,-9.6542430288600514,-7.2667160588726327,-4.9332232329682864,{"$f":"HLOOKUP($BR$28,AH6:AT27,13)","v":-22.024551701096811}]
[null,"Rear Track",null,null,null,null,"Wide",null,"Tyres",null,null,null,null,"Minispike",null,null,6,-34.948201148702708,-32.197517368726515,-29.474418860772655,-26.77694518031462,-24.103835528709446,-21.454368477216267,-18.828724845485727,-16.227758644065673,-13.653415449070252,-11.110713549587002,-8.6079761379877766,-6.1623219275331724,-3.8120455899604853,{"$f":"HLOOKUP($BR$28,R6:AD27,14)","v":-21.454368477216267},null,6,-34.717368389965628,-32.079322392244713,-29.465421660539835,-26.874756245062837,-24.306227492416394,-21.75966937798184,-19.235007183026472,-16.732938861475333,-14.255008191770642,-11.804131253198729,-9.3855136543074611,-7.0087483004051769,-4.6942900697451444,{"$f":"HLOOKUP($BR$28,AH6:AT27,14)","v":-21.75966937798184}]
[null,null,null,null,null,null,null,null,null,null,null,null,null,null,null,null,6.5,-34.576942201477301,-31.81944981038658,-29.090926618029478,-26.389752341919117,-23.714643325955372,-21.064823695608514,-18.440781860304227,-15.843557907949975,-13.27590739494053,-10.74346380783466,-8.2560588679565541,-5.8338866838044732,-3.5216609899338587,{"$f":"HLOOKUP($BR$28,R6:AD27,15)","v":-21.064823695608514},null,6.5,-34.519574005462886,-31.863417929502869,-29.234404097178047,-26.630803576322233,-24.051994944545658,-21.497500160512992,-18.966988319246909,-16.461787095482933,-13.98333703575428,-11.535257522329363,-9.1233342183881287,-6.7587447263889446,-4.4651595901406127,{"$f":"HLOOKUP($BR$28,AH6:AT27,15)","v":-21.497500160512992}]
[null,"JW - Silverstone",null,null,null,null,"Store\nPos.1",null,"Position 2",null,null,null,null,"Store\nPos.1",null,null,7,-34.207630386575815,-31.443614660047199,-28.710380651025972,-26.005981516206795,-23.329239761652612,-20.679684002482105,-18.057857367801635,-15.465361956785442,-12.905192686395059,-10.383924220523179,-7.9135052192734836,-5.5170308820267211,-3.2454878677267569,{"$f":"HLOOKUP($BR$28,R6:AD27,16)","v":-20.679684002482105},null,7,-34.322158672262994,-31.648520664033267,-29.004581048115558,-26.38866849957045,-23.800001640844972,-21.237758998633758,-18.702363727776792,-16.194507392038069,-13.716452909168195,-11.271964533737799,-8.8678864270723139,-6.5168816949943489,-4.2455391443645096,{"$f":"HLOOKUP($BR$28,AH6:AT27,16)","v":-21.237758998633758}]
[null,null,null,null,null,null,null,null,null,null,null,null,null,null,null,null,7.5,-33.840956044013552,-31.070700643887253,-28.332906060192055,-25.625562256706964,-22.947778416341595,-20.299112875501212,-17.68017427009276,-15.0927315825984,-12.541113358341208,-10.032444833986069,-7.5804326136667415,-5.2114235389906458,-2.9833801821761123,{"$f":"HLOOKUP($BR$28,R6:AD27,17)","v":-20.299112875501212},null,7.5,-34.125910697898888,-31.434933669521936,-28.776534422618983,-26.148758665965676,-23.550542217655231,-20.981343806318726,-18.441190422532806,-15.931474931879237,-13.45456487770026,-11.014567481021505,-8.619275216569255,-6.2830750059851486,-4.0357571706376083,{"$f":"HLOOKUP($BR$28,AH6:AT27,17)","v":-20.981343806318726}]
[null,"Std",null,34,null,null,"Store\nPos.2",null,"Std",null,34,null,null,"Store\nPos.2",null,null,8,-33.476977109251855,-30.700735168149194,-27.958659666557867,-25.248826183250028,-22.570345937767204,-19.923021823847897,-17.307529041970973,-14.726190199332841,-12.183990651959171,-9.689201903218132,-7.256842936441724,-4.9170928963811038,-2.7351248131396075,{"$f":"HLOOKUP($BR$28,R6:AD27,18)","v":-19.923021823847897},null,8,-33.930877418247,-31.222983442237197,-28.550421379888505,-25.911011813183144,-23.303619451274091,-20.727909016814341,-18.183788433446821,-15.673047334235344,-13.197768876643664,-10.763106046071464,-8.3777081854929794,-6.057554006082654,-3.8358201375023842,{"$f":"HLOOKUP($BR$28,AH6:AT27,18)","v":-20.727909016814341}]
[null,0,null,2,null,null,null,null,0,null,4,null,null,null,null,null,8.5,-33.115677613409311,-30.333690923618981,-27.587617383479493,-24.87577593698564,-22.197040067300257,-19.551557077626686,-16.940062840518017,-14.365711797347645,-11.833739569804088,-9.3536747506987901,-6.9425419686040541,-4.6341916952267113,-2.5006206324245714,{"$f":"HLOOKUP($BR$28,R6:AD27,19)","v":-19.551557077626686},null,8.5,-33.737813981176259,-31.013242743185206,-28.32660557932223,-25.67597754914744,-23.0600480014472,-20.477950113998475,-17.930528788195989,-15.41905548091097,-12.946250556255423,-10.517851498389625,-8.1432889481146766,-5.8402784350483703,-3.6457430154046788,{"$f":"HLOOKUP($BR$28,AH6:AT27,19)","v":-20.477950113998475}]
[null,3,null,0,null,null,"Load\nPos.1",null,3,null,0,null,null,"Load\nPos.1",null,null,9,-32.757277086502086,-29.969838842805839,-27.220081464844377,-24.50648977441416,-21.827943679809223,-19.184528591943895,-16.577943484832101,-14.011161174580536,-11.490443097068182,-9.0261307724840218,-6.6377955132388218,-4.3622943515761285,-2.2796598797187539,{"$f":"HLOOKUP($BR$28,R6:AD27,20)","v":-19.184528591943895},null,9,-33.546760961706376,-30.805695988735316,-28.105598374706251,-25.443808935111722,-22.819512215677353,-20.231827314978911,-17.681503405965156,-15.169831007653928,-12.700295390791123,-10.279005616571004,-7.9162686459165972,-5.6316268584823783,-3.4653154511804516,{"$f":"HLOOKUP($BR$28,AH6:AT27,20)","v":-20.231827314978911}]
[null,"Std",null,"Std",null,null,null,null,"Std",null,"Std",null,null,null,null,null,9.5,-32.402087656143848,-29.609051557842932,-26.855930503223352,-24.140815681554486,-21.462889682230017,-18.822323585958902,-16.22098562042579,-13.662600757383798,-11.153902981530932,-8.7066841753352122,-6.3423350194123289,-4.1015407787851448,-2.072051871786833,{"$f":"HLOOKUP($BR$28,R6:AD27,21)","v":-18.822323585958902},null,9.5,-33.358429071817362,-30.601017027887195,-27.887300945186144,-25.215069096893167,-22.582681877382711,-19.989853093066966,-17.436840680793786,-14.925701561396558,-12.460010009086286,-10.046495345850868,-7.696634980481365,-5.4314903924050837,-3.2948159515645088,{"$f":"HLOOKUP($BR$28,AH6:AT27,21)","v":-19.989853093066966}]
[null,"Centre",null,69.25,null,null,"Load\nSpec 2",null,"Inner",null,64.75,null,null,"Load\nPos.2",null,null,10,-32.04982468842622,-29.251830380904753,-26.495301435097119,-23.779140356294505,-21.102148610347218,-18.464869386502578,-15.869351452042988,-13.320056448385696,-10.824287926240725,-8.3951437133663962,-6.0561724848106362,-3.8517441228789044,-1.8773443909644993,{"$f":"HLOOKUP($BR$28,R6:AD27,22)","v":-18.464869386502578},null,{"$f":"Q27","v":10},-33.173006363450568,-30.399525605581868,-27.672487914959689,-24.989822513265793,-22.349768601284293,-19.751996092720667,-17.196875519132455,-14.686977979415211,-12.225780661968361,-9.8209055832247163,-7.4846173257902082,-5.240059051734141,-3.1338996640882737,{"$f":"HLOOKUP($BR$28,AH6:AT27,22)","v":-19.751996092720667}]
[null,"Wide",null,"Minispike",null,null,null,null,"Wide",null,"Minispike",null,null,null,null,null,null,{"$f":"VLOOKUP($BD$28,Q7:AD27,2)","v":-39.517312810411298},{"$f":"VLOOKUP($BD$28,Q7:AD27,3)","v":-36.883921827068015},{"$f":"VLOOKUP($BD$28,Q7:AD27,4)","v":-34.260775666622621},{"$f":"VLOOKUP($BD$28,Q7:AD27,5)","v":-31.647049505754282},{"$f":"VLOOKUP($BD$28,Q7:AD27,6)","v":-29.041873082149429},{"$f":"VLOOKUP($BD$28,Q7:AD27,7)","v":-26.444946753484341},{"$f":"VLOOKUP($BD$28,Q7:AD27,8)","v":-23.855030115754762},{"$f":"VLOOKUP($BD$28,Q7:AD27,9)","v":-21.272070102195066},{"$f":"VLOOKUP($BD$28,Q7:AD27,10)","v":-18.695146368424293},{"$f":"VLOOKUP($BD$28,Q7:AD27,11)","v":-16.123764503535917},{"$f":"VLOOKUP($BD$28,Q7:AD27,12)","v":-13.557391186725972},{"$f":"VLOOKUP($BD$28,Q7:AD27,13)","v":-10.995375304058006},{"$f":"VLOOKUP($BD$28,Q7:AD27,14)","v":-8.4375668058346776},null,null,null,{"$f":"VLOOKUP($BD$28,AG7:AT27,2)","v":-36.995188076029962},{"$f":"VLOOKUP($BD$28,AG7:AT27,3)","v":-34.613829159883032},{"$f":"VLOOKUP($BD$28,AG7:AT27,4)","v":-32.22539042074056},{"$f":"VLOOKUP($BD$28,AG7:AT27,5)","v":-29.831266273535267},{"$f":"VLOOKUP($BD$28,AG7:AT27,6)","v":-27.432748155586651},{"$f":"VLOOKUP($BD$28,AG7:AT27,7)","v":-25.030657562316105},{"$f":"VLOOKUP($BD$28,AG7:AT27,8)","v":-22.625988155011513},{"$f":"VLOOKUP($BD$28,AG7:AT27,9)","v":-20.219097819285775},{"$f":"VLOOKUP($BD$28,AG7:AT27,10)","v":-17.810827906587512},{"$f":"VLOOKUP($BD$28,AG7:AT27,11)","v":-15.4019146379059},{"$f":"VLOOKUP($BD$28,AG7:AT27,12)","v":-12.992552009851162},{"$f":"VLOOKUP($BD$28,AG7:AT27,13)","v":-10.583238876582286},{"$f":"VLOOKUP($BD$28,AG7:AT27,14)","v":-8.1747826822480256},null,"Roll Angle:",null,null,null,null,null,null,null,0,null,null,null,null,null,null,null,"Ride height:",null,null,null,null,null,10]
[null,null,null,null,null,null,null,null,null,null,null,null,null,null,null,"X Roll\nCentre",null,"Ride Height (mm)",null,null,null,null,null,null,null,null,null,null,null,null,null,"X Roll\nCentre",null,"Ride Height (mm)"]
[null,null,null,null,null,null,null,null,null,null,null,null,null,null,null,null,null,{"$f":"R6","v":0},{"$f":"S6","v":2},4,6,8,10,12,14,16,18,20,22,24,null,null,null,{"$f":"AH6","v":0},{"$f":"AI6","v":2},4,6,8,10,12,14,16,18,20,22,24]
[null,null,null,null,null,null,null,null,null,null,null,null,null,null,null,"Roll Angle (Deg)",{"$f":"Q7","v":0},0,0,0,0,0,0,0,0,0,0,0,0,0,null,"Roll Angle (Deg)",{"$f":"AG7","v":0},0,0,0,0,0,0,0,0,0,0,0,0,0,-1.8089660995325096E-14]
[null,null,null,null,null,null,null,null,null,null,null,null,null,null,null,null,0.5,0.46948320297501739,0.52471775197152248,0.58596551051254375,0.65554743475638988,0.73460342525736022,0.82721286542025019,0.937728337167401,1.0716765285407317,1.2400066177130729,1.4587013471477615,1.7550699868917499,2.1861681235529504,2.8705668934312785,null,null,0.5,0.22375477661152948,0.27728030488611949,0.33477955589263353,0.3981467738853538,0.46878302384451892,0.54891604346521994,0.6427529529126732,0.75415611591633591,0.89075908689712113,1.0653252083873797,1.2977322473669313,1.628062604985004,2.1419789661029314,1.3554963640146891]
[null,null,null,null,null,null,null,null,null,null,null,null,null,null,null,null,1,0.93814411279442655,1.0483076345456319,1.1712828639111013,1.3097775496179129,1.4684972185534357,1.6538022722373906,1.8740210092940048,2.1423950123399735,2.4784499793998274,2.9151016119455941,3.5086048294297409,4.3693786726007966,5.7355508924399903,null,null,1,0.4468574900389306,0.55352428639871132,0.66920861257525899,0.79568249819855053,0.93617898158326551,1.0970583789995532,1.2838046128829532,1.506648022124683,1.7800765913972594,2.1276453341239621,2.5915993113307247,3.2521852204486321,4.2786631024209214,2.7103943604020722]
[null,null,null,null,null,null,null,null,null,null,null,null,null,null,null,null,1.5,1.4068253930855479,1.5722817210525277,1.7566333075753986,1.9645454468420116,2.2024791764726079,2.4805414914670805,2.8110380820455276,3.2135748330218736,3.7176895435859469,4.3722621357356957,5.2626036977793786,6.5519094867512928,8.6008788196424817,null,null,1.5,0.66796465786092729,0.82849438204106907,1.0016469813620974,1.1917225673935419,1.4037191408866909,1.6446988854654554,1.9249050294646903,2.2586062033416403,2.6685928225038875,3.190692518653667,3.8863136733240817,4.8749510643129108,6.4148322070756842,4.0656406642520295]
[null,null,null,null,null,null,null,null,null,null,null,null,null,null,null,null,2,1.8748136709869627,2.0956002810481151,2.3414166697818217,2.6184939993553638,2.9359951869156671,3.306344281134463,3.7467703716552454,4.2837715020641181,4.9558033058448272,5.8282670037290663,7.0142074816833686,8.7318289452801334,11.460841465004821,null,null,2,0.88845615646715204,1.102628151839236,1.3334438329398528,1.5867622891625426,1.8693481900510394,2.1907738389432683,2.5644989638713094,3.0092252890550837,3.5556889100320306,4.2511664069430886,5.1781011925902956,6.4939614372275862,8.5426043132740173,5.4196533201703989]
[null,null,null,null,null,null,null,null,null,null,null,null,null,null,null,null,2.5,2.3416934559102991,2.6178250664369127,2.9248928392940274,3.2718069604119897,3.6686746172880511,4.1314594301103202,4.6822248343562345,5.3527967174274576,6.192161032844087,7.282312161071296,8.7634756958311737,10.906046104140831,14.31171729447348,null,null,2.5,1.106624531369423,1.3740448057703927,1.6631585465855152,1.9798161170711277,2.333198323571954,2.7350931482440073,3.2018100234509461,3.757804429497575,4.4401439769017692,5.3080086364809462,6.4649730629064717,8.1073864696638704,10.660924159777279,6.7724056440454836]
[null,null,null,null,null,null,null,null,null,null,null,null,null,null,null,null,3,2.8073657857824941,3.1388926259835199,3.5078516481014077,3.923791642241035,4.4002933777777633,4.9556331323987317,5.6163187393708078,6.4204008318441526,7.427029351898419,8.7338236282703416,10.508196829416896,13.076303494541797,17.154175070335643,null,null,3,1.322128312817721,1.6434755606450482,1.9899731534829348,2.3702927344260525,2.7943852595228167,3.2765348123382525,3.8368297001674532,4.5032236771472123,5.3211016235288708,6.3611675336178672,7.7469176808581075,9.7125612318033632,12.768987346629988,8.12437296891523]
[null,null,null,null,null,null,null,null,null,null,null,null,null,null,null,null,3.5,3.2714450518878344,3.6584232272973436,4.0889497341257135,4.574357656330279,5.1305177097587187,5.7783286148896851,6.5488263399893798,7.4863972904031986,8.6601996552324003,10.182625608245626,12.250362540241781,15.240635890994884,19.984490709783095,null,null,3.5,1.5340470390137164,1.9091882453208171,2.3142296926540982,2.7578433113194625,3.2526619636832983,3.8151639528042427,4.4682087971650191,5.2452969593372192,6.1979880664270608,7.4092994926304536,9.0224672183823849,11.309855696960732,14.861772001066113,9.4749553746355915]
[null,null,null,null,null,null,null,null,null,null,null,null,null,null,null,null,4,3.7336395939593969,4.1766699282941735,4.6688271516021258,5.2238247595979663,5.8593442951811481,6.5996154222471803,7.4796421812229692,8.5498630620523084,9.8905459350834413,11.627628866336238,13.986520781393743,17.396410823726725,22.800318180532297,null,null,4,1.7422702736867803,2.1716922282710782,2.6344628343631702,3.1418622906942466,3.7074289976306196,4.3497093235298774,5.0955479278728477,5.9832835708187959,7.0703682812434652,8.4519761242511464,10.291483258380708,12.896916351114712,16.938463546492443,10.82352097321259]
[null,null,null,null,null,null,null,null,null,null,null,null,null,null,null,null,4.5,4.1936722347243798,4.6925483693852046,5.2465492719544704,5.8712685793350943,6.5862669292526155,7.4188810769906608,8.4085653060012149,9.6118473239790259,11.118120890982597,13.069605449605879,15.71834347848254,19.542462592857145,25.599901894902516,null,null,4.5,1.945860204254289,2.4295408481552503,2.9507324132795962,3.5219323572404688,4.1580031790746608,4.8807225518550297,5.7190810335689024,6.715970162602285,7.9375655515765153,9.4885045376051504,11.550562790876699,14.471582728221415,18.996412893344655,12.169120111458659]
[null,null,null,null,null,null,null,null,null,null,null,null,null,null,null,null,5,4.6514207431278045,5.2064396171275513,5.8226895949586908,6.5167612630283287,7.3112631837587347,8.2362629769714299,9.3353325176722368,10.671478828168645,12.342747856899479,14.507218521420583,17.443315232870596,21.679495026676367,28.382869863418041,null,null,5,2.1443341895681813,2.6825981024824284,3.2624497359604661,3.8966783423648601,4.6042082174358123,5.406724258364684,6.3372502434568121,7.4439601449645645,8.7986892745394965,10.51764358608429,12.801770031151287,16.032925784403453,21.032682900019456,13.513747754404696]
[null,null,null,null,null,null,null,null,null,null,null,null,null,null,null,null,5.5,5.1067811804393708,5.7180248604735082,6.3961632776490376,7.1601830574430325,8.0342777647278449,9.0517292271251879,10.259616132499596,11.728346342765779,13.563378418614564,15.939971180202718,19.160864582065322,23.80603154655017,31.145679530965811,null,null,5.5,2.3371587286722328,2.9301649817546651,3.5686111399015745,4.2673905546252939,5.0452468280832168,5.9277115703974506,6.9505490773205159,8.1658032680237564,9.6523498709465052,11.537773255154727,14.04207171047879,17.579336564298394,23.04366347250501,14.855836379177795]
[null,null,null,null,null,null,null,null,null,null,null,null,null,null,null,null,6,5.5591472754395008,6.2268558432661152,6.9676109049226485,7.8014718670328724,8.7551206312379115,9.8648853187278984,11.18175518914574,12.781789566951147,14.781394257297752,17.368007437164028,20.871199384942514,25.919797067844886,33.885531337815706,null,null,6,2.5237715821371332,3.1713915937079391,3.8689490907108515,4.6315618236878127,5.4805688966840869,6.442778404479478,7.5577067270734899,8.881117056870778,10.49964061351395,12.550184455302057,15.270494395502423,19.108561116639763,25.028565893590699,16.19590711310401]
[null,null,null,null,null,null,null,null,null,null,null,null,null,null,null,null,6.5,6.0083533124035915,6.7325506195656111,7.5362704058018455,8.4402912225687867,9.4733939002460801,10.675339488489966,12.101078612862409,13.832262402007267,15.994366371307555,18.790347737978593,22.573448766774728,28.020260369112115,36.599639090174044,null,null,6.5,2.7029674985422343,3.4063456390043725,4.1626835141123468,4.9898730988219571,5.9093555982570205,6.9513423473085014,8.1579127153867113,9.58929633679708,11.338186086643869,13.552006151614224,16.485652546779114,20.62015317526382,26.982208166499657,17.533133984914173]
[null,null,null,null,null,null,null,null,null,null,null,null,null,null,null,null,7,6.4543486178515534,7.2358099019010726,8.1019900914016532,9.0761386222806113,10.189012779858341,11.483113724246426,13.017407242373094,14.878955796841977,17.203527970165002,20.206975681967734,24.267581579366734,30.105676458019218,39.287105216159375,null,null,7,2.8748808388605678,3.6336960039382964,4.4495814017993611,5.3410290181196567,6.331361239158146,7.4534042772908657,8.7508728861164773,10.289876592827268,12.16796526547348,14.543250747099917,17.687271154725234,22.110573298013769,28.90634071436812,18.866942412711211]
[null,null,null,null,null,null,null,null,null,null,null,null,null,null,null,null,7.5,6.8965496173014857,7.7355299346345747,8.6647446772854106,9.7095152734606547,10.902175452832511,12.28825517950265,13.930550426048669,15.923407907777083,18.408214101848127,21.617637993109497,25.951826164715609,32.175665360022286,41.945489500632355,null,null,7.5,3.0381153726578356,3.8530961936703201,4.7286474962016367,5.6844733637382321,6.7458880798294745,7.9471256323258519,9.3361906366056271,10.981822049759787,12.987914948043365,15.522378766926833,18.873512993968703,23.579745579169671,30.793394318348131,20.197471062616941]
[null,null,null,null,null,null,null,null,null,null,null,null,null,null,null,null,8,7.3348293780457849,8.2315232399667977,9.2243640985871078,10.339841470965979,11.612637315698375,13.090425135322899,14.841082887311364,16.963821529180063,19.608501480238051,23.020826951767948,27.625840730563084,34.228792287647018,44.572385754860619,null,null,8,3.192447044773147,4.0639395544299406,4.9992097108835409,6.020136694149147,7.1529180038323279,8.4334669443522685,9.9135789401962686,11.664264865358678,13.797519037847975,16.489901373251712,20.043254026728359,25.025145421810283,32.641975680599465,21.524564927339537]
[null,null,null,null,null,null,null,null,null,null,null,null,null,null,null,null,8.5,7.7688729997865851,8.7238392703425944,9.7805923609820731,10.966847208106962,12.319898168999323,13.889906617896035,15.748780822794208,18.000298093462213,20.804127076928005,24.417891717987096,29.289743688694465,36.262143718484218,47.16418670134663,null,null,8.5,3.3366758496843616,4.2649666749613537,5.261140282640719,6.3466665253135872,7.5506926240980077,8.9114300448219712,10.481314717237478,12.33731065190195,14.596479772463645,17.443409032370987,21.195714699413951,26.446420976948698,34.449185761479519,22.847741793294848]
[null,null,null,null,null,null,null,null,null,null,null,null,null,null,null,null,9,8.1985051517661489,9.2121752891615607,10.333224223783262,11.590891559641896,13.024089118127323,14.686900632625496,16.653205699250272,19.033260157180059,21.994538899776948,25.808372394666819,30.941371879349088,38.278056538020863,49.718034845991042,null,null,9,3.4706161328405147,4.4561944533977442,5.512796198681885,6.6642281061436934,7.9395875500493176,9.3796021078120528,11.039438855572897,13.000044263772887,15.383185042490181,18.382492712163696,22.329019515281676,27.839223120146269,36.212377296821302,24.166933998132773]
[null,null,null,null,null,null,null,null,null,null,null,null,null,null,null,null,9.5,8.6231371886423691,9.6965437555520246,10.882387606402087,12.211809131028989,13.725945450366289,15.480668770007123,17.554688485214829,20.062976900938363,23.180744691014961,27.19156966229092,32.582102338700103,40.272488468787472,52.231416788181264,null,null,9.5,3.5928277250265084,4.6365012360635287,5.7544838780633061,6.9712330732958545,8.3182456097254764,9.8373461907629007,11.587240977468404,13.651952791292318,16.158086681891611,19.30711873180006,23.442559096946784,29.203104343585366,37.926940206729476,25.482691124288763]
[null,null,null,null,null,null,null,null,null,null,null,null,null,null,null,null,10,9.0432795696896999,10.176418757445713,11.427933190254544,12.829497666737359,14.424309709244278,16.271883042640805,18.45354428271272,21.089221227573891,24.362331765144514,28.567482312869561,34.210462504142214,42.245873574577452,54.703235462792144,null,null,10,3.7026631794806053,4.8047619284491754,5.9846137835414854,7.2672058416003891,8.6861140628515283,10.284811304916628,12.124480804353146,14.291161802339515,16.919011516400204,20.214715359119438,24.534682578494142,30.535532518255756,39.592116497831718,26.793631455523645]
[null,null,null,null,null,null,null,null,null,null,null,null,null,null,null,null,null,null,null,null,null,null,null,null,null,null,null,null,null,null,null,null,null,-5.4148927872468365E-14,-5.9084079090899726E-14,5.3867126445538935E-14,-3.5478569539859368E-14,-7.1697410765665882E-14,7.2214093506564585E-15,1.6101956855646422E-14,-1.8089660995325096E-14,-1.0258141556291852E-14,-1.7660136056524271E-14,-7.5457754804595312E-14,-8.1550879615950903E-15,3.9851065456990814E-14,-1.8089660995325096E-14]
[null,null,null,null,null,null,null,null,null,null,null,null,null,null,null,"LH Camber",null,"Ride Height (mm)",null,null,null,null,null,null,null,null,null,null,null,null,null,"LH Camber",null,"Ride Height (mm)"]
[null,"Nigel",null,null,null,null,"Store\nPos.1",null,"Position 4",null,null,null,null,"Store\nPos.1",null,null,null,{"$f":"R30","v":0},{"$f":"S30","v":2},4,6,8,10,12,14,16,18,20,22,24,null,null,null,{"$f":"AH30","v":0},{"$f":"AI30","v":2},4,6,8,10,12,14,16,18,20,22,24]
[null,null,null,null,null,null,null,null,null,null,null,null,null,null,null,"Roll Angle (Deg)",{"$f":"Q31","v":0},-0.78520180125621908,-0.75034260619908322,-0.72454665273913388,-0.70731986491524901,-0.69826068457415502,-0.69704926425283453,-0.70343678935318665,-0.71723860571646036,-0.73833249880592766,-0.76665205563452254,-0.80218608367503252,-0.84498012516077037,-0.89512628840673969,{"$f":"HLOOKUP($BR$28,R54:AD75,2)","v":-0.69704926425283453},"Roll Angle (Deg)",{"$f":"AG31","v":0},-1.2290410637360933,-1.1279030924575868,-1.0422770168266808,-0.9712469408320098,-0.91405334886768097,-0.87006435752263722,-0.83877589257537988,-0.81978724249366175,-0.81280651984964014,-0.81763297467746154,-0.83415869830012401,-0.8623672205709304,-0.90232628131526127,{"$f":"HLOOKUP($BR$28,AH54:AT75,2)","v":-0.87006435752263722}]
[null,"Std",null,39,null,null,"Store\nPos.2",null,"Std",null,39,null,null,"Store\nPos.2",null,null,0.5,-0.3026511819169696,-0.26394939327759198,-0.23447030878850142,-0.21369527633461149,-0.2011959054903226,-0.196629281119931,-0.19972438121907149,-0.21027734743018206,-0.22814626193930279,-0.25324488346529916,-0.28554696281151032,-0.32507335046735081,-0.37190463642250693,{"$f":"HLOOKUP($BR$28,R54:AD75,3)","v":-0.196629281119931},null,0.5,-0.77623379490718958,-0.6686663849130422,-0.57689701627960199,-0.49997810612033694,-0.43709831174873959,-0.38758426057120821,-0.35090401254278109,-0.32662325326347191,-0.31441637591836896,-0.31405301665275509,-0.32539557547943215,-0.34839581977813183,-0.38309392427334876,{"$f":"HLOOKUP($BR$28,AH54:AT75,3)","v":-0.38758426057120821}]
[null,0,null,2,null,null,null,null,0,null,5,null,null,null,null,null,1,0.17823976552404799,0.22084974673310023,0.25405797766336574,0.27842259790990082,0.2943940246100657,0.30234117243510261,0.30255607597223017,0.29526303112573399,0.28062281884717472,0.25874070264857457,0.22966475466348113,0.19338717884328502,0.14984440546778188,{"$f":"HLOOKUP($BR$28,R54:AD75,4)","v":0.30234117243510261},null,1,-0.3261980429353874,-0.21209187111642147,-0.11410022564757674,-3.1209724901276496E-2,3.7435284317320246E-2,9.2516859577757807E-2,0.13462642172972633,0.1642272098615021,0.18167705670441894,0.18723585702463563,0.18107128966656016,0.16326277775762985,0.13379687499875095,{"$f":"HLOOKUP($BR$28,AH54:AT75,4)","v":9.2516859577757807E-2}]
[null,3,null,0,null,null,"Load\nPos.1",null,3,null,0,null,null,"Load\nPos.1",null,null,1.5,0.65742605880200167,0.70400653452234685,0.74100561019213673,0.7690069944442165,0.78849152022571622,0.79984913274581848,0.8033976318384739,0.79938113349926943,0.78798133230531742,0.76931876878693961,0.74346238686863542,0.71042210897983327,0.67015631938055098,{"$f":"HLOOKUP($BR$28,R54:AD75,5)","v":0.79984913274581848},null,1.5,0.12105052731152402,0.24179233632046102,0.34610190275801245,0.43503529515868544,0.50948670096410287,0.57019965227051017,0.61778635859661968,0.65274447663344126,0.67546051450697242,0.68622948573768638,0.68524773667178951,0.67262274856633075,0.64837435859082515,{"$f":"HLOOKUP($BR$28,AH54:AT75,5)","v":0.57019965227051017}]
[null,"Std",null,"Std",null,null,null,null,"Std",null,"Std",null,null,null,null,null,2,1.134880771587121,1.1855048338736089,1.2263524234866356,1.2580406122529233,1.281077828452533,1.2958805218798655,1.3027882776621198,1.3020666684812319,1.2939168446395251,1.2784801076341099,1.2558408392741862,1.2260292192383242,1.1890222434733984,{"$f":"HLOOKUP($BR$28,R54:AD75,6)","v":1.2958805218798655},null,2,0.56538427024089766,0.69288315226338937,0.80362114561195119,0.89869307164738021,0.97904205924914833,1.0454463413606871,1.0985560549295765,1.13890944786321,1.1669228337496051,1.1829185132681723,1.1871256293567829,1.1796794612592751,1.1606316240331112,{"$f":"HLOOKUP($BR$28,AH54:AT75,6)","v":1.0454463413606871}]
[null,"Centre",null,66.75,null,null,"Load\nPos.2",null,"Inner",null,62.25,null,null,"Load\nPos.2",null,null,2.5,1.6105711595585694,1.665311086471579,1.7100732732109689,1.7455000472304507,1.7721353476084902,1.7904201472787609,1.8007152475073238,1.8033099491493536,1.7984250515374891,1.7862212687601258,1.7668008274158469,1.7402104967307788,1.7064484883332216,{"$f":"HLOOKUP($BR$28,R54:AD75,7)","v":1.7904201472787609},null,2.5,1.0067737959076244,1.1411720810048702,1.2584354530249788,1.359738961356048,1.4460589237916124,1.5182196263273973,1.576913622070192,1.6227033741701777,1.6560458224440837,1.6772925516593524,1.6866993907636871,1.6844341878671407,1.6705751436855907,{"$f":"HLOOKUP($BR$28,AH54:AT75,7)","v":1.5182196263273973}]
[null,"Wide",null,"Minispike",null,null,null,null,"Wide",null,"Minispike",null,null,null,null,null,3,2.0844571476153835,2.1433950484778932,2.1921336251616323,2.2313609389652247,2.2616421318456847,2.2834484451155617,2.2971638838672694,2.3030998692793343,2.3014977440169653,2.2925369857382356,2.2763391937544433,2.2529707627796074,2.2224457342633874,{"$f":"HLOOKUP($BR$28,R54:AD75,8)","v":2.2834484451155617},null,3,1.4451724480628718,1.5865855029063509,1.7104997216357714,1.8181273149755433,1.9105021691366946,1.9884928752361306,2.0528263466194354,2.1041054507783556,2.1428129733701087,2.1693362606667104,2.1839597499180967,2.1868806184834786,2.1782065619109607,{"$f":"HLOOKUP($BR$28,AH54:AT75,8)","v":1.9884928752361306}]
[null,null,null,null,null,null,null,null,null,null,null,null,null,null,null,null,3.5,2.5564959248840604,2.6197144540076085,2.6725072717293625,2.7155960723276586,2.7495751050945469,2.7749466156036844,2.7921178338069348,2.8014232348518178,2.8031248958356927,2.797421953862405,2.7844550395719647,2.7643080189260179,2.7370121670449614,{"$f":"HLOOKUP($BR$28,R54:AD75,9)","v":2.7749466156036844},null,3.5,1.8805174765604191,2.0290809405413688,2.1597503526064545,2.2738154104519905,2.3723359987924946,2.4562300111445889,2.5262683275173421,2.583086210815964,2.6272038600621039,2.6590340610713419,2.6788957658363097,2.6870124967071911,2.6835228089879282,{"$f":"HLOOKUP($BR$28,AH54:AT75,9)","v":2.4562300111445889}]
[null,"Position 5",null,null,null,null,"Store\nPos.1",null,"Position 6",null,null,null,null,"Store\nPos.1",null,null,4,3.0266462394356068,3.0942331080238406,3.15115737075888,3.1981706506958023,3.2359064388628513,3.2648908158516678,3.2855579654430334,3.2982647013066657,3.303294101495621,3.3008662205829609,3.2911397434971139,3.2742181048708554,3.2501492914354002,{"$f":"HLOOKUP($BR$28,R54:AD75,10)","v":3.2648908158516678},null,4,2.3127257575581464,2.4685769389549286,2.6061455381669147,2.7267466490008374,2.8315055071466078,2.9213950517670537,2.9972063927459818,3.0596182810357226,3.1091911697862264,3.146364517553073,3.1714889998496965,3.1848189888008909,3.1865190826999528,{"$f":"HLOOKUP($BR$28,AH54:AT75,10)","v":2.9213950517670537}]
[null,null,null,null,null,null,null,null,null,null,null,null,null,null,null,null,4.5,3.4948607907592888,3.5669099694196085,3.6280499279520582,3.6790579309727214,3.7206086227728949,3.7532565086046379,3.7774622667837638,3.79360560508169,3.8019911464200562,3.8028593003204096,3.7963881779543733,3.7826969766256289,3.7618553250245359,{"$f":"HLOOKUP($BR$28,R54:AD75,11)","v":3.7532565086046379},null,4.5,2.7417430503559594,2.9050286641198011,3.0496152514977664,3.1768630623646907,3.2879704815021991,3.3839320702373392,3.4655929210361105,3.5336711964680321,3.5887459286318624,3.6313057718634223,3.6617267000822631,3.6802876462931216,3.6871867997818724,{"$f":"HLOOKUP($BR$28,AH54:AT75,11)","v":3.3839320702373392}]
[null,null,null,null,null,null,"Store\nPos.2",null,null,null,null,null,null,"Store\nPos.2",null,null,5,3.9610838982841159,4.037699455608954,4.1031307241349184,4.1582171218233519,4.2036488341135074,4.2400156824188464,4.2678077218410726,4.2874255316687755,4.2991991059773227,4.3033876429710975,4.3001889581380128,4.2897413117715111,4.2721328839558055,{"$f":"HLOOKUP($BR$28,R54:AD75,12)","v":4.2400156824188464},null,5,3.1674861327799095,3.3383629768673657,3.49009517987245,3.6241344615744353,3.741675816067775,3.8438043968085638,3.9313936720772502,4.0051985406885855,4.0658372957559283,4.1138288242189427,4.1495802065191478,4.1733994767648417,4.1855136537805153,{"$f":"HLOOKUP($BR$28,AH54:AT75,12)","v":3.8438043968085638}]
[null,null,null,null,null,null,null,null,null,null,null,null,null,null,null,null,5.5,4.4252615248586338,4.5065427092032735,4.5763713450632482,4.6356114344718753,4.6849917018028142,4.7251381267829098,4.7565668671405428,4.7797021565428741,4.7948989317287465,4.8024356297065838,4.8025301771214055,4.7953407098112288,4.7809710900460178,{"$f":"HLOOKUP($BR$28,R54:AD75,13)","v":4.7251381267829098},null,5.5,3.589856351043724,3.7684930688189477,3.9275258087471214,4.0684517474601067,4.1925614662715454,4.3009546614698113,4.3945556200673153,4.474162626812948,4.5404324750136711,4.5939062755902649,4.6350249535010386,4.6641335583964603,4.6814844825644721,{"$f":"HLOOKUP($BR$28,AH54:AT75,13)","v":4.3009546614698113}]
[null,null,null,null,null,null,"Load\nPos.1",null,null,null,null,null,null,"Load\nPos.1",null,null,6,4.8873331643101903,4.9733982882920911,5.0477116763064949,5.1111887547419794,5.1645966179396696,5.208587447037333,5.2437083599737138,5.2704088420135076,5.2890673195762083,5.299984798157781,5.3033972329147492,5.299483394762472,5.2883640544112742,{"$f":"HLOOKUP($BR$28,R54:AD75,14)","v":5.208587447037333},null,6,4.0087960987919464,4.1953705107661072,4.3618354719026211,4.5097977266850302,4.6405692091079143,4.7553330653922261,4.8550369817930932,4.9405291742079633,5.0124826917325018,5.0714958392107086,5.1180317789593612,5.1524688796160856,5.1750779184455418,{"$f":"HLOOKUP($BR$28,AH54:AT75,14)","v":4.7553330653922261}]
[null,null,null,null,null,null,null,null,null,null,null,null,null,null,null,null,6.5,5.3472264193892505,5.4382017387446631,5.5170996025577965,5.584905165389527,5.6424216295022287,5.6903260358184964,5.7291969717164397,5.7595166125695911,5.7816807663662146,5.7960125226227657,5.8027725629131268,5.8021552572356354,5.7943008570984267,{"$f":"HLOOKUP($BR$28,R54:AD75,15)","v":5.6903260358184964},null,6.5,4.4242169669926241,4.6188543492654475,4.7929366111881917,4.9480536549845553,5.0856394129766,5.2068689770056125,5.3127811420900057,5.4042284529936753,5.4819514888808154,5.5465631075085771,5.598569548541823,5.638367639451646,5.6662731622761218,{"$f":"HLOOKUP($BR$28,AH54:AT75,15)","v":5.2068689770056125}]
[null,null,null,null,null,null,"Load\nPos.2",null,null,null,null,null,null,"Load\nPos.2",null,null,7,5.8048823734813206,5.9008732920475708,5.9844826358537127,6.0567163219122726,6.1184230317665129,6.1703125276825759,6.2129994350202802,6.2469927118618953,6.2727062281444388,6.2904958656371202,6.3006343303005741,6.3033399800963421,6.2987700628107532,{"$f":"HLOOKUP($BR$28,R54:AD75,16)","v":6.1703125276825759},null,7,4.8359852591597869,5.0389138579398898,5.2207443692834357,5.3831791930737252,5.527690550064861,5.6555053531499171,5.7677216261700623,5.8652147853848744,5.9487805359850778,6.019061290188886,6.0765890765677923,6.1218033762250279,6.1550329954322649,{"$f":"HLOOKUP($BR$28,AH54:AT75,16)","v":5.6555053531499171}]
[null,null,null,null,null,null,null,null,null,null,null,null,null,null,null,null,7.5,6.2602135687758009,6.3613557013661444,6.4497897733637934,6.5265502698106861,6.5925375301417528,6.6484930750363738,6.6950706399446576,6.732792003748286,6.7621155055820772,6.7834024688892782,6.7969581317510928,6.8030164111664364,6.8017547789324757,{"$f":"HLOOKUP($BR$28,R54:AD75,17)","v":6.6484930750363738},null,7.5,5.2440442608113988,5.4554250633499946,5.6451751545412563,5.8150773519315493,5.9666480691348429,6.1011836496061091,6.2197942178271175,6.3234286297423443,6.4129192930278371,6.4889440907810769,6.5520528018243409,6.6027313836196111,6.6413330309122633,{"$f":"HLOOKUP($BR$28,AH54:AT75,17)","v":6.1011836496061091}]
[null,null,null,null,null,null,null,null,null,null,null,null,null,null,null,null,8,6.7131305274273894,6.8195750632373846,6.912946292228936,6.9943453439374395,7.064707405066307,7.1248232284186148,7.1753587476568317,7.2168774731115004,7.2498635706410086,7.274700829634142,7.2917143226087466,7.3011600782556458,7.3032340692331488,{"$f":"HLOOKUP($BR$28,R54:AD75,18)","v":7.1248232284186148},null,8,5.6482605334910225,5.8682777047109251,6.0661543768913573,6.2436470748574466,6.4024111848832082,6.5437911962666675,6.6689032458622961,6.7787988761992954,6.8743054549447162,6.9561347807257592,7.0249057699150521,7.0811062447059729,7.1251259119611463,{"$f":"HLOOKUP($BR$28,AH54:AT75,18)","v":6.5437911962666675}]
[null,null,null,null,null,null,null,null,null,null,null,null,null,null,null,null,8.5,7.1635533967394016,7.2754401467732608,7.3738832343328946,7.4600381635005926,7.5348768374670758,7.5992322238992465,7.6538080742203265,7.6991995597508156,7.7359083619253024,7.7643523299256119,7.7848684534844903,7.7977426840917259,7.803183237628267,{"$f":"HLOOKUP($BR$28,R54:AD75,19)","v":7.5992322238992465},null,8.5,6.0485359101801102,6.2774052402059652,6.4835138047919747,6.6688241809099518,6.8349120798854353,6.9832368039666006,7.1150024916542005,7.23124930235024,7.3328565496017513,7.4205905899354523,7.4950838037884671,7.5568651953693076,7.6063600452822122,{"$f":"HLOOKUP($BR$28,AH54:AT75,19)","v":6.9832368039666006}]
[null,null,null,null,null,null,null,null,null,null,null,null,null,null,null,null,9,7.6113681930736252,7.7288518189785718,7.8325044877417875,7.9235298638415612,8.002965617210192,8.0716545308542056,8.1303592364213149,8.1797006817041407,8.220202078531571,8.2523075245989546,8.2763824464818203,8.2927258244659932,8.301573016492398,{"$f":"HLOOKUP($BR$28,R54:AD75,20)","v":8.0716545308542056},null,9,6.4447003793620485,6.6826396868884048,6.8972216895817597,7.0904411822910145,7.2640350629367454,7.4194591748519967,7.5579823826783787,7.6806949745273663,7.7885109070872502,7.882225948177827,7.9625216614524188,8.0299569286569472,8.0849860659307353,{"$f":"HLOOKUP($BR$28,AH54:AT75,20)","v":7.4194591748519967}]
[null,null,null,null,null,null,null,null,null,null,null,null,null,null,null,null,9.5,8.0564735570882196,8.1797064725741322,8.2887100389679347,8.3847440980194623,8.4688736463178529,8.5420178804036375,8.604943764266995,8.6583103260757213,8.7026804866140903,8.7385131554068405,8.7662043517873283,8.7860709638365044,8.7983665679117991,{"$f":"HLOOKUP($BR$28,R54:AD75,21)","v":8.5420178804036375},null,9.5,6.8366797158404786,7.083853616330944,7.3070920829577632,7.5084331799871222,7.6896794066373753,7.8523475891317513,7.9977551399893558,8.1270226059201303,8.2411468289992751,8.3409520801737127,8.4271399777575908,8.5003042828935111,8.5609302911025971,{"$f":"HLOOKUP($BR$28,AH54:AT75,21)","v":7.8523475891317513}]
[null,null,null,null,null,null,null,null,null,null,null,null,null,null,null,null,10,8.4987117362661575,8.6278798161852137,8.7423870348267574,8.8435614132782039,8.9325355530012622,9.0102208689794665,9.0774689660873999,9.1349576514274027,9.1832743831859052,9.2229112912793241,9.2542827368001035,9.2777238949746881,9.2935196582045254,{"$f":"HLOOKUP($BR$28,R54:AD75,22)","v":9.0102208689794665},null,10,7.224336832205938,7.4809686775420792,7.7130315818748336,7.9226820759011858,8.1117193149137528,8.2817595875688621,8.4341740710221771,8.5701676663297484,8.690692014884144,8.7966827754623829,8.8888499762231028,8.96782455502691,9.0341124411369034,{"$f":"HLOOKUP($BR$28,AH54:AT75,22)","v":8.2817595875688621}]
[null,null,null,null,null,null,null,null,null,null,null,null,null,null,null,null,null,{"$f":"VLOOKUP($BD$28,Q55:AD75,2)","v":-0.78520180125621908},{"$f":"VLOOKUP($BD$28,Q55:AD75,3)","v":-0.75034260619908322},{"$f":"VLOOKUP($BD$28,Q55:AD75,4)","v":-0.72454665273913388},{"$f":"VLOOKUP($BD$28,Q55:AD75,5)","v":-0.70731986491524901},{"$f":"VLOOKUP($BD$28,Q55:AD75,6)","v":-0.69826068457415502},{"$f":"VLOOKUP($BD$28,Q55:AD75,7)","v":-0.69704926425283453},{"$f":"VLOOKUP($BD$28,Q55:AD75,8)","v":-0.70343678935318665},{"$f":"VLOOKUP($BD$28,Q55:AD75,9)","v":-0.71723860571646036},{"$f":"VLOOKUP($BD$28,Q55:AD75,10)","v":-0.73833249880592766},{"$f":"VLOOKUP($BD$28,Q55:AD75,11)","v":-0.76665205563452254},{"$f":"VLOOKUP($BD$28,Q55:AD75,12)","v":-0.80218608367503252},{"$f":"VLOOKUP($BD$28,Q55:AD75,13)","v":-0.84498012516077037},{"$f":"VLOOKUP($BD$28,Q55:AD75,14)","v":-0.89512628840673969},null,null,null,{"$f":"VLOOKUP($BD$28,AG55:AT75,2)","v":-1.2290410637360933},{"$f":"VLOOKUP($BD$28,AG55:AT75,3)","v":-1.1279030924575868},{"$f":"VLOOKUP($BD$28,AG55:AT75,4)","v":-1.0422770168266808},{"$f":"VLOOKUP($BD$28,AG55:AT75,5)","v":-0.9712469408320098},{"$f":"VLOOKUP($BD$28,AG55:AT75,6)","v":-0.91405334886768097},{"$f":"VLOOKUP($BD$28,AG55:AT75,7)","v":-0.87006435752263722},{"$f":"VLOOKUP($BD$28,AG55:AT75,8)","v":-0.83877589257537988},{"$f":"VLOOKUP($BD$28,AG55:AT75,9)","v":-0.81978724249366175},{"$f":"VLOOKUP($BD$28,AG55:AT75,10)","v":-0.81280651984964014},{"$f":"VLOOKUP($BD$28,AG55:AT75,11)","v":-0.81763297467746154},{"$f":"VLOOKUP($BD$28,AG55:AT75,12)","v":-0.83415869830012401},{"$f":"VLOOKUP($BD$28,AG55:AT75,13)","v":-0.8623672205709304},{"$f":"VLOOKUP($BD$28,AG55:AT75,14)","v":-0.90232628131526127}]
[null,null,null,null,null,null,null,null,null,null,null,null,null,null,null,"RH Camber",null,"Ride Height (mm)",null,null,null,null,null,null,null,null,null,null,null,null,null,"RH Camber",null,"Ride Height (mm)"]
[null,null,null,null,null,null,null,null,null,null,null,null,null,null,null,null,null,{"$f":"R54","v":0},{"$f":"S54","v":2},4,6,8,10,12,14,16,18,20,22,24,null,null,null,{"$f":"AH54","v":0},{"$f":"AI54","v":2},4,6,8,10,12,14,16,18,20,22,24]
[null,null,null,null,null,null,null,null,null,null,null,null,null,null,null,"Roll Angle (Deg)",{"$f":"Q55","v":0},-0.78520180125621908,-0.75034260619908322,-0.72454665273913388,-0.70731986491524901,-0.69826068457415502,-0.69704926425283453,-0.70343678935318665,-0.71723860571646036,-0.73833249880592766,-0.76665205563452254,-0.80218608367503252,-0.84498012516077037,-0.89512628840673969,null,"Roll Angle (Deg)",{"$f":"AG55","v":0},-1.2290410637360933,-1.1279030924575868,-1.0422770168266808,-0.9712469408320098,-0.91405334886768097,-0.87006435752263722,-0.83877589257537988,-0.81978724249366175,-0.81280651984964014,-0.81763297467746154,-0.83415869830012401,-0.8623672205709304,-0.90232628131526127,-3.0050816131049913]
[null,null,null,null,null,null,null,null,null,null,null,null,null,null,null,null,0.5,-1.2693894450879106,-1.2383190572613754,-1.21615710118284,-1.2024382055080169,-1.1967887925267584,-1.1989093883253417,-1.2085734824689764,-1.2256151173403549,-1.2499332937085641,-1.2814781528335262,-1.320256154816599,-1.3663342510728029,-1.419821969204891,null,null,0.5,-1.684583969196259,-1.5897729402808103,-1.5101989221978389,-1.44499012169286,-1.3934264911720722,-1.3549114393587365,-1.3289749574362584,-1.3152557297298941,-1.3134877533394331,-1.3235015757593165,-1.3452200326374066,-1.3786546463897396,-1.4239057069914518,-3.3625225075547611]
[null,null,null,null,null,null,null,null,null,null,null,null,null,null,null,null,1,-1.7551910578617864,-1.727853448602926,-1.7092809060411014,-1.6990363174827232,-1.6967681799212129,-1.7022011531969639,-1.7151281548786323,-1.7354051865645159,-1.7629477293958777,-1.7977255847004812,-1.8397626670850546,-1.8891461672432606,-1.9460033685805926,null,null,1,-2.1428107685146749,-2.0542393430928882,-1.9806304633942768,-1.9211759936031554,-1.875185060600147,-1.8421017076718242,-1.821491421271652,-1.8130198759020431,-1.8164554091225686,-1.831657401276634,-1.8585795127876013,-1.8972661437703464,-1.9478474599572659,-3.7213183882057392]
[null,null,null,null,null,null,null,null,null,null,null,null,null,null,null,null,1.5,-2.2425811619980429,-2.2189276147813977,-2.2039035733940109,-2.1970999829567068,-2.1981890556305279,-2.2069170582240814,-2.2230971212876454,-2.246606011343534,-2.277374291466741,-2.3153963835776494,-2.3607130087675268,-2.4134244708188377,-2.473684302067257,null,null,1.5,-2.6036827421071504,-2.5212491180746373,-2.4535434819372348,-2.3997778441628093,-2.3593108524789526,-2.3316236225236562,-2.3163104397675558,-2.313071967365568,-2.3217056240236946,-2.3421041054208454,-2.3742477535442075,-2.4182126895614013,-2.4741680056607565,-4.0814539796008171]
[null,null,null,null,null,null,null,null,null,null,null,null,null,null,null,null,2,-2.7315377714852254,-2.7115209366718491,-2.7000090502813903,-2.6966177065470465,-2.7010422925454631,-2.7130505897029167,-2.7324771121637501,-2.7592172974313831,-2.7932220689979381,-2.8345003124177364,-2.8831152407495373,-2.9391868247574071,-3.0028868856762472,null,null,2,-3.0671523457672092,-2.9907830393573351,-2.9289056734129537,-2.8807753237179821,-2.8457875028707575,-2.8234610062501173,-2.8134238060122017,-2.8154069674037538,-2.8292406728362334,-2.8548456689922985,-2.8922359785512364,-2.9415171659536901,-3.0028876340661892,-4.4428826064110654]
[null,null,null,null,null,null,null,null,null,null,null,null,null,null,null,null,2.5,-3.2220406826480943,-3.2056187473252353,-3.1975846114685131,-3.1975792543592982,-3.2053211892350095,-3.2205998519202481,-3.2432690024405213,-3.2732426640711201,-3.3104910011161532,-3.3550444094950405,-3.4069828964518205,-3.4664408115837251,-3.5336233548768345,null,null,2.5,-3.5331977692232868,-3.4628131085684108,-3.4066926253977319,-3.3641444702991543,-3.33459677027012,-3.3176029570186261,-3.312824003045002,-3.320022714154844,-3.3390600537693351,-3.3698885336161983,-3.4125511868431624,-3.4671882037101964,-3.5340308359147281,-4.805578441403588]
[null,null,null,null,null,null,null,null,null,null,null,null,null,null,null,null,3,-3.714071091976336,-3.7012044840891338,-3.6966177085642635,-3.6999758231882209,-3.7110200337105885,-3.7295605589212326,-3.755471072912445,-3.7886838075308864,-3.8291906457659359,-3.8770390217368913,-3.9323236686054241,-3.995209989800601,-4.0659154097573227,null,null,3,-4.0017723125498081,-3.9372954814350902,-3.8868833764487278,-3.8498683361595183,-3.8257253698278375,-3.8140398051293283,-3.8145063138001745,-3.8269189640108943,-3.8511693115997763,-3.8872420905007838,-3.9352107885131087,-3.9952496523337184,-4.0676287072404334,-5.1695320067817496]
[null,null,null,null,null,null,null,null,null,null,null,null,null,null,null,null,3.5,-4.2076131200086513,-4.1982659837694252,-4.1970984334308996,-4.2038002454384085,-4.2181346563953257,-4.2399319405850671,-4.2690857058737013,-4.3055482652943811,-4.349328727915255,-4.4004921180980388,-4.4591597165499266,-4.5255106223324892,-4.5997845881355,null,null,3.5,-4.4728537024886954,-4.4142195072866883,-4.3694501638247649,-4.3379282605480025,-4.3191594082409965,-4.3127636280159205,-4.3184678041269606,-4.3360978505827825,-4.3655764908314394,-4.4069188675612017,-4.4602353933846945,-4.5257246217788669,-4.6037027172355147,-5.5346953633007612]
[null,null,null,null,null,null,null,null,null,null,null,null,null,null,null,null,4,-4.7026507929475603,-4.6967901370502609,-4.6990182514532677,-4.7090471641840237,-4.7266622936298832,-4.7517141666912464,-4.7841160130148328,-4.8238371068406947,-4.8709110917520348,-4.9254161210655756,-4.9874998039817529,-5.0573587890590987,-5.1352525978806298,null,null,4,-4.9464082468728501,-4.8935506356632326,-4.8543805680588594,-4.8283122691919012,-4.8148912246384468,-4.8137699766208186,-4.8247081560233358,-4.8475643999675002,-4.8822902709389977,-4.9289333497729206,-4.9876396091442841,-5.0586420343854801,-5.1422912909567637,-5.9010674877983575]
[null,null,null,null,null,null,null,null,null,null,null,null,null,null,null,null,4.5,-5.1991704088099047,-5.1967672974545698,-5.2023695743920548,-5.2157120643404982,-5.2366011037219762,-5.2649073523107583,-5.3005657660515553,-5.3435632581278254,-5.3939517063532714,-5.451829941023103,-5.5173668987406836,-5.5907759572728093,-5.6723480717936541,null,null,4.5,-5.42241117873278,-5.3752743294672678,-5.341654453646397,-5.3210078518676944,-5.3129126190592366,-5.3170562366445688,-5.3332298054302054,-5.3613235652619293,-5.4013224121915524,-5.4533060571503436,-5.5174484934186374,-5.5940305237520809,-5.6834280376372774,-6.2686060845180558]
[null,null,null,null,null,null,null,null,null,null,null,null,null,null,null,null,5,-5.6971597608730118,-5.6981883245144465,-5.7071462638625663,-5.7237915172676894,-5.7479513480899849,-5.7795161759866422,-5.8184423562071643,-5.8647334119021197,-5.9184615767747051,-5.9797439314865537,-6.0487748577928757,-6.1257861424558993,-6.2110944349318533,null,null,5,-5.9008383347933169,-5.8593668703006658,-5.8312579901871047,-5.816005005072328,-5.8132184900532167,-5.8226212743129979,-5.8440351454401114,-5.8773861828223763,-5.9226870974916048,-5.980052086520665,-6.0496914790100726,-6.1319156912106214,-6.2271517978877435,-6.6372823306157471]
[null,null,null,null,null,null,null,null,null,null,null,null,null,null,null,null,5.5,-6.1966081166816958,-6.2010453701274741,-6.2133438555843146,-6.2332853378388018,-6.2607152071008532,-6.2955469071256145,-6.3377513765989386,-6.3873589876769872,-6.4444514047727042,-6.5091794187780829,-6.581744580567654,-6.6624162604048083,-6.7515265264984121,null,null,5.5,-6.3816696872284089,-6.3458146392212145,-6.3231802210847308,-6.3132949601768686,-6.3158058968489801,-6.330467243292472,-6.3571334943662983,-6.3957609168181175,-6.4463982710836421,-6.5091919314833016,-6.5843899560170787,-6.6723360777121297,-6.7735027791314204,-7.0070906818474725]
[null,null,null,null,null,null,null,null,null,null,null,null,null,null,null,null,6,-6.6975064641576827,-6.7053327767555295,-6.7209602870554175,-6.7441913656494572,-6.7748946970845658,-6.8130024445175561,-6.8585042417436188,-6.9114472180518467,-6.9719450292888467,-7.0401545631940126,-7.1163047302918043,-7.2006888946070688,-7.2936697510014437,null,null,6,-6.8648796999949901,-6.8346004448636641,-6.8174092953201617,-6.8128735525062423,-6.8206738473812933,-6.8405977503000495,-6.8725330833518825,-6.9164679196824279,-6.9724821110814794,-7.0407590120533508,-7.1215780408536764,-7.2153353251411581,-7.3225282528042568,-7.3780053606875038]
[null,null,null,null,null,null,null,null,null,null,null,null,null,null,null,null,6.5,-7.1998463925908966,-7.211044612797755,-7.2299917689202413,-7.2565114269988937,-7.2904929866946846,-7.3318887387561533,-7.3807063499405841,-7.437017462953496,-7.5009494194113131,-7.5726821331184402,-7.6524756187138436,-7.7406387609540079,-7.8375579583097927,null,null,6.5,-7.350457582839697,-7.325712560578987,-7.3139381821003289,-7.3147367067720701,-7.3278232608593408,-7.3530166870097844,-7.3902429749710228,-7.4395149710795456,-7.5009543868410553,-7.5747721427996373,-7.6612925258423488,-7.7609449449228798,-7.8742773978658667,-7.7499845746134914]
[null,null,null,null,null,null,null,null,null,null,null,null,null,null,null,null,7,-7.7036225124303153,-7.7181789616146386,-7.7404392042140184,-7.7702487688531203,-7.8075178773932112,-7.8522163181689768,-7.9043740873493498,-7.9640801853723291,-8.0314845954218121,-8.1067976186982307,-8.1902832922581617,-8.2822861224743178,-8.3832277753128537,null,null,7,-7.8383834186938586,-7.8191393184523541,-7.8127599249786659,-7.8188831855932248,-7.8372575699426834,-7.8677374330598031,-7.9102764592282249,-7.9649268842082614,-8.0318396624480073,-8.1112671772069529,-8.203565841067979,-8.3092138686951031,-8.4288077702292572,-8.1230195035061197]
[null,null,null,null,null,null,null,null,null,null,null,null,null,null,null,null,7.5,-8.2088284210352871,-8.2267320377555571,-8.2523028264570808,-8.2854069802942156,-8.3259735535014769,-8.373992119930465,-8.4295168865090631,-8.4926567875517698,-8.5635788697659141,-8.6425131339944095,-8.7297556967697947,-8.8256742687974636,-8.9307169209473365,null,null,7.5,-8.3286456857005522,-8.3148725827935799,-8.313870839784915,-8.3253129822919973,-8.3489822245452832,-8.3847654407290477,-8.4326518293792301,-8.492722673186945,-8.5651658626006384,-8.6502756939275489,-8.7484437609640491,-8.8601940162299115,-8.9861755277136535,-8.4970845569031042]
[null,null,null,null,null,null,null,null,null,null,null,null,null,null,null,null,8,-8.7154599874877619,-8.7367034390644189,-8.7655839772945914,-8.8019892513651321,-8.8458681893928031,-8.8972315563115103,-8.9561520293553603,-9.022759936171763,-9.0972431819714714,-9.1798527958999241,-9.2709209615632968,-9.3708353481257749,-9.4800685733001266,null,null,8,-8.8212316086548839,-8.8129057115618039,-8.8172693665055881,-8.8340302227813474,-8.8630065940806855,-8.9041173484097307,-8.957383625330511,-9.0229224166257698,-9.1009650598316458,-9.1918322177345679,-9.2959672605722243,-9.4139342777045076,-9.5464361364652124,-8.872154504461399]
[null,null,null,null,null,null,null,null,null,null,null,null,null,null,null,null,{"$f":"Q72","v":8.5},-9.2235157935709022,-9.2480942362646115,-9.280288016490962,-9.3200036774994075,-9.3672125085761078,-9.4219433604834784,-9.4842938357664313,-9.5544094880484209,-9.6325047240664041,-9.7188573552920126,-9.8138164158995114,-9.9178007069589782,-10.031322964066703,null,null,8.5,-9.3161334005572805,-9.3132340530115805,-9.3229550055957393,-9.3450397806010539,-9.379336691198219,-9.4258052275980528,-9.4844937366111832,-9.5555598035008611,-9.6392678949957418,-9.7359802161803053,-9.8461835897915169,-9.9704926258018798,-10.109653008801448,-9.248209796348835]
[null,null,null,null,null,null,null,null,null,null,null,null,null,null,null,null,9,-9.7329939299967574,-9.7609047932596784,-9.7964169125911198,-9.8394554957458347,-9.8900157074636414,-9.9481461162694131,-10.013958117968048,-10.087629106107476,-10.169388359401168,-10.259546778689423,-10.358469423176054,-10.466615544962426,-10.584525622647385,null,null,9,-9.8133428771184192,-9.8158552424737398,-9.8309301406015628,-9.8583477678321287,-9.8979899517432752,-9.9498474387862412,-10.014005023010563,-10.090661812668721,-10.180111264447538,-10.282758108968537,-10.399141103640332,-10.529923027630181,-10.675911451595688,-9.6252285570814262]
[null,null,null,null,null,null,null,null,null,null,null,null,null,null,null,null,9.5,-10.243893779845362,-10.27514025164832,-10.313978499009023,-10.360358387302716,-10.414290475138772,-10.475850607030619,-10.545168464458117,-10.622438573498492,-10.707923267959197,-10.801949258220514,-10.904919174177573,-11.017319928361738,-11.139719547246179,null,null,{"$f":"AG74","v":9.5},-10.312855026270633,-10.320768152748292,-10.341200330745153,-10.373962660375492,-10.418976852686216,-10.476261755345122,-10.545946546184142,-10.628254748054269,-10.723529746773208,-10.832219048677105,-10.954899906720405,-11.092295993600542,-11.245267695108664,-10.003205629872761]
[null,null,null,null,null,null,null,null,null,null,null,null,null,null,null,null,10,-10.75621820586953,-10.790800894706937,-10.832979346753524,-10.882716335299017,-10.940051808420865,-11.00507239283254,-11.077939503037937,-11.158863425739479,-11.248133807671257,-11.346105817562259,-11.453206755126976,-11.569956739903335,null,null,null,10,-10.814666693844718,-10.827974731699848,-10.853770030448661,-10.891898459375827,-10.942314221313664,-11.005072841965633,-11.080340487649126,-11.168376417113524,-11.269564908443236,-11.384401139268364,-11.513515916591082,-11.657676353339809,null,-10.382092719524634]
[null,null,null,null,null,null,null,null,null,null,null,null,null,null,null,null,null,null,null,null,null,null,null,null,null,null,null,null,null,null,null,null,null,-2.2135862412786063,-2.2984940076061942,-2.392909110837643,-2.4966665531447818,-2.6096992097866885,-2.732028012773676,-2.8637672892800228,-3.0050816131049913,-3.156238028261908,-3.3175907995190697,-3.4895720878308278,-3.6727164415450289,-3.8676463654870843,-3.0050816131049913]

{"sheet":"Lookup Tables","index":4,"n_rows":41,"n_cols":71,"rows_kept":41,"cut":false,"hidden":true,"merged":[]}
[]
[null,"Item","Options"]
[null,"Lower Gearbox Housings","Std"]
[null,"Antisquat Spacers",0,1,2,3,4,5]
[null,"Rear Toe Block",3,4]
[null,"Rear Hubs","-1 deg","Std","+1 deg"]
[null,"Rear Hub Hole Pos.","Inner","Centre","Outer"]
[null,"Rear Track","Std","Wide"]
[null,"Upper Link",34,39,44,49]
[null,"Upper Link Spacers",0,1,2,3,4,5,6,7,8,9,10]
[null,"Upper Ball Stud Spacers",0,1,2,3,4,5,6,7,8,9,10]
[null,"Lower Wishbones","Std"]
[null,"Upper Wishbones",58,58.25,58.5,58.75,59,59.25,59.5,59.75,60,60.25,60.5,60.75,61,61.25,61.5,61.75,62,62.25,62.5,62.75,63,63.25,63.5,63.75,64,64.25,64.5,64.75,65,65.25,65.5,65.75,66,66.25,66.5,66.75,67,67.25,67.5,67.75,68,68.25,68.5,68.75,69,69.25,69.5,69.75,70,70.25,70.5,70.75,71,71.25,71.5,71.75,72,72.25,72.5,72.75,73,73.25,73.5,73.75,74,74.25,74.5,74.75,75]
[null,"Tyres","Minispike"]
[]
[null,{"$f":"B3","v":"Lower Gearbox Housings"},"L.Pivot height above ref. plane","Distance between L.Pivots"]
[null,{"$f":"C3","v":"Std"},7,32]
[]
[null,{"$f":"B5","v":"Rear Toe Block"},"Width"]
[null,{"$f":"C5","v":3},36]
[null,{"$f":"D5","v":4},37.5]
[]
[null,{"$f":"B6","v":"Rear Hubs"},"Height","Width offset","Height offset"]
[null,{"$f":"C6","v":"-1 deg"},28,14,6]
[null,{"$f":"D6","v":"Std"},28,14,6]
[null,{"$f":"E6","v":"+1 deg"},28,14,6]
[]
[null,{"$f":"B7","v":"Rear Hub Hole Pos."},"Width"]
[null,{"$f":"C7","v":"Inner"},8]
[null,{"$f":"D7","v":"Centre"},4]
[null,{"$f":"E7","v":"Outer"},0]
[]
[null,"Rear Track","Rear hub offset"]
[null,{"$f":"C8","v":"Std"},3.5]
[null,{"$f":"D8","v":"Wide"},2.5]
[]
[null,{"$f":"B12","v":"Lower Wishbones"},"Length"]
[null,{"$f":"C12","v":"Std"},74]
[]
[null,{"$f":"B14","v":"Tyres"},"Centre diameter","Edge diameter"]
[null,{"$f":"C14","v":"Minispike"},84,74]

{"sheet":"Stored data","index":5,"n_rows":1104,"n_cols":25,"rows_kept":1104,"cut":false,"hidden":true,"merged":[]}
["Reference","Std03StdCentreWide3420Std69.25Minispike","Std03StdCentreWide3420Std70.25Minispike","Std03StdCentreWide3920Std67.25Minispike","Std03StdCentreWide4420Std65.5Minispike","Std03StdCentreWide4920Std63Minispike","Std03StdCentreWide4440Std65Minispike","Std03StdCentreWide4940Std62.5Minispike","Std03StdCentreWide3440Std69.75Minispike","Std03StdCentreWide3940Std67.5Minispike","Std03StdCentreWide3400Std70.75Minispike","Std03StdCentreWide3900Std68.25Minispike","Std03StdCentreWide4400Std66Minispike","Std03StdCentreWide4900Std63.5Minispike","Std03StdInnerWide4420Std61Minispike","Std03StdInnerWide4920Std58.75Minispike","Std03StdInnerWide3420Std66.25Minispike","Std03StdInnerWide3920Std64Minispike","Std03StdOuterWide3420Std74.25Minispike","Std03StdOuterWide3920Std71.75Minispike","Std03StdOuterWide4420Std69.25Minispike","Std03StdOuterWide4920Std67Minispike","Std03StdCentreWide3920Std67.75Minispike","Std03StdCentreWide3960Std67Minispike","Std03StdCentreWide3460Std69.5Minispike"]
[{"$f":"'Cougar SV Rear Geometry'!B6","v":"Lower Gearbox Housings"},"Std","Std","Std","Std","Std","Std","Std","Std","Std","Std","Std","Std","Std","Std","Std","Std","Std","Std","Std","Std","Std","Std","Std","Std"]
[{"$f":"'Cougar SV Rear Geometry'!B7","v":"Antisquat Spacers"},0,0,0,0,0,0,0,0,0,0,0,0,0,0,0,0,0,0,0,0,0,0,0,0]
[{"$f":"'Cougar SV Rear Geometry'!B8","v":"Rear Toe Block"},3,3,3,3,3,3,3,3,3,3,3,3,3,3,3,3,3,3,3,3,3,3,3,3]
[{"$f":"'Cougar SV Rear Geometry'!B9","v":"Rear Hubs"},"Std","Std","Std","Std","Std","Std","Std","Std","Std","Std","Std","Std","Std","Std","Std","Std","Std","Std","Std","Std","Std","Std","Std","Std"]
[{"$f":"'Cougar SV Rear Geometry'!B10","v":"Rear Hub Hole Pos."},"Centre","Centre","Centre","Centre","Centre","Centre","Centre","Centre","Centre","Centre","Centre","Centre","Centre","Inner","Inner","Inner","Inner","Outer","Outer","Outer","Outer","Centre","Centre","Centre"]
[{"$f":"'Cougar SV Rear Geometry'!B11","v":"Rear Track"},"Wide","Wide","Wide","Wide","Wide","Wide","Wide","Wide","Wide","Wide","Wide","Wide","Wide","Wide","Wide","Wide","Wide","Wide","Wide","Wide","Wide","Wide","Wide","Wide"]
[{"$f":"'Cougar SV Rear Geometry'!I6","v":"Upper Link"},34,34,39,44,49,44,49,34,39,34,39,44,49,44,49,34,39,34,39,44,49,39,39,34]
[{"$f":"'Cougar SV Rear Geometry'!I7","v":"Upper Link Spacers"},2,2,2,2,2,4,4,4,4,0,0,0,0,2,2,2,2,2,2,2,2,2,6,6]
[{"$f":"'Cougar SV Rear Geometry'!I8","v":"Upper Ball Stud Spacers"},0,0,0,0,0,0,0,0,0,0,0,0,0,0,0,0,0,0,0,0,0,0,0,0]
[{"$f":"'Cougar SV Rear Geometry'!I9","v":"Lower Wishbones"},"Std","Std","Std","Std","Std","Std","Std","Std","Std","Std","Std","Std","Std","Std","Std","Std","Std","Std","Std","Std","Std","Std","Std","Std"]
[{"$f":"'Cougar SV Rear Geometry'!I10","v":"Upper Wishbones"},69.25,70.25,67.25,65.5,63,65,62.5,69.75,67.5,70.75,68.25,66,63.5,61,58.75,66.25,64,74.25,71.75,69.25,67,67.75,67,69.5]
[{"$f":"'Cougar SV Rear Geometry'!I11","v":"Tyres"},"Minispike","Minispike","Minispike","Minispike","Minispike","Minispike","Minispike","Minispike","Minispike","Minispike","Minispike","Minispike","Minispike","Minispike","Minispike","Minispike","Minispike","Minispike","Minispike","Minispike","Minispike","Minispike","Minispike","Minispike"]
[null,-30.376103588509817,-31.242855724809377,-28.204380527229105,-26.051847427231031,-23.13095537481265,-30.123471586106565,-27.25512947958013,-35.177137972724445,-32.84768917871726,-27.433386667808833,-24.760031359455596,-22.131007227859488,-19.171383246286833,-22.751486680782662,-19.987709214866456,-28.18807215550121,-25.719390559355826,-34.577421464880139,-31.906961536205653,-29.106509788566424,-26.443388160050013,-28.614635007938045,-36.995188076029962,-39.517312810411298]
[null,-27.986078265455763,-28.802394447602037,-26.011909003657589,-24.061187858124971,-21.379410163645332,-28.074649170462976,-25.459668143517575,-32.657379226142631,-30.551790544306765,-25.058943405613189,-22.600296150515721,-20.183643813201435,-17.448605469468745,-20.955589639302968,-18.399867520367323,-25.970748117591512,-23.699418929120267,-31.851214539303371,-29.433212729454667,-26.890719652815033,-24.480554069084931,-26.400774195270483,-34.613829159883032,-36.883921827068015]
[null,-25.58766657022354,-26.355420845004531,-23.799695381732249,-22.039127402736735,-19.585687533582124,-25.997108751172625,-23.622727912587319,-30.137370596648129,-28.241489538236532,-22.673647986309984,-20.418522540278246,-18.20432620227097,-15.684900770962408,-19.128345988998838,-16.77327952539898,-23.738824061315629,-21.655847693685054,-29.135369327054633,-26.951686309310141,-24.650262316103124,-22.477384735741165,-24.167554438238575,-32.22539042074056,-34.260775666622621]
[null,-23.181258518212296,-23.90199411346337,-21.569288572630818,-19.988492174901356,-17.753171844366758,-23.8940242317634,-21.748194200538414,-27.617348260954458,-25.91821385720117,-20.277953110321057,-18.216534414282059,-16.195431610159101,-13.883142556149952,-17.272480019245236,-15.111150462343392,-21.493415499491647,-19.590551807006886,-26.428418557396995,-24.462918980359955,-22.387407312416769,-20.437696979257158,-21.916587857399104,-29.831266273535267,-31.647049505754282]
[null,-20.767474726629121,-21.442641658306627,-19.322057964265134,-17.911705225748634,-15.885151469741457,-21.768141741814503,-19.839984706290497,-25.097001451683468,-23.583600010347112,-17.872288183947738,-15.995395246265209,-14.158900275435663,-12.045823633106554,-15.390232605438566,-13.41633181256852,-19.235549999602497,-17.505331794410669,-23.72865266838798,-21.967394130043029,-20.104135045526238,-18.364766532067144,-19.649134043670525,-27.432748155586651,-29.041873082149429]
[null,-18.346217972614411,-18.977205731099595,-17.059495520221692,-15.810767296185755,-13.984390855064992,-19.621442811856014,-17.901418638792777,-22.576383509008572,-21.238429260434923,-15.45680549579855,-13.756372385365653,-12.096657985951998,-10.175432910282549,-13.483940120654269,-11.691508417516612,-16.966023465923307,-15.401576434473986,-21.035017866191257,-19.465370845652672,-17.802261797821821,-16.261423117751747,-17.366515196761867,-25.030657562316105,-26.444946753484341]
[null,-15.917964199410807,-16.505870165763909,-14.782197080173921,-13.687414941797444,-12.053476901218719,-17.456238591584917,-15.935318792887294,-20.055169183113669,-18.883683974263693,-13.03191557783159,-11.500279206470291,-10.010062044244318,-8.2739079096663737,-11.555460442706405,-9.9391697102138785,-14.685375198342653,-13.280858628233858,-18.346166033799957,-16.956961701712682,-15.482972146065141,-14.130145661047788,-15.069558431821676,-22.625988155011513,-23.855030115754762]
[null,-13.482661862665774,-14.028475443694731,-12.491347262134751,-11.543294479231744,-10.094587323261866,-15.274226465423057,-13.944420181798549,-17.532996021322489,-16.520237573593395,-10.597364823331457,-9.2277674782464434,-7.9006592287922954,-6.343136138938589,-9.6067319424338535,-8.1617896211280634,-12.39431547727275,-11.144086558267482,-15.660906740981664,-14.442202112942377,-13.147490146871633,-11.972954779115033,-12.759134047906935,-20.219097819285775,-21.272070102195066]
[null,-11.040279530643675,-11.544886070994004,-10.187427592210108,-9.3797052516810311,-8.1097354689826258,-13.076866579466564,-11.931299833541482,-15.009544865911357,-14.148635209716284,-8.1532188095259137,-6.9394789457408397,-5.7694865835939373,-4.3849200388865546,-7.6395414751070616,-6.361484016309082,-10.093217541576024,-8.9925999561182266,-12.977978370164211,-11.920863157952949,-10.796515697448958,-9.7918053397562339,-10.435724515292117,-17.810827906587512,-18.695146368424293]
[null,-8.5907064686643579,-9.054928875237529,-7.8709822404869199,-7.1978357721310742,-6.1009098581566708,-10.865476174024529,-9.8981924615080548,-12.484629539714875,-11.769460714236695,-5.6993380600167818,-4.6358913034381306,-3.6175266130284522,-2.4006186943010692,-5.6553895550256499,-4.5404744602254103,-7.782390765389092,-6.8272389912747178,-10.296247170862001,-9.392819392342501,-8.4309729792252135,-7.5880200081195381,-8.1001019550511408,-15.4019146379059,-16.123764503535917]
[null,-6.1337585623977589,-6.557932516097198,-5.5425759836757846,-4.998393008462207,-4.0696897509763099,-8.6415861906282156,-7.8470449374418063,-9.9577377728067109,-9.3831200249122162,-3.2353343176643077,-2.3173315705581823,-1.4453465163734156,-0.39127833207233298,-3.6560468309821368,-2.7008688032691541,-5.4622469549783688,-4.648820932534302,-7.6145380740097748,-6.8578849382304794,-6.0512634125212381,-5.3627344086064399,-5.752275157692563,-12.992552009851162,-13.557391186725972]
[null,-3.6692387316580639,-4.0538012995898001,-3.202389684570921,-2.7828983820109392,-2.0170058440236289,-6.4060667612574012,-5.7799877060048903,-7.4282851300990043,-6.9895855770641484,-0.76072673062379592,1.6332539624405177E-2,0.74567736820055641,1.6413488413159434,-1.6426853157053891,-0.84479882398932027,-3.1328907663509451,-2.4577098935442656,-4.931455306143766,-4.3151986479017488,-3.6578188378451548,-3.1177288564006633,-3.3927401226203222,-10.583238876582286,-10.995375304058006]
[null,-1.1966581432245289,-1.5416337083563096,-0.8506919774335675,-0.55174531088503909,5.4474515625850935E-2,-4.1601704314519372,-3.6989087557797142,-4.8960173632284247,-4.5894857863562635,1.7243340965677625,2.3643798941092125,2.9553327784781493,3.696429487000243,0.38290617175484298,1.0257145003718746,-0.79454091360470125,-0.25541797669338168,-2.2454465594407056,-1.7642485966942458,-1.2507834727312319,-0.85346507949889505,-1.0216177976345866,-8.1747826822480256,-8.4375668058346776]
[null,-30.174459333079188,-30.993453572340528,-28.160844537336679,-26.169760595832063,-23.443445050424042,-30.209506340840271,-27.548944982541027,-34.87579597892011,-32.729941624205466,-27.225039400129528,-24.726478493158915,-22.26883167647846,-19.490325653181269,-23.023411664786813,-20.425844477863144,-28.119051487602654,-25.80941503659146,-34.092115537555138,-31.631795297739735,-29.044633175486499,-26.588837328098208,-28.551258446530742,-36.821375760294032,-39.132863193743596]
[null,-27.760843240063188,-28.529718551737123,-25.937172089448989,-24.139932490899763,-21.646618959936134,-28.121678890028484,-25.706771595789608,-32.336491407543299,-30.404432611279869,-24.825489383477144,-22.534799233397294,-20.283706813558844,-17.725314705186108,-21.191661261370079,-18.798794464819121,-25.874402174656293,-23.756795992326381,-31.354079955975706,-29.133430936826191,-26.792493129009699,-24.579155841901887,-26.305949998487435,-34.414751651058566,-36.486721230236633]
[null,-25.340590761979612,-26.061094552341537,-23.695670572108938,-22.081418120639459,-19.810478628787735,-26.008586354767289,-23.826578234206831,-29.798601483020736,-28.067037343483484,-22.416513151106745,-20.323251936818682,-18.268685659738352,-15.921427571435515,-19.33090881544133,-17.135225633378525,-23.61710510292442,-21.682654340561641,-28.627106439270527,-26.628781628338281,-24.518387726014424,-22.532380806621781,-24.043338191035296,-32.003888456286035,-33.852196187777025]
[null,-22.913497203227831,-23.5876119668455,-21.438179657199967,-19.996769818585374,-17.938198281008368,-23.87286925649904,-21.912247840651606,-27.262112991406791,-25.718895880922268,-19.998517168182783,-18.09296382271328,-16.22610193774976,-14.081481056355878,-17.443493415225682,-15.438331862232427,-21.347992263970518,-19.58879308505669,-25.909345117659921,-24.118937005054981,-22.224391542906183,-20.452440087488338,-21.764979683843567,-29.589712306408206,-31.227950477674259]
[null,-20.480430737726309,-21.109187067086051,-19.16586223221675,-17.888206034880476,-16.032912823868735,-21.716787720391796,-19.967491875068248,-24.726620463875896,-23.361401775915205,-17.571834782182449,-15.845157748175984,-14.157688117051471,-12.208006417979034,-15.532034246805498,-13.710911026977643,-19.067992477529927,-17.476927373495599,-23.19946995776224,-21.603537236032402,-19.912304798965565,-18.341933810840285,-19.472190115020958,-27.173398053154788,-28.61401052718584]
[null,-18.041378312382967,-18.625990000058572,-16.87955071647119,-15.757518451643586,-14.097237886158121,-19.542569688719521,-17.994933179144684,-22.191988092927069,-20.995337108005746,-15.13663866705963,-13.580854860478922,-12.065112844687423,-10.303138946734899,-13.598301977882032,-11.955581965509486,-16.777434075216949,-15.348131764967803,-20.496138075960022,-19.083128843506149,-17.583571406674846,-16.203762594348106,-17.165676136618593,-24.755485238034797,-26.008850943053027]
[null,-15.596205090841393,-16.137852411034718,-14.5802047764851,-13.606271567027257,-12.133421500811547,-17.352070343122392,-15.997945036123012,-19.657682699607641,-18.621436103680015,-12.692642056840873,-11.300828338926243,-9.9498529331808339,-8.3687472000826393,-11.644269412618426,-10.174859006360187,-14.477499933643058,-13.203948728097359,-17.797854655906931,-16.557233386266002,-15.2393766608358,-14.040093919284372,-14.846148785340445,-22.336423457629426,-23.411766044999975]
[null,-13.145069300078831,-13.644772332281587,-12.268629099519128,-11.436101309523819,-10.143917598453191,-15.146805168443072,-13.978622857610976,-17.123581697301905,-16.240306852998678,-10.240147285049936,-9.0057426978647861,-7.8131979481191687,-6.4067861260024186,-9.6720244802681936,-8.3711308717875461,-12.167952529824662,-11.045444470233447,-15.103662767723561,-14.026384376518747,-12.880516560595211,-11.852366781657594,-12.514806997227604,-19.917313020887853,-20.822720365646003]
[null,-10.68787314040118,-11.146291980077489,-9.9454222044534397,-9.2480792978345558,-8.1303108993747486,-12.928225491787813,-11.939628445452261,-14.589137186194028,-13.85264619663953,-7.7792719229227201,-6.6962715662717658,-5.6562386810772143,-4.4188508812674252,-7.6829049215689373,-6.5465907411890312,-9.8497872364651968,-8.8734613143217906,-12.412344397911141,-11.489755247358675,-10.507826641607556,-9.6430452073077699,-10.172000412645609,-17.49855205165111,-18.240340246623042]
[null,-8.2247528401059853,-8.6427189879680508,-7.6112772734015808,-7.0436489866027747,-6.0948118885197955,-10.697634589412942,-9.8830053789228582,-12.053996480050339,-11.458898703021076,-5.3105384997976044,-4.3731835304902829,-3.4802040517300243,-2.4063546688488948,-5.6786056862233387,-4.7034986102300067,-7.5232987549034949,-6.6893280724088298,-9.7230118863000641,-8.9478674904800215,-8.1223173236405213,-7.4129245357214355,-7.818087646917439,-15.080407482305088,-15.664437200406011]
[null,-5.755563456026656,-6.1337472415316592,-5.266439480361746,-4.823524299317266,-4.0383946358532743,-8.4566365252187765,-7.8108935186825512,-9.5180094831269706,-9.0590361355974078,-2.8358641928428541,-2.0393332784844391,-1.2877335695136809,-0.37058163591648602,-3.6608113847088313,-2.8442623107016591,-5.1888753686669924,-4.493626942337138,-7.034799221878667,-6.4006291234570272,-5.7243466574123687,-5.163544509732505,-5.453921815137595,-12.66355481934224,-13.094682144719435]
[null,-3.2822251082277951,-3.6207780362805302,-2.9128913854039999,-2.5895165344657496,-1.9633572133768762,-6.2059521709018384,-5.725238933039698,-6.980868678926119,-6.6539613782139355,-0.39212822604357483,1.6305835104432524,0.94245553884449906,1.6886906104343997,-1.6310247630921757,-0.97286013272026051,-2.8483200194259499,-2.2878838540704893,-4.3489516428673811,-3.8492267257819717,-3.3157575547387825,-2.8970302710877909,-3.0808531798944139,-10.248561066215551,-10.530054846774046]
[null,-0.82107517485245762,-1.1174295782739805,-0.56724362240015491,-0.35622188377275998,0.15556803369474234,-3.946697036716305,-3.6278465845086791,-4.4435133808642773,-4.2445952555957192,2.1987162379409737,2.7011728687553287,3.1665783575428459,3.7683853122808482,0.40971572746772589,0.92076557489740651,-0.51852649390308669,-0.10132547293982272,-1.6769976992470681,-1.3059709219462274,-0.90924552738140829,-0.62341274391617407,-0.71342403616776962,-7.8362337103949544,-7.9710680290080624]
[null,-29.968695193962088,-30.740419304006032,-28.110965318563327,-26.279785399289647,-23.748593388115314,-30.28750925358284,-27.834690752378723,-34.572119966569865,-32.60658249664634,-27.012130698274294,-24.686263832308764,-22.399103667178213,-19.80314496595502,-23.289402035511365,-20.86049342784349,-28.044493165406085,-25.89270257114914,-33.608387264503641,-31.353068676861646,-28.975457704390475,-26.72495809812478,-28.481508082101691,-36.643218147720113,-38.748675864096732]
[null,-27.532071717350899,-28.254146046158102,-25.856380851179917,-24.211279467428579,-21.906710312099317,-28.161688035857836,-25.946064790713475,-32.014029619585834,-30.252017561888692,-24.588192728983675,-22.463261124306527,-20.37646763542212,-17.995732903464248,-21.422101397558098,-19.194189554173708,-25.773135629799473,-23.807898031371799,-30.859362170595677,-28.830482728646974,-26.687656832930333,-24.668789813085425,-26.205156040660118,-34.21248349908754,-36.090364450956265]
[null,-25.090383827747615,-25.764595369167886,-23.586554334957679,-22.116827288857198,-20.028296656753071,-26.013515574353601,-24.023241611243215,-29.458926654942271,-27.888314717627079,-22.156481186469325,-20.222354384457006,-18.326211576957672,-16.15179700093163,-19.527989857041302,-17.493821089700496,-23.490945242433995,-21.703620109203371,-28.121706241581649,-26.303810170976746,-24.380622495674015,-22.579204361290426,-23.913976167349944,-31.779565166176525,-33.444825071385431]
[null,-22.643712609714889,-23.271526005050312,-21.302497544419722,-19.998630700994756,-18.116552099516326,-23.845694817679203,-22.069467579534333,-26.906723337942985,-25.516415696646057,-19.717075353549397,-17.964406776680597,-16.250123552767462,-14.273778648471726,-17.609493156248607,-15.762320869313786,-21.198679257225105,-19.58173863249803,-25.394350908924896,-23.773518478339106,-22.056486972147017,-20.459459609313804,-21.608878720304304,-29.34619572121483,-30.811278004584846]
[null,-20.192155104228409,-20.775155633187811,-19.005459786882049,-17.858683079217123,-16.174228546128376,-21.660272747667225,-20.088336519421539,-24.356868696945099,-23.136708389070012,-17.270146240042806,-15.690723834072317,-14.150218401249806,-12.364161799419371,-15.668787721752473,-14.002477347092571,-18.896900947339667,-17.443432349052483,-22.675093669418828,-21.239380463206565,-19.716260245537615,-18.312173911699496,-19.291184144561111,-26.912905254203991,-28.188765878265972]
[null,-17.735894937764652,-18.275081382639168,-16.6962931980386,-15.698762400348365,-14.203866599531645,-19.459183241065492,-18.082704457352193,-21.809057997293234,-20.750485541727873,-14.816015452559988,-13.40193013742998,-12.02785045296535,-10.424840224877707,-13.707957527327109,-12.216993955276569,-16.58635372120894,-15.290250902554797,-19.963048946785026,-18.701372225582084,-17.361582721635273,-16.139739457310462,-16.961510108750133,-24.479702351365582,-25.576157026886854]
[null,-15.274874942596478,-15.771413685300484,-14.375728198705628,-13.520354663602353,-12.207689637673095,-17.243958231198373,-16.055108467876273,-19.26269373478997,-18.358598890770313,-12.354515513892485,-11.099010186953539,-9.884472029039328,-8.4578771889285829,-11.72879747168175,-10.408105316375355,-14.267466374328945,-13.123153459130362,-17.257266377703683,-16.159823316223203,-14.99333838336708,-13.944107570193408,-14.620738194847386,-22.047709219538206,-22.972988974391882]
[null,-12.809193645570566,-13.263964622605849,-12.044454018119001,-11.324982462350482,-10.187696244531464,-15.016570217960505,-14.007974976516675,-16.717849625420577,-15.9606992778773,-9.8859771783041452,-8.7825165991037988,-7.7211787494595674,-6.4649531531513311,-9.7332442151165193,-8.5785132798429835,-11.94077585986698,-10.943365190855584,-14.555901317775531,-13.614169630754413,-12.612361499287998,-11.727156634132006,-12.269456057033361,-19.617038148802564,-20.378398215953496]
[null,-10.33893236021324,-10.752788598371112,-9.7032397057224884,-9.1134722464070688,-8.1460086124589903,-12.777546431738735,-11.943991066332233,-14.173682371903316,-13.557740801198163,-7.4114067800177565,-6.4534935113636651,-5.539540336550683,-4.4475312918266106,-7.7226906610932256,-6.7301759214686889,-9.6067059426115406,-8.752045206869548,-11.858618259296593,-11.064731053971775,-10.219750069328457,-9.4902726512551201,-9.9084546526473183,-17.18839969076436,-17.791796635687646]
[null,-7.8644743799691552,-8.2382250771688721,-7.3528409635974326,-6.8873020463315591,-6.0838220735519162,-10.52869730859825,-9.864361795822008,-11.630189062478339,-11.150482462440509,-4.932589085344647,-4.1145321218463637,-3.3409406220529125,-2.4067822877824741,-5.6987759303977938,-4.8657915187393028,-7.2662928418675499,-6.5497093840217335,-9.165398274965904,-8.5117987319977875,-7.8160135139656335,-7.2350405302161267,-7.5383547812355696,-14.762517345997457,-15.212714281619075]
[null,-5.3875590950067531,-5.7218223780883211,-4.9947916774134757,-4.6478708324787172,-4.0030585573161224,-8.2711809131733656,-7.7719922312006577,-9.0877835397132856,-8.7391445450267078,-2.459823209339306,-1.775529044551782,-1.1344556264700947,-0.34517637004568857,-3.6630215667654871,-2.9884686201770414,-4.920567775531981,-4.3382811105049619,-6.4773082856491149,-5.9573033317586281,-5.4033130938967249,-4.9634872402994024,-5.160801456112786,-12.339569494493974,-12.641002101008068]
[null,-2.9151096587544134,-3.2105533285423591,-2.6349060108635123,-2.3996475079738944,-1.9059024710374595,-6.0067531263402119,-5.6681734208718533,-6.5472000084169499,-6.3253526184650841,-0.14241245148057829,4.7325237804430538,1.1646024446132714,1.7405445840557365,-1.6173195874372339,-1.1081189833117657,-2.5751688007772549,-2.1214960749192668,-3.8024064542220715,-3.4080962204808456,-2.9876438679225807,-2.680010645894241,-2.7814798587964278,-9.9202077695142332,-10.076141295210499]
[null,-0.51466765565866146,-0.75945739597783224,-0.33892351562131212,-0.20113934793043051,0.30020227470696154,-3.737546573919019,-3.5555392553854017,-4.0129678699894171,-3.9124634346655034,2.7315149846637197,3.0623721382670821,3.3881052006974559,3.8448355821096589,0.43879274521588901,0.82351814484135688,-0.29954218919018294,-1.6406121890156913E-2,-1.1903815640084723,-0.91434312658402295,-0.61949150402218156,-0.42645518411371747,-0.45820670468549468,-7.5061055510005534,-7.5195769963545649]
[null,-29.759080690271322,-30.483997581904774,-28.054944374486716,-26.382412787363801,-24.046634096795653,-30.358286827358729,-28.112712966482647,-34.266532516182835,-32.477712015246013,-26.795345145659418,-24.639751285463753,-22.522284624373729,-20.109834745369358,-23.549781487562385,-21.291941838893155,-27.96460337917916,-25.969643703857361,-33.126344142058372,-31.070854609342636,-28.899152735013182,-26.852161478584748,-28.40576493528151,-36.461537998733405,-38.364430963199489]
[null,-27.300088385892707,-27.975917223882245,-25.770168158302138,-24.27555778984199,-22.159858585118386,-28.194826583192953,-26.178176359621883,-31.690115542402513,-30.095280755237731,-24.347616609108197,-22.386036465921418,-20.46240624220901,-18.260251588961513,-21.6470338425056,-19.586495126044831,-25.667198087312791,-23.853054270656742,-30.366525529521745,-28.525018753648009,-26.576405731376425,-24.750184424550721,-26.099019681584153,-34.006863778225679,-35.694606971804426]
[null,-24.837604310276021,-25.46604997820906,-23.472420576574489,-22.145524143810768,-20.239464890923944,-26.012393686413073,-24.212923218352163,-29.118703587030208,-27.705912120856041,-21.893586064889234,-20.116037864983369,-18.377044577765425,-16.37615109441272,-19.719811338407883,-17.849287290302581,-23.360697004151131,-21.719097788441925,-27.619284094355852,-25.977153048701464,-24.237451586451339,-22.618243588925729,-23.779716493044862,-31.553264777283285,-33.038841991852976]
[null,-22.371734244746037,-22.954360040609401,-21.16261316726882,-19.994285865297673,-18.288506564955327,-23.813068209724424,-22.220345076947233,-26.55124692165553,-25.310569531552208,-19.433589827939688,-17.831190296503156,-16.26798591548906,-14.460197497378903,-17.770576983647839,-16.08331446886222,-21.045650144176086,-19.569457909110156,-24.882659325223429,-23.427165808701677,-21.883464352207369,-20.459359656462407,-21.448714001131922,-29.101133440329161,-30.396293484161614]
[null,-19.902704562793094,-20.440668048076684,-18.841540957865284,-17.823624432496509,-16.309478468358538,-21.598955319019336,-20.20351620003564,-23.988176023017871,-22.90971964807871,-16.967381214630908,-15.531929725311361,-14.136906350928495,-12.514432722492822,-15.801152748604334,-14.291316600425457,-18.723071916901461,-17.405586962129579,-22.155606622706607,-20.875108399557547,-19.516210255074974,-18.275762479510423,-19.106740350115718,-26.651152498280396,-27.766030006425208]
[null,-17.430084985985768,-17.924708893983293,-16.510209761521335,-15.635006487057248,-14.304716956782467,-19.371625325915069,-18.165005811001482,-21.427852330966559,-20.504226566710521,-14.495337173154843,-13.219541865952751,-11.985150831543674,-10.541060994339343,-13.813506633958147,-12.475806592009825,-16.392968042393679,-15.228170986905436,-19.436302400817258,-18.321001420891481,-17.136656619117574,-16.069789568075482,-16.754754099944346,-24.203773728694372,-25.146818312815068]
[null,-14.95419912621032,-15.406750439673939,-14.169007804283815,-13.430165344715171,-12.276330603288685,-17.132534572700933,-16.107759739009662,-18.870548021428988,-18.094451666209938,-12.017782435443003,-10.894483258664087,-9.8140773966666828,-8.5415381455923214,-11.809551567130763,-10.639256373300876,-14.056047636443314,-13.03887682763088,-16.723529211678628,-15.764466417935374,-14.745120856551827,-13.843194350003293,-14.393285890170294,-21.759243215367945,-22.538132127653718]
[null,-12.475278777833251,-12.886280086828137,-11.819063565515258,-11.209996141868102,-10.226606661439503,-14.883101307581201,-14.033267602222073,-16.315719195704872,-15.680761428931232,-9.5352448478470127,-8.5579693984206227,-7.6250407037957295,-6.5175959803390677,-9.7909416590031952,-8.7842091871883063,-11.713161967965139,-10.838577277223976,-14.017004956876006,-13.205670240856881,-12.34343191781455,-11.597249351731522,-12.023312786874667,-19.318095675399977,-19.939038167886334]
[null,-9.9935519393822858,-10.364270653311024,-9.4608575016902137,-8.9755576132527448,-8.1567885122717474,-12.62464354814246,-11.944273123727719,-13.763035594537342,-13.264157895710557,-7.0493165540019724,-6.2116940588769056,-5.419214614094729,-4.4708925704469733,-7.7591901869777606,-6.9128195720079404,-9.3643494677509747,-8.628094480461014,-11.316632645753472,-10.645136564812949,-9.9319626954806655,-9.3341257886932638,-9.645294293819429,-16.880755083018723,-17.349352555209975]
[null,-7.5102133817965706,-7.8414273827423928,-7.0960446026615287,-6.728882404771559,-6.0687692541307854,-10.358559983526275,-9.842655597491099,-11.21329786381428,-10.844578124072479,-4.5657581485892598,-3.8600847581737154,-3.2002594416101373,-2.4023623325614891,-5.7159985666748154,-5.0280799855071807,-7.0113125523261557,-6.4089708679354969,-8.6233066439935104,-8.0844422153642697,-7.5125335260727404,-7.0551416346666675,-7.2607767966993224,-14.447607656336746,-14.768290585814649]
[null,-5.0297622403185525,-5.3225534479532639,-4.727847540728547,-4.4721090176955522,-3.9641193600881413,-8.0859582129838365,-7.7303983453318299,-8.6666827294876061,-8.4238120680743069,-2.1080266995817438,-1.5264501011937175,-0.98641168773935917,-0.31554468022470544,-3.6631868793429736,-3.1338676986924656,-4.6571648602846469,-4.183274609201769,-5.9421632653916614,-5.5278712877294494,-5.0885723539714824,-4.7633518031757465,-4.8730806250368435,-12.01978976156847,-12.196112033621564]
[null,-2.5680039214157246,-2.8231638016178771,-2.3685099867251722,-2.2137446228548594,-1.8460292660729363,-5.8092403049412118,-5.6095958366525185,-6.1266846441436167,-6.0040736345079209,-1.5574951078525114E-2,7.7679210160411243,1.4116529147206689,1.7977257815485645,-1.6019041572825921,-1.2511806653930873,-2.3141769116432123,-1.9592251891382626,-3.291744083532838,-2.9918171578848027,-2.6737481325976922,-2.4675315901671122,-2.4950866233611482,-9.5980355232853345,-9.6334615568633382]
[null,-0.27783608168731716,-0.46893996354258588,-0.16721039545959754,-8.7495073202667958E-2,0.46805404997167915,-3.532786720112413,-3.4827471515196158,-3.6041509978291355,-3.5928071460481248,3.3233802559065202,3.4487478466739181,3.6194836605220497,3.9255367149543812,0.46996645400396914,0.73340562703913548,-0.13898465587471617,-4.8109388707424658E-3,-0.78633944995949301,-0.59088237155700296,-0.38271352080634602,-0.26304214992021024,-0.25728050954606424,-7.1841346165244753,-7.0825462812107816]
[null,-29.545826803750508,-30.224631037493435,-27.993061181410294,-26.477689221573115,-24.338071301082525,-30.422193032140722,-28.383672074809034,-33.958848498336756,-32.344098256858537,-26.574610131890648,-24.587220664602459,-22.638379249323929,-20.410849982491349,-23.804935039808353,-21.720418991764507,-27.879870604925362,-26.040618586760679,-32.646008940950743,-30.785509425408719,-28.81651703267864,-26.97106922844522,-28.32419857566007,-36.275826446625409,-37.980538543032814]
[null,-27.064969414272138,-27.695221293050857,-25.678795787182299,-24.333165786736231,-22.406701129987159,-28.221708081220068,-26.403525548586156,-31.36534648930817,-29.934392861220729,-24.103826869000109,-22.303070571905806,-20.541625334743429,-18.518940753400965,-21.866958832753134,-19.975845773513637,-25.556859290473113,-23.892630387907278,-29.876606405117034,-28.217266988532057,-26.459362129856995,-24.823706177203903,-25.987682839900891,-33.798347187948067,-35.299661646568886]
[null,-24.582561229100126,-25.166047840328577,-23.353612131241835,-22.168139224735988,-20.444451697566024,-26.005452911894174,-24.396449006277074,-28.778003188712649,-27.520048772752791,-21.628287820067275,-20.004833052486596,-18.421595548024349,-16.59491060098506,-19.906938684430525,-18.202007153521624,-23.226435520587252,-21.729388037653237,-27.120380374781657,-25.648811221695166,-24.088923582834749,-22.650085430556274,-23.640838006791764,-31.324615913953163,-32.634347745585714]
[null,-22.098182860784899,-22.63631940085136,-21.018461466077348,-19.984313512372786,-18.454415141543013,-23.775682905770701,-22.365461998354089,-26.196369566154697,-25.102114478706973,-19.148291878626342,-17.693353077488872,-16.279843380994457,-14.640989247536792,-17.926940578545217,-16.401795769481158,-20.8893400874741,-19.552628058470265,-24.375388449521044,-23.080352166172588,-21.706273122167048,-20.452496044983572,-21.284331358070954,-28.854717722689838,-29.983667984592739]
[null,-19.612121398604984,-20.106367031307876,-18.674045792564861,-17.783428194513366,-16.438901011821603,-21.533194704668283,-20.313209715328192,-23.620222740813929,-22.680682769144934,-16.663843169637527,-15.369488510177765,-14.117895348368856,-12.659325801162105,-15.92915269640489,-14.57791989456971,-18.546182932883767,-17.363201074805012,-21.640762973702323,-20.511495004067072,-19.31256800002684,-18.233283265095238,-18.919047207356773,-26.3890389254605,-27.346265001105767]
[null,-17.124209604619221,-17.575371585562348,-16.321114205282406,-15.566897193728039,-14.400112535124611,-19.280205746647063,-18.242645489294663,-21.048184267353179,-20.256366613205202,-14.175050126303365,-13.034034388758661,-11.937113800031256,-10.651855660070128,-13.914984053939277,-12.732671328539878,-16.197373071086957,-15.162546105118334,-18.915071374043162,-17.94164583507191,-16.90884296015302,-15.994330561956609,-16.545373453653514,-23.927946381681043,-24.721266722634194]
[null,-14.634299205831308,-15.043789944120864,-13.960408625802147,-13.335664706665652,-12.340231472279433,-17.017769519964439,-16.155838622715475,-18.480589701293034,-17.829798068596588,-11.682545069412265,-10.687781178433788,-9.7389830172592617,-8.6200513376768981,-11.886519754947498,-10.868813223284571,-13.843425367663412,-12.951400605058105,-16.197279062324963,-15.371444570821371,-14.495359865783072,-13.73724936801173,-14.164392936551678,-21.471724197736631,-22.107774563492558]
[null,-12.14324769373944,-12.51185053271047,-11.592510213728227,-11.091411793043754,-10.260651956748179,-14.747372665461484,-14.054578509786255,-15.916957088078203,-15.401344469980257,-9.1874947746640032,-8.3323869988914314,-7.5244039844472175,-6.5654492998024594,-9.8453148542217637,-8.9887480658266021,-11.484811756365088,-10.730838189851706,-13.487486524688723,-12.801188203324889,-12.073670679014244,-11.463418385335087,-11.776409543578637,-19.02085750850831,-19.504989709656865]
[null,-9.651621571837472,-9.9803625565629801,-9.218700825086561,-8.8351628069454247,-8.1633976014428633,-12.470148626179371,-11.941438753235509,-13.3576114904058,-12.971612838192206,-6.6934183990380935,-5.9704980049793734,-5.2958228170627315,-4.4894328790613294,-7.7929270646765065,-7.0949914281931186,-9.1226328781033512,-8.5021527174277658,-10.78625660960066,-10.231701821739225,-9.6448649300310993,-9.1746265545293184,-9.3826402344457662,-16.575384865209461,-16.912912839833979]
[null,-7.1621414095660558,-7.4524776151538905,-6.8413962261753918,-6.5689986426716453,-6.0498291604331706,-10.187475053494836,-9.8182346033772099,-10.802888379857187,-10.541606269158383,-4.210340922394276,-3.6100755960142727,-3.0580703187136575,-2.3934117474228955,-5.7310521660091327,-5.1905943977066462,-6.7588529781229161,-6.2670593742989293,-8.0968646919507066,-7.666348164557002,-7.2117459690419468,-6.8732497157943699,-6.9856501188289535,-14.136379568417029,-14.331229426140633]
[null,-4.6823680908121066,-4.9356745966081288,-4.4658862856558859,-4.2969248946775611,-3.9218483897781784,-7.9013043890872332,-7.6870609309677134,-8.2551926000341105,-8.1131089750586636,-1.7802622489232711,-1.2923455678812565,-0.84437583047593556,-0.28230045587890162,-3.6610268839014855,-3.281427531568454,-4.3990624279073351,-4.0289287801413431,-5.4292725677311875,-5.1129187777632525,-4.7804421976895917,-4.5635441314142922,-4.5912226252681183,-11.704731446284587,-11.760424110418629]
[null,-2.2410000087762478,-2.4590141165802004,-2.1138990442319154,-2.0325304181510591,-1.783743729832111,-5.6140517633339302,-5.5498303025760487,-5.7199913966803093,-5.6904610556708226,-1.7547354000204997E-2,10.118961071851297,1.6810480792903595,1.8591887128331097,-1.5849991617954962,-1.4037859760982643,-2.065119289470339,-1.8012744764580211,-2.8173919127291973,-2.6011375978051725,-2.3745176873969873,-2.2602395300435902,-2.2217622841058282,-9.2819857021299743,-9.2019400182567406]
[null,-0.11230959518893807,-0.24682854125972004,-5.4212919147848579E-2,-1.9059080832885458E-2,0.64010288845686814,-3.3331043603149437,-3.4099004763546881,-3.2167570432852606,-3.2863353484276074,3.9725688008668869,3.8586737678213776,3.8612894163190785,4.0106793663186515,0.50209718202835152,0.64990891074155988,-3.8412150421449263E-2,-7.5767623199238243E-2,-0.4652193532906026,-0.33644736867093805,-0.20054787702660454,-0.13585955050516191,-0.11231110628535826,-6.8709532224340935,-6.6600961637109481]
[null,-29.329294706761139,-29.962420299505379,-27.925930106026868,-26.566430013669667,-24.62333792104312,-30.479620664819247,-28.647951059158732,-33.650000182748073,-32.206210495489174,-26.350361180161421,-24.528914606494023,-22.748043617440018,-20.706393946333726,-24.054967943853402,-22.146299793050517,-27.790374132627225,-26.105812742332681,-32.167408590437255,-30.497628997776186,-28.727710513022817,-27.082224710439721,-28.237368106544608,-36.087332090296584,-37.597278059132265]
[null,-26.827215751183115,-27.412520173511563,-25.582550401933503,-24.384547311161786,-22.647394109697188,-28.242870212078394,-26.622756173031981,-31.039510080274468,-29.769707619395515,-23.856989973650837,-22.214828104845953,-20.614556549458634,-18.772354752784246,-22.082160614920397,-20.362709251120531,-25.44211667479378,-23.92677187342861,-29.388678798317134,-27.90741756263926,-26.337039848248043,-24.889998843287763,-25.871686985585598,-33.587935884458908,-34.906077235064558]
[null,-24.325257592942751,-24.864252442763473,-23.230544257732593,-22.184901555824045,-20.643656228085977,-25.993590941488208,-24.574139412042943,-28.436957399100649,-27.330995164506536,-21.36066728931479,-19.888763658146704,-18.459971195247967,-16.80832307770466,-20.089548735320587,-18.552383632270537,-23.088484255905318,-21.734762631688493,-26.624192839211265,-25.319412356725849,-23.935921969367357,-22.67503334933425,-23.497896242374253,-31.094331002043337,-32.231910194002083]
[null,-21.82319289893239,-22.317532418423156,-20.870710350999381,-19.968982625191202,-18.614850041462564,-23.733278467840695,-22.505089365277417,-25.841680986768935,-24.890816421168935,-18.861428453197675,-17.551283171979129,-16.285987915425217,-14.816543174398213,-18.079383566682466,-16.718045489708476,-20.729992791597045,-19.531085351388374,-23.872008086517248,-22.732943915422968,-21.525079321517094,-20.439337693578974,-21.116517205452194,-28.60727986365082,-29.573196484079968]
[null,-19.320893962570775,-19.771716221634577,-18.503585580301589,-17.738214561725826,-16.56313567113839,-21.463432441769434,-20.418305002357059,-23.253011407012998,-22.449536580617082,-16.359419198549503,-15.203310428887809,-14.09359986183942,-12.799064106015363,-16.053206515548101,-14.862544069508351,-18.367064308997833,-17.316760359552877,-21.130832797792245,-20.147793343739021,-19.10578383024065,-18.185075445036425,-18.728495726313302,-26.12658704630395,-26.929397097703152]
[null,-16.818141873444414,-17.226676290158991,-16.129688779269852,-15.493950998059059,-14.490784614319789,-19.18529181907093,-18.315808826304725,-20.670467126267084,-20.00753509013132,-13.854854084146753,-12.845518928218016,-11.884274510502179,-10.757565884043798,-14.013108731518248,-12.988030415134274,-16.000165607479218,-15.093107976384101,-18.400033159177291,-17.563625915813773,-16.678327960632405,-15.913615704388635,-16.333942125516469,-23.652528831634822,-24.299096718136692]
[null,-14.315462066555828,-14.682873584495693,-13.749942787115865,-13.237321805213988,-12.399246002840197,-16.900241998494604,-16.199866239549927,-18.093550566166474,-17.564875151570998,-11.348796052722527,-10.47916800876042,-9.6593335953524466,-8.6936763665564669,-11.960534769847241,-11.097194363189347,-13.629555154052847,-12.860614852150418,-15.67847995299762,-14.981092342275341,-14.243850316668526,-13.626624478300084,-13.933863921798656,-21.18540519735992,-21.681502165446553]
[null,-11.813413563051942,-12.140700473668936,-11.36518000473831,-10.969523364335794,-10.290374895931651,-14.60963429916476,-14.072566324582974,-15.522345695092341,-15.122583544403838,-8.8434017051533687,-8.1060144774627343,-7.4200538482714071,-6.6085156719250113,-9.8970603006722602,-9.1925691168256574,-11.256242992713286,-10.620706622340588,-12.967226213837154,-12.400533465404928,-11.803396957277418,-11.325613841806669,-11.528998866465489,-18.725459913618376,-19.076145340824592]
[null,-9.3136754134570019,-9.6019711328318724,-8.9771428902722743,-8.6922928288832981,-8.1658119774843314,-12.314347617106227,-11.936037784429082,-12.957242513870275,-12.680907754498644,-6.3438322574887316,-5.730276576728131,-5.1693455311637342,-4.5036063962827573,-7.8246061248133385,-7.277089077889288,-8.8816929467135992,-8.3745603040378711,-10.267821764269272,-9.8243938174028145,-9.3588866749740998,-9.0123550185908758,-9.1209670231108451,-16.273035992295654,-16.482948923644344]
[null,-6.8204567002527341,-7.0714456503807632,-6.5887479645915503,-6.4078722956174472,-6.0272023236748673,-10.016276353064393,-9.7917599670102362,-10.399585418749247,-10.241562218344638,-3.8663455293181181,-3.3647142312021456,-2.9147529860804431,-2.3800123360561543,-5.7441179843136121,-5.3542683334326364,-6.5089576283350565,-6.1244879595229502,-7.5863824647397875,-7.2570233275524165,-6.9141636375701783,-6.6898015191819056,-6.7132601854733656,-13.829133765982403,-13.901703016547994]
[null,-4.3455893189618022,-4.5617667115852889,-4.2088665606187377,-4.1218578294869008,-3.8766841703044665,-7.7171686529797237,-7.6421783354512565,-7.8530152332595904,-7.8072212482393679,-1.4775663629437035,-1.0740788888370705,-0.70860293060951729,-0.24561590361136529,-3.6575948085843861,-3.4316515941902779,-4.1466078739367704,-3.8754476437716865,-4.938717456762177,-4.7120189422526888,-4.4789853875464498,-4.364219475155303,-4.3153060334020559,-11.395024155339005,-11.333779431458803]
[null,-1.93450942614188,-2.1183927638625808,-1.8714617630657473,-1.8561447844898467,-1.7197056286505883,-5.4212631858566702,-5.4895689364090838,-5.3267969342311519,-5.3844763786523329,-0.15673092966601088,11.861265276973596,1.9696814104076048,1.9245782402971003,-1.5672062939489537,-1.5675482333086961,-1.8287657216881359,-1.6482625941299598,-2.3791010454482602,-2.2357479360026007,-2.0903359308316278,-2.0583868545814208,-1.9618781290296723,-8.9727235827110814,-8.7821015116246617]
[null,-1.991098050930214E-2,-9.449244506328372E-2,-2.8289837666864814E-3,-6.6022443123559156E-4,0.80329643841374976,-3.1387544339314024,-3.3374311495620868,-2.8514434514558307,-2.9931887602920071,4.6767384500649527,4.2914939939460979,4.1121535518615611,4.0995172992137547,0.53510467558482144,0.57262851744454391,-2.6139331830200472E-4,-0.24264214122607358,-0.22744246839363327,-0.15200498733599435,-7.5082703953299662E-2,-4.8092157098256982E-2,-2.5609708509532376E-2,-6.5666049263302115,-6.2525969982841305]
[null,-29.109721083178712,-29.697692831267144,-27.85359643849586,-26.648879205399059,-24.902768925528914,-30.531226408100583,-28.90634205764292,-33.339776020522088,-32.064145600536641,-26.122702305024486,-24.465073188687285,-22.851119227130468,-20.996745419297838,-24.300441499685935,-22.569878650944222,-27.696660295115425,-26.165725001168894,-31.690961510161806,-30.207389795616972,-28.633335096104119,-27.186062585157387,-28.145358484517121,-35.896039006644457,-37.214748421618673]
[null,-26.587055697933408,-27.127964212306729,-25.481759913182128,-24.430014109676371,-22.882420673414774,-28.258830247195061,-26.836241808209561,-30.71303121169278,-29.601232297502371,-23.607451034368307,-22.121665675619344,-20.681340035575733,-19.020473184320753,-22.292932590092736,-20.747425734825082,-25.323749028915106,-23.956008661504686,-28.903455565470146,-27.596060638897089,-26.209700362347487,-24.949506256910954,-25.751158265659502,-33.375030576467537,-34.513687124540603]
[null,-24.066198684526444,-24.561601149078854,-23.103462131168175,-22.196111808237266,-20.837504150252411,-25.976806213613159,-24.746672159101081,-28.095781182260932,-27.13908863098823,-21.091055516490382,-19.768191321491074,-18.492676929727615,-17.016646091224047,-20.2680819225296,-18.90075197254582,-22.947315135628454,-21.735534956367445,-26.131279098855455,-24.988914577802632,-23.778382571041998,-22.693677986339317,-23.350927816436325,-30.862992925274252,-31.83097006585551]
[null,-21.546904425930652,-21.998095437992884,-20.719436672506671,-19.948599156500222,-18.770136278028815,-23.686868188517867,-22.640207480930506,-25.487401436398777,-24.677599837120088,-18.57317788132098,-17.405340779143369,-16.286473171824497,-14.987168054770944,-18.227860521703555,-17.032646956846161,-20.567785649983232,-19.505472887247965,-23.372293692069814,-22.385170154339022,-21.340197883080197,-20.420576168754494,-20.945534408893145,-28.359276008455943,-29.165372038936976]
[null,-19.02907138451187,-19.437207269636716,-18.330024937841472,-17.688424524049005,-16.682534644401183,-21.389891238686737,-20.518906189145675,-22.887260268434716,-22.217073374788935,-16.054464834304785,-15.033706703316744,-14.064151874658306,-12.934081898210467,-16.173912081836892,-15.145637181878364,-18.185692333340679,-17.266923107046885,-20.625814015320223,-19.784697468840935,-18.89567946475475,-18.131470225921024,-18.535097132320342,-25.864298446461422,-26.515602211294414]
[null,-16.512375945338139,-16.879206254791463,-15.935974164207373,-15.417025324800356,-14.576697873376506,-19.087517754803635,-18.385121128279032,-20.294787320333956,-19.757844671382799,-13.535133779183985,-12.654481611891493,-11.826768229577418,-10.858658785624822,-14.107938918559368,-13.242304784323212,-15.8010054920329,-15.020377183847174,-17.890694509290238,-17.187304638174247,-16.445664124044416,-15.828137171277916,-16.120366564828394,-23.377997075743757,-23.880697540922803]
[null,-13.997855173450999,-14.32386811753352,-13.538130918738968,-13.135466202852164,-12.453985022329011,-16.780432415325446,-16.240862355755528,-17.709477679548048,-17.30014841671068,-11.016802752832318,-10.26868217827651,-9.5755248431726034,-8.7627861403055842,-12.031604227112766,-11.324987408532891,-13.414677418509292,-12.767135775538488,-15.167046307828064,-14.593245349936971,-13.990997985533532,-13.511995581374133,-13.701877794752226,-20.900387813445427,-21.259818637854984]
[null,-11.485943712970615,-11.772855947047498,-11.137472577569168,-10.844997170134487,-10.316279790281472,-14.470043755619235,-14.087866289323415,-15.131738235034563,-14.844529258745819,-8.5025938711442901,-7.8790177162580637,-7.3121600688748636,-6.6472149158021354,-9.9465114625256739,-9.3966080181202898,-11.027576660533239,-10.508394366280069,-12.456086348037363,-12.004240202231358,-11.533016407419382,-11.184444066249528,-11.281125371533216,-18.432319625691335,-18.652699554615712]
[null,-8.9795201650461109,-9.2288907792165666,-8.7359606676632566,-8.5474333739374959,-8.1650466966841826,-12.157632152538847,-11.928178767010756,-12.56222432509465,-12.392153837053785,-6.0007288015057823,-5.4914515736997824,-5.0403669881813205,-4.5133954145773378,-7.8538982275342866,-7.4599796241911278,-8.6417645802532839,-8.2454441331994506,-9.7612821203164462,-9.4231435962987344,-9.0740595955947683,-8.8476521146695859,-8.860307242575411,-15.973808037882071,-16.05920500045475]
[null,-6.4851003794584914,-6.6986269562335874,-6.3382286155852361,-6.2459514827390707,-6.0016167036175396,-9.8447779218439173,-9.7637251219475196,-10.003325961884235,-9.9448203468761296,-3.5342229174376736,-3.1245435175938603,-2.7707323673152846,-2.362701719463165,-5.7557094433381257,-5.5195585438275945,-6.2619835334343499,-5.9813147671516731,-7.0916644967671436,-6.8571573070140426,-6.6198142254653449,-6.505204719485465,-6.4438809010646327,-13.525971738046733,-13.479742716987008]
[null,-4.0195148070889104,-4.2006631735183904,-3.9569192091275887,-3.9478674642417269,-3.8289128039687799,-7.5341932893062378,-7.5964124827595407,-7.460500564060208,-7.5064545770861217,-1.2000706748302479,-0.87238931205358594,-0.58018035489169373,-0.20587917459459792,-3.6531657300587153,-3.5856588159652993,-3.8998191996507563,-3.7229155625050234,-4.4707515599639773,-4.3258278709483324,-4.1845492176703756,-4.1656816211503873,-4.0454739455017146,-11.090585909374596,-10.91662671144322]
[null,-1.6487647426480532,-1.8013671290641289,-1.6415289354262537,-1.684899618176138,-1.6538786447411671,-5.2309106264750014,-5.4291251585360074,-4.9474629606457281,-5.0863425164643026,-0.44509979284579937,13.150274220080997,2.2751546229504234,1.9935435399365673,-1.5489929009068362,-1.7451747885427549,-1.6049764619301541,-1.5000227874231695,-1.9769982529418313,-1.8963212733264527,-1.8212766720536386,-1.8622384540311603,-1.7159846594458437,-8.6703889323150687,-8.3734096729413938]
[null,-3.0364617305615295E-3,-1.3464443119863743E-2,-1.7016236451843945E-2,-3.9021176322061001E-2,0.9527209834672028,-2.9497491058551302,-3.2657686988091004,-2.5081096600728046,-2.7133967540461685,5.4349070780266908,4.7462121814483922,4.3717320061459102,4.1916650593365157,0.5679159773896979,0.50116937146315466,-2.757272850068301E-2,-0.52613771726309622,-7.3557696850411053E-2,-3.9230987820184249E-2,-9.358714163608917E-3,-4.0918360377272655E-3,-3.1025734789865306E-4,-6.2710135318568021,-5.8597901150134302]
[null,-28.887135079523958,-29.430738944221083,-27.776545864493375,-26.725273478563683,-25.176831109467919,-30.577688227772668,-29.159231242205227,-33.028399448536241,-31.918407834598618,-25.89194204678525,-24.396013962597394,-22.948340340410528,-21.282321136224873,-24.541583313087841,-22.991552183436092,-27.598778176545444,-26.220497969697984,-31.216330763668271,-29.914733502393577,-28.533727251143006,-27.283166515459015,-28.048795109158782,-35.702762173955001,-36.833344633658058]
[null,-26.344504462177856,-26.841651504542419,-25.376703532804232,-24.469944449565435,-23.112404387469041,-28.269764488197769,-27.044861449681051,-30.38586139509686,-29.429973991796615,-23.355325636822386,-22.023650314356804,-20.742463564513205,-19.263949786180284,-22.499700761836831,-21.130356020636594,-25.201764524472775,-23.980639532004862,-28.42076067853786,-27.283133892043093,-26.077619772998595,-25.002695531045269,-25.626403033812451,-33.161002042712269,-34.123066286287418]
[null,-23.805516780249352,-24.257605038570038,-22.97257367823903,-22.202310151138736,-21.02635534529054,-25.955641459033814,-24.91459477132776,-27.754669247348229,-26.94463646216655,-20.819365653009037,-19.643342245303305,-18.519932269121885,-17.220210741706726,-20.442834530362003,-19.247580023738536,-22.803053806227002,-21.732167993243767,-25.641647949559044,-24.657467466756295,-23.616965425422578,-22.706445974905577,-23.200535901002283,-30.630329362689928,-31.432457993361787]
[null,-21.269523899311626,-21.678188598507468,-20.564922740501444,-19.9235594245364,-18.920758731358163,-23.636534604544046,-22.770913690960366,-25.134038045337231,-24.462435845039668,-18.283923827450138,-17.255512732473068,-16.282102052246572,-15.153142252827246,-18.372845036522104,-17.345924074055606,-20.403183588251672,-19.476171541180154,-22.876801677398699,-22.037204082715203,-21.151991412239525,-20.396144268684214,-20.771326632693629,-28.11080664777602,-28.760189362015847]
[null,-18.736617585010073,-19.103234646467566,-18.153975102587562,-17.634430987392673,-16.797666835784263,-21.31336126289434,-20.61570168299459,-22.523095042036349,-21.983326528349711,-15.749140397938486,-14.861079705344091,-14.029977770201464,-13.064440654851683,-16.291447543366953,-15.427850745721162,-18.002143853832784,-17.213301406953789,-20.125675049327008,-19.422300997466774,-18.68314337929516,-18.072873871545685,-18.339193749812559,-25.602133857740792,-26.105027461427618]
[null,-16.207054621057875,-16.532663638246607,-15.740475198803331,-15.336435185050624,-14.658493302441794,-18.987075388944387,-18.451058354897818,-19.921136154892235,-19.507505570916781,-13.216050839572709,-12.460899136520236,-11.764632415280774,-10.955619504947014,-14.200068224222397,-13.495957839586968,-15.600631519655208,-14.944682798225767,-17.387650171299679,-16.812421835107433,-16.211104759912178,-15.73836716789633,-15.904824838726579,-23.104215964658103,-23.466174766447981]
[null,-13.681236874303734,-13.967212455719578,-13.32496925915839,-13.030320343497769,-12.504937797470125,-16.658562909079468,-16.279004176795112,-17.328361963950787,-17.035527145837083,-10.686731648799421,-10.056591490753757,-9.4875675785194815,-8.8275816062217949,-12.100500688138787,-11.552862029837579,-13.199187850313159,-12.671326154289407,-14.663175894300144,-14.208501750944608,-13.736888944390399,-13.393443293917116,-13.469028343826269,-20.617229892788981,-20.842734038589555]
[null,-11.160922077743304,-11.40876028987064,-10.909187904652883,-10.717732481391048,-10.338612804140954,-14.329212898877396,-14.100813275850751,-14.745080107793607,-14.567691310966328,-8.1657078131000294,-7.6515096179245443,-7.2008286298836115,-6.6818824230396787,-9.9938144203014723,-9.6010118214124862,-10.799105893933113,-10.394086600814664,-11.954308446226685,-11.612379757225971,-11.262290799863745,-11.040169192111177,-11.033360604347372,-18.141598567827469,-18.234519680599757]
[null,-8.6499719985507806,-8.861225603806032,-8.4954275009094218,-8.4006827319500577,-8.1609101189037325,-12.000316960575352,-11.918718592222262,-12.172678779654149,-12.10554175193607,-5.6642223103800395,-5.2541577444956395,-4.9088001698548736,-4.5194729484647835,-7.8818220268578889,-7.6440487966106323,-8.4032588802935368,-8.1152573834210298,-9.2666518517094527,-9.0283757226897929,-8.7906537198270751,-8.6807370896632037,-8.6007436470127203,-15.677835076846147,-15.641746026948136]
[null,-6.1563457246663109,-6.3340057675539905,-6.0903271824658383,-6.0829399551206818,-5.9734065777277658,-9.6736680017139509,-9.7345173525914284,-9.6144918116393256,-9.6514424580951008,-3.2140563858546258,-2.8894723965622711,-2.626217775109696,-2.3417032242614257,-5.7659733848011214,-5.687237954072609,-6.017685084520517,-5.8380592605102199,-6.6125516869797778,-6.4667088901685483,-6.329105761784465,-6.3196834326166691,-6.1776990452332123,-13.227144037369506,-13.065503484186515]
[null,-3.7042255937247961,-3.8527815853145841,-3.7106166478056939,-3.7749148167637157,-3.7788924354808624,-7.3527245179363563,-7.5502676305330354,-7.0779017955676631,-7.2108090107265701,-0.94878193256345755,-0.68807768632703825,-0.46005712017162009,-0.16378732415995625,-3.6480856569321349,-3.7446055477293552,-3.658998363480586,-3.5716939938523091,-4.0249891657658985,-3.9541350730613254,-3.8973922900731721,-3.9684124421698805,-3.782152674772095,-10.79154080453854,-10.508360658549345]
[null,-1.3840910387407124,-1.5083659230520294,-1.4241996135608737,-1.5193510696229944,-1.5870677754430649,-5.0438350816997177,-5.3688093569410418,-4.5818428400456179,-4.7961412363038232,-0.89779476812739922,14.123863021194621,2.5936293575151566,2.0658293201121172,-1.5306439787609827,-1.9394878541430391,-1.3941798356309898,-1.3570721176813663,-1.6114775382518352,-1.5831325084529941,-1.5680214517889386,-1.6724534157338737,-1.4843171951084286,-8.3749899922721713,-7.976056719453064]
[null,-6.4855120784679962E-2,-5.8925391418922866E-3,-0.10183627107185997,-0.14358058417005443,1.0880169813220895,-2.766487973445737,-3.1955717921014748,-2.1865896980770607,-2.4470335561493348,6.2433420695988691,5.2218932068255155,4.6396266149415464,4.2869199423955973,0.59979244586859459,0.43514113834529772,-0.12423767575498082,-0.95571081618864007,-4.1681649727113475E-3,3.3236482426944203E-5,-7.0601047021636972E-3,-9.6467122493071097E-3,-4.0300391143214424E-2,-5.9847535829199989,-5.4817882307751997]
[null,-28.662168076647855,-29.161728498616267,-27.695198405965325,-26.796261020713601,-25.445957918187272,-30.619019157577611,-29.407349355568559,-32.716319236281095,-31.769272173998306,-25.658235596344404,-24.322071432587869,-23.039865948928181,-21.563251887709789,-24.778793231552111,-23.411664675051099,-27.497167367804494,-26.270627841365361,-30.74393944994959,-29.620438927450643,-28.429269325794738,-27.373967298399744,-27.947853303967893,-35.507583567543641,-36.453186672484726]
[null,-26.10001226206256,-26.553703223686306,-25.267670134297109,-24.504823956910737,-23.337689994327555,-28.276373662559049,-27.248907635215552,-30.058763635336227,-29.256096284992694,-23.100854608688621,-21.921244942512896,-20.798047969649449,-19.502829231595904,-22.702825581036201,-21.511922485120969,-25.076263928586222,-24.000723188264882,-27.941010150306049,-26.968856877744507,-25.941556454159841,-25.050005257212291,-25.49796934046832,-32.945411913337104,-33.733716430066266]
[null,-23.54313189782604,-23.952645607779644,-22.838483604597496,-22.203882559144965,-21.210694331836375,-25.930733243842468,-25.078428704044086,-27.414054672483299,-26.748137258110425,-20.545969417350918,-19.514416534243431,-18.541941425606165,-17.419437759781193,-20.614325864393475,-19.593330990109816,-22.655998400212255,-21.72482178739083,-25.155331207003499,-24.325578890770657,-23.451876384403349,-22.713746903470842,-23.046653159926244,-30.397331588246306,-31.03579410127622]
[null,-20.99125197555054,-21.357986772214716,-20.407535981365651,-19.894110695635273,-19.067190738493277,-23.583035069087249,-22.897898614778644,-24.781497835814161,-24.245680169469725,-17.993353758790455,-17.102335291168973,-16.272714212474551,-15.314905388679632,-18.514862079879688,-17.658342294968829,-20.23599739383258,-19.443135447978722,-22.385569974976423,-21.689551415423384,-20.960457931799937,-20.366667665108849,-20.594208412058659,-27.862380644925913,-28.357542059927283]
[null,-18.44421250621345,-18.769563317208952,-17.975552888594795,-17.576635045527627,-16.908548677256832,-21.233796554672193,-20.709284494259506,-22.160379495015178,-21.748639339518974,-15.44356541345438,-14.685366337425751,-13.991097672255144,-13.190664273042797,-16.406214479971133,-15.709718249394435,-17.816863846349317,-17.156725066011631,-19.630709086551978,-19.060787047900781,-18.467953004455232,-18.009893640866441,-18.141207093874595,-25.340670751769441,-25.697726519443165]
[null,-15.902201670506415,-16.187561594644833,-15.543076733462508,-15.252340274305427,-14.736550085800937,-18.884205794691422,-18.514336538202912,-19.550049411432958,-19.256973190246431,-12.897766938766233,-12.264884187962558,-11.698376968717438,-11.048297029249774,-14.289852611027172,-13.749676738737028,-15.39880502608978,-14.866411707682618,-16.890715940758081,-16.439445739823245,-15.974627891529252,-15.644407470345511,-15.68782490861315,-22.831900810174194,-23.055554450420356]
[null,-13.36649912506433,-13.613029719901183,-13.110794648310815,-12.922378504530263,-12.552608269866818,-16.534940205683004,-16.314660828853114,-16.950498655006108,-16.77120307323316,-10.358753680753358,-9.8428446384214148,-9.3960343962513679,-8.8886044156566459,-12.16717017397978,-11.781081065624054,-12.983020889501264,-12.573060428543469,-14.166812892183804,-13.826434549386018,-13.481963258409012,-13.271563640265464,-13.235378488754098,-20.336064550994113,-20.430304578411658]
[null,-10.838828939366589,-11.048425960984085,-10.680540859521763,-10.588224182650569,-10.357892030243255,-14.1872834765229,-14.112007519417597,-14.362623193026169,-14.29189386564747,-7.8327361431193294,-7.4238666770594257,-7.0863943728119718,-6.7128374039140288,-10.039599387375073,-9.8065817112482581,-10.571035485921723,-10.278269407480446,-11.46195814716561,-11.224897760970993,-10.992129826881447,-10.893127777369729,-10.785718370477623,-17.853510314947101,-17.822121132559907]
[null,-8.3241631576838842,-8.4991967672710498,-8.2560373818656725,-8.2523763622213764,-8.1540774399717169,-11.842629548931557,-11.907923537390861,-11.788640363426168,-11.820998772094855,-5.3346032397613241,-5.0184949999720425,-4.7751857347736753,-4.5219862127891259,-7.9086079506846279,-7.8303070572791968,-8.1661960806026084,-7.9840581525820689,-8.7839215256613716,-8.6401356738567028,-8.5090057046033873,-8.5118670493421789,-8.3425422591084306,-15.385363020436177,-15.230942361320508]
[null,-5.8341756852455315,-5.977820568776866,-5.8450989490501968,-5.9195596521586706,-5.9427844970676249,-9.5032246562074025,-9.7045690890860126,-9.2324905634308045,-9.3617545720216224,-2.9062489858944041,-2.6597806539339763,-2.4814106904092297,-2.3173935346980081,-5.7756810992124938,-5.8583352602755783,-5.7767801333537143,-5.6948057973405009,-6.1494156079697548,-6.0859297758327378,-6.0421611255322487,-6.1331629119599693,-5.9145658055448331,-12.93280430924818,-12.659109640548815]
[null,-3.4000848899051634,-3.5180645545395719,-3.4701493977162823,-3.6031152177746595,-3.7271729282154955,-7.1726272506838242,-7.5039341245427345,-6.704627920585601,-6.9204708033571585,-0.72432682909919111,-0.52203804138436183,-0.34936767999894991,-0.11971549909079941,-3.6429200622382121,-3.9091145909497715,-3.4241328914657525,-3.422140178607715,-3.6019490669693801,-3.5972702833164667,-3.6175525298916931,-3.7724817658145873,-3.5253589987865528,-10.498201485797955,-10.109633271341517]
[null,-1.1407335074461669,-1.2397596361819256,-1.2202696992307236,-1.3592953967630308,-1.5191223177309712,-4.8594725580880063,-5.309423619164531,-4.230227409158819,-4.5142363358740178,-1.5352152134796453,14.907501802026044,2.9217694021151646,2.1406873128687547,-1.5125943729525793,-2.1545204208735909,-1.1966930881628666,-1.2197174655702077,-1.2825930063281681,-1.2964630139205791,-1.3310321803480727,-1.4891812777178084,-1.266952999748139,-8.0866936353399819,-7.5903161556526459]
[null,-0.20904693686373002,-7.4209678599539614E-2,-0.26370795097384242,-0.3269812584102903,1.2099715119240133,-2.5891420404369248,-3.1269413451334436,-1.8870585706871743,-2.1943126082187985,7.0995689144123189,5.7164312320962152,4.9144301690597318,4.3845627630758166,0.63011393286904349,0.37414061814279187,-0.29501846148750344,-1.5809897217953168,-1.9996481890196295E-2,-3.6470340181014943E-2,-7.2835570736142441E-2,-7.2489526980966112E-2,-0.15055082571627532,-5.7076758363077866,-5.1186243087697445]
[null,-28.434866691811642,-28.890941022169578,-27.60962768272087,-26.862161357513191,-25.710701419226616,-30.656058824546029,-29.651183715657449,-32.403792535146657,-31.6173960892202,-25.421921648459282,-24.243639071313282,-23.125810731680399,-21.840001213223275,-25.012440435874137,-23.830667292620241,-27.392017782986727,-26.31635039588911,-30.273877009480419,-29.324554329002066,-28.320669044963317,-27.459147952894256,-27.843170848140606,-35.311093095353186,-36.07447282079309]
[null,-25.853535551410271,-26.264597103920451,-25.154995632720265,-24.535054686362113,-23.558652951306392,-28.279161282227623,-27.449009659955607,-29.731584277934115,-29.079516791763467,-22.844453789997512,-21.814591861603027,-20.848565192597967,-19.737611424565333,-22.90256798536744,-21.892592012308452,-24.94811119161119,-24.016986668380884,-27.464036109646596,-26.653643701583125,-25.801455738855232,-25.091936614988168,-25.365963745605917,-32.729250749475248,-33.346639748454223]
[null,-23.279625880405732,-23.647077614458592,-22.70087881383661,-22.200994433210003,-21.391087433125062,-25.90240689188505,-25.238776743862175,-27.07393311274048,-26.549903309730219,-20.271163727523749,-19.381749720262295,-18.559155105868989,-17.614649345330136,-20.782656999757531,-19.938385398579218,-22.50614587660813,-21.713671030698755,-24.672659992273818,-23.993100469209867,-23.283302376767455,-22.716115052614924,-22.889789491446663,-30.163934992048688,-30.641665169313335]
[null,-20.712179234374538,-21.037808110679901,-20.247512723005439,-19.860732742297021,-19.209718154714309,-23.526435240023531,-23.021903861576124,-24.430255178252189,-24.027734476527485,-17.702072029514241,-16.945639562831936,-16.258762784479472,-15.472725492422626,-18.654207630919643,-17.970575566903822,-20.066762799421785,-19.406912576985704,-21.898638859262341,-21.342105345742116,-20.766271819929209,-20.332792013009851,-20.414652088259718,-27.614258870490442,-27.957833875732035]
[null,-18.151778993197972,-18.436613476743268,-17.794968116813074,-17.515154538176002,-17.016042586288965,-21.151860177341263,-20.80019318989763,-21.799433598781846,-21.513271164959818,-15.137797356708461,-14.506972238820612,-13.94803785599556,-13.313292868025078,-16.518783807154843,-15.991559058351967,-17.629891866506259,-17.097192070119842,-19.140860621921224,-18.70049589611391,-18.250560389503743,-17.942740767625029,-17.941067595164032,-25.080134704261212,-25.293934603307452]
[null,-15.598193416875814,-15.844005881282138,-15.344046751136151,-15.165223044266176,-14.81134045709952,-18.779756087249179,-18.575500450481687,-19.181236922510806,-19.006422486320975,-12.580226200976314,-12.066737555604966,-11.62828023405004,-11.137481176010166,-14.377753896836195,-14.003958834534721,-15.196062043870004,-14.785648587967938,-16.399911833731185,-16.068413072816128,-15.736893898154532,-15.546926516024774,-15.469519105800746,-22.560854538766364,-22.649139226051858]
[null,-13.053095907180406,-13.261347166902219,-12.895541277971748,-12.811891277040596,-12.597123841630172,-16.410115934549822,-16.348668703693871,-16.576017573968734,-16.507500671990954,-10.032899306749536,-9.6279853626782224,-9.3008772927780594,-8.9461650218557427,-12.232416621107872,-12.010442924137031,-12.7665575548729,-12.473180760952493,-13.677752560665684,-13.447764582319143,-13.226551630021721,-13.146606451104583,-13.001231189992154,-20.056910799362154,-20.022652287082192]
[null,-10.519321999502541,-10.691810540837221,-10.452039744017137,-10.456853172546692,-10.374509739104326,-14.044759344513908,-14.121864476317183,-13.984544553060786,-14.017759331932108,-7.503864144664977,-7.1961305769317896,-6.9689975991173405,-6.7404687843043263,-10.084164009328486,-10.014196197912874,-10.343476860865744,-10.161090128154783,-10.97891911596712,-10.841784296475044,-10.722135102884993,-10.743596494193918,-10.538407235032475,-17.568542233865834,-17.41500009491088]
[null,-8.0029095319821622,-8.1427641935849344,-8.0177120023094819,-8.1027362684920323,-8.1448939304965169,-11.685133157278084,-11.89657853985603,-11.409972230161623,-11.539112095367091,-5.0119293652093946,-4.7846953854971153,-4.6393496821171816,-4.5214293587461389,-7.9346913695147494,-8.0192535184196085,-7.930823105909508,-7.8521660168320064,-8.3130302031213414,-8.2583733377232384,-8.2289928164495283,-8.3413043033094976,-8.0861216458044254,-15.096607388501646,-14.826620616313011]
[null,-5.5188513349619956,-5.6302119877767396,-5.6027324296133703,-5.7559438264851055,-5.9103295344264364,-9.3333520040803002,-9.6745863869222877,-8.8579632225376823,-9.0755457687853998,-2.6109959453918279,-2.4361433929761898,-2.3363833102094951,-2.2900149508807912,-5.7852093369064539,-6.0336825812201509,-5.5392121459308798,-5.5516648975144438,-5.7021873319138132,-5.714566301371228,-5.7592735978386926,-5.9465283939250195,-5.6549113316053869,-12.642998835037213,-12.260237485669791]
[null,-3.107124421268932,-3.1968886353344339,-3.2355514170344684,-3.4330005181409731,-3.6738451789481164,-6.9945828978782982,-7.4581973064873281,-6.3415592057483021,-6.6357493098340443,-0.52769519479608784,-0.3756533297109631,-0.24963933044340256,-7.4859470836586686E-2,-3.6378200899121187,-4.0807973908576978,-3.1955513970165241,-3.2744377986237763,-3.2014097623371058,-3.2554954360884745,-3.3454871035201394,-3.5781162921675667,-3.2753600558544886,-10.210917697001047,-9.7200074723382812]
[null,-0.91932245314413485,-0.99581899951920505,-1.0299681851072897,-1.2056366533457445,-1.4506799207742522,-4.6789098288370479,-5.2512432427785782,-3.8923758621452471,-4.2406660136054235,-2.3836758217823037,15.551121294874132,3.2559494740328616,2.2179506765369905,-1.495578437628351,-2.3952932127605306,-1.0128176601415118,-1.0881720299209001,-0.99041961534197009,-1.0368449868806848,-1.1108568683099658,-1.3129934367441922,-1.0647772557804138,-7.8057445061203587,-7.2161781646742931]
[null,-0.44011134463269613,-0.22135436645296944,-0.51093290585396756,-0.6082163655500672,1.3201947168803401,-2.4177942592986699,-3.0603713721746302,-1.6097142595867417,-1.9551877248143563,8.0006608942016033,6.2290343000767345,5.1961559249285418,4.4846967160909541,0.65824764244606271,0.31790821954922227,-0.54585463615689456,-2.4743426317063362,-0.12188101829470532,-0.15137120736484047,-0.21237198563755383,-0.2031546267427512,-0.33704800695022347,-5.4399669154607588,-4.7701406428684621]
[null,-28.205580719361798,-28.618561596956908,-27.520439029657496,-26.923443907132754,-25.971402876247868,-30.689240088423112,-29.891474986717391,-32.090940975009097,-31.463061922186515,-25.183264816639795,-24.160637716551648,-23.206799699256337,-22.112974915148321,-25.242920225871202,-24.248966804038041,-27.283853812304564,-26.357985118100174,-29.806192928361092,-29.027238410038297,-28.207898819845266,-27.539233502028083,-27.734532789853208,-35.113648645360307,-35.697337534393817]
[null,-25.605756308422208,-25.974514387670183,-25.039164425289581,-24.560855146137662,-23.775833894258501,-28.278424130726076,-27.645978229236064,-29.404351303236407,-28.901189822104701,-22.585992159194934,-21.703968071222647,-20.894134670742105,-19.96867427821326,-23.099455840439873,-22.272920896447314,-24.816800430876921,-24.029650133760565,-26.989993018466066,-26.337850538349379,-25.657845390810468,-25.129076285441037,-25.230557843035101,-32.512494759923705,-32.961336431202021]
[null,-23.014919059529241,-23.341022272135689,-22.560731328150958,-22.194078722232469,-21.567886559519213,-25.871062816691389,-25.396065671610319,-26.73450681481965,-26.350026429201954,-19.994862371337959,-19.245593197173395,-18.571760687354129,-17.806271488826702,-20.94851558418635,-20.283406092538918,-22.354062632773857,-21.699242882496808,-24.1935185858176,-23.660701077510165,-23.11179998460339,-22.714041054391995,-22.730044028641004,-29.930503121601568,-30.249927160167449]
[null,-20.432905281563688,-20.71772694421529,-20.085035233750173,-19.823657756076599,-19.348913947516905,-23.467585316958512,-23.143252026281008,-24.080261320954023,-23.808858307649238,-17.409918416900837,-16.785943784152082,-16.240468711630587,-15.627028536549519,-18.791330985397309,-18.283048039310181,-19.895554148557729,-19.367540248450556,-21.415787595460607,-20.99525037477083,-20.569684669915013,-20.294724106771152,-20.232837312840392,-27.367020363935676,-27.561157687674175]
[null,-17.859344668096828,-18.104631021689116,-17.612468670241753,-17.450537544515264,-17.120323037435597,-21.068101418088325,-20.888977803867842,-21.440374550889615,-21.277636358186072,-14.83229941936402,-14.325828364161421,-13.901002975446676,-13.432413574122421,-16.629421101984125,-16.274159225311571,-17.44148619072028,-17.035106318798945,-18.655887707542234,-18.341376982336694,-18.03155460367196,-17.87191925014189,-17.739403246962354,-24.820587081722497,-24.893664512614198]
[null,-15.294895782609828,-15.502027812066643,-15.143629939973019,-15.075243307617525,-14.883388860202713,-18.673451349521603,-18.634626504164672,-18.815197518702256,-18.755972685472454,-12.263986557764738,-11.866802307144217,-11.554412801862183,-11.22326216512182,-14.464090098760066,-14.25946645665546,-14.992611420029958,-14.702753069172312,-15.915280065886721,-15.699632154687775,-15.497974339583442,-15.446114031205164,-15.250184510712373,-22.291738370021612,-22.246780648966247]
[null,-12.741410677944637,-12.912185697005928,-12.679824780334487,-12.698930126341823,-12.639150908497985,-16.284455857095992,-16.381506625004448,-16.204808176444526,-16.244903001199035,-9.7095619118499652,-9.4120350661865899,-9.2024884193641245,-9.000530701760427,-12.296510907919398,-12.241691620337361,-12.550018829675707,-12.371413500987721,-13.196481283139089,-13.072123236530405,-12.970673107384751,-13.018769607009467,-12.766642832148166,-19.780400021958616,-19.619768654218689]
[null,-10.202381602562223,-10.339228898429665,-10.223654425251416,-10.323533614566218,-10.388879266094355,-13.901796950149279,-14.130939499586615,-13.6109284348803,-13.745230262095816,-7.1791810490160293,-6.968664793886056,-6.8487803281202551,-6.7651919806283738,-10.128141182427671,-10.224093233462012,-10.116450725494991,-10.042841697544933,-10.505256778758895,-10.463487384023081,-10.45281070067278,-10.591914232344497,-10.291732527515158,-17.286549921902814,-17.01348404399765]
[null,-7.6860770180166167,-7.7921246010163578,-7.780773474527547,-7.9520959481446534,-8.1339783539402859,-11.527661323702024,-11.884766091372009,-11.037141939310814,-11.259776952104533,-4.6963885676108568,-4.5530786309115872,-4.5017423486652017,-4.517870681848712,-7.9603464725230451,-8.2119166435074256,-7.6973122296269665,-7.7199045639755317,-7.8541600983424198,-7.8832741317922572,-7.9509892347110771,-8.1693068795756432,-7.8312272661873497,-14.811812046018094,-14.428874277952971]
[null,-5.21052505930684,-5.2911531399171894,-5.3634540367065719,-5.5923096677649937,-5.8762075284039517,-9.1648299094743475,-9.6448449899639375,-8.4908574994979205,-8.7933373229205376,-2.3286149499978324,-2.2185686693489086,-2.1916301844223662,-2.2600864466550812,-5.795004516941364,-6.2142483106187854,-5.3050117843904667,-5.4091009990634857,-5.2708219283663258,-5.3531178582426513,-5.4803719483326825,-5.7594427125914667,-5.3990270652014765,-12.35818028300034,-11.869267599940713]
[null,-2.8256531008672674,-2.889403012420098,-3.006930990720492,-3.2644837946802396,-3.6194396037563874,-6.8186831751182746,-7.4135129384863703,-5.9881446468514063,-6.3565688580329232,-0.35985008316410949,-0.25040332243219066,-0.16274318512802433,-3.2177506856211541E-2,-3.6336905873684278,-4.2612823901547028,-2.9734960413992746,-3.1286677176923199,-2.8236307750865084,-2.9290523594599982,-3.0813661019121477,-3.3857385408853697,-3.0324107156927127,-9.9293961683053826,-9.339902737387213]
[null,-0.72028604991497225,-0.77715752744026256,-0.85368936729772937,-1.058593449850304,-1.381801077082359,-4.5017606419576168,-5.1944929749516486,-3.5684556828731711,-3.9753820143482321,-3.476727196249648,16.095640709712864,3.5942362145005173,2.2971695751373686,-1.4797141348836251,-2.6680780046494941,-0.84293457189012444,-0.96275653560393559,-0.73543433495923682,-0.80445876363596502,-0.90795747985577935,-1.1443675518126966,-0.87798117578364721,-7.5324052048903951,-6.8534490541298014]
[null,-0.76360267136484627,-0.45068675321577623,-0.85339543526197581,-1.0124991028436343,1.4204878795995777,-2.2528937608998936,-2.9964752236331837,-1.3545651117363744,-1.7299397358600821,8.943548878908512,6.7578126713572031,5.4832552281974198,4.5864155226865675,0.6832278102919751,0.26625316525984377,-0.8842129249716687,-3.7697354777338181,-0.31074260029069778,-0.34781802008958801,-0.43281338156877547,-0.41567964557199499,-0.60723186326700751,-5.1817545161231955,-4.4362630662309863]
[null,-27.974529817173025,-28.344863811598483,-27.427810468111335,-26.980410526274273,-26.228631904179814,-30.719061941320803,-30.128681889716333,-31.778170002226048,-31.306404013889846,-24.942299968504329,-24.07358249800059,-23.283017884825686,-22.382545200309441,-25.470581147862926,-24.667144215440501,-27.172589847473244,-26.396045872705052,-29.341021411782148,-28.72903553609585,-28.091520312281929,-27.614648542083511,-27.622484764783302,-34.915723402090123,-35.321728850092228]
[null,-25.356476627621102,-25.683541511441316,-24.920265198905287,-24.582587452101059,-23.989731595210671,-28.274931395617379,-27.840221452178984,-29.0777950196365,-28.721098742011744,-22.325697066586468,-21.589576221805171,-20.935278679091272,-20.196407441545777,-23.293849206157788,-22.653282968377585,-24.683135020047409,-24.038848696159516,-26.518978337268813,-26.021377052958396,-25.511183614913907,-25.161870597425839,-25.092212391890303,-32.295755936084902,-32.578293517774767]
[null,-22.749617811976851,-23.034667658950724,-22.417814636217603,-22.183554849756888,-21.741535937689971,-25.837354404716351,-25.551168663150992,-26.396018304702316,-26.148928163873869,-19.717369698740089,-19.106076018603659,-18.580191037963413,-17.994593311826645,-21.112080111816574,-20.628810029925202,-22.199867823009122,-21.681954716069153,-23.718054519009698,-23.328219662480439,-22.937638010422909,-22.707957209719968,-22.567763968920911,-29.6976539843997,-29.860943743025295]
[null,-20.153074309112124,-20.398089272919915,-19.920396556137394,-19.783399338269092,-19.485270777374954,-23.406397820997221,-23.262770533446634,-23.73148068246967,-23.58912620446565,-17.11729916392612,-16.623462886935954,-16.218261445858676,-15.778203123624621,-18.926534128596614,-18.596252373173662,-19.722737298306665,-19.325659203584578,-20.937015990572494,-20.649055053210635,-20.370872408399968,-20.252971718681295,-20.049003017079958,-27.120111086070917,-27.16743160639205]
[null,-17.567191714222947,-17.773361733885572,-17.428407490726762,-17.38300894885376,-17.222081876434689,-20.982680802435269,-20.976232442544248,-21.083495546346924,-21.04167074779529,-14.52684876293271,-14.142379780608705,-13.850161252072244,-13.54851387728095,-16.738537067809432,-16.558044746309754,-17.252093610544993,-16.970839925141398,-18.176290740170035,-17.983726265748825,-17.81068252780803,-17.797570109745475,-17.536116126528082,-24.562547432674702,-24.496910383427497]
[null,-14.992639316581512,-15.161849210233878,-14.942210332569283,-14.982873179344786,-14.953008214811888,-18.566249005692988,-18.692772901095541,-18.451760430263953,-18.506138041841769,-11.948583176740433,-11.665151211508322,-11.477141640286865,-11.30626670770067,-14.549198303451968,-14.516766101060284,-14.788459450643714,-14.618028298282173,-15.436954111728321,-15.33309602368146,-15.258149075088983,-15.342466865989975,-15.029824291922036,-22.024551701096811,-21.848412936680578]
[null,-12.431614802025996,-12.565901796205297,-12.463741394017195,-12.584033422754713,-12.679164793011957,-16.157861321088738,-16.413563743312825,-15.837114745922944,-15.983204316974474,-9.388508613041866,-9.1953089463088755,-9.1012316910695379,-9.0523706256195187,-12.35977134625195,-12.475367006959022,-12.333556279161128,-12.268389357609628,-12.722665934454298,-12.700113113995787,-12.714618666311935,-12.888511148334171,-12.531839994137972,-19.506277166870952,-19.221854445348274]
[null,-9.8887196084151441,-9.9907007656370528,-9.9958569887255511,-10.188701686099732,-10.401506007390163,-13.759027121385349,-14.139907234760782,-13.241701431728215,-13.47459162256634,-6.8587298029705819,-6.7411851217472254,-6.7262148068257597,-6.7873472840588116,-10.171712484415609,-10.437596152920754,-9.8905763489641796,-9.9236789230453386,-10.041010921949814,-10.090049890082462,-10.18442481136146,-10.438485526687655,-10.045718099006196,-17.008068359307817,-16.617623698773976]
[null,-7.3738839086207086,-7.4474488515554391,-7.5452845497593657,-7.8007770811555819,-8.1214196058684074,-11.371083484306736,-11.873449504507882,-10.670182772375735,-10.983365175249636,-4.3883774880155997,-4.3236097751503895,-4.3625784104419019,-4.5121145466679256,-7.9864188369941678,-8.4091765024994949,-7.4659087643183737,-7.5874511175165624,-7.4075894211201794,-7.5151392665498022,-7.6753329016981136,-7.9962815662413833,-7.5783930155151591,-14.531401635090129,-14.037988376940426]
[null,-4.9093246604336125,-4.9607684192029016,-5.1273377951569366,-5.4289111233070715,-5.8408680316026738,-8.9976870546401848,-9.6160522757514553,-8.1312073156401343,-8.5153376035978141,-2.059623318433299,-2.0076458823715688,-2.0473817634043776,-2.2277384128453832,-5.8055675273377787,-6.401314629357385,-5.0744899520537183,-5.2673258572698902,-4.8554971691198423,-5.0016647231050868,-5.2058339232982345,-5.5725834755302381,-5.1468809635759669,-12.0786842590884,-11.486094767467151]
[null,-2.5558536127760312,-2.5955754312420969,-2.7847055686489317,-3.0979773606609919,-3.5643987861733648,-6.6452822733158516,-7.3703893103371767,-5.6448186359330537,-6.0833475188883206,-0.22215934636801246,-0.14798893506267949,-9.0980865285660045E-2,-1.4501651630742965E-3,-3.6308472891744143,-4.4519115573865324,-2.7580500459937864,-2.9851403875689839,-2.4688381560644657,-2.6179374352624269,-2.8255689205262842,-3.19555378393876,-2.7965619125393419,-9.6542430288600514,-8.9693102350779288]
[null,-0.54397871134212783,-0.58413923692804137,-0.69195389571969501,-0.91859019279199783,-1.3129335257119912,-4.3286575643049163,-5.1403152611042842,-3.2587089100203923,-3.7186616117639759,-4.8605225747136886,16.57000010925832,3.9327053664342473,2.3779528722559342,-1.4657937392607936,-2.9810165378795648,-0.68729064895235237,-0.84361520640791188,-0.5176920881257866,-0.60023854992503134,-0.7230955098803169,-0.98387765900856117,-0.70721481883507165,-7.2667160588726327,-6.502103133796572]
[null,-1.1859201674888682,-0.76619741460642643,-1.3043171310704738,-1.5786822630013289,1.5120839403823911,-2.0943583797932495,-2.935592632945903,-1.1213810582045687,-1.5184738601324301,9.9239922140181029,7.3008392270756834,5.7755111060035356,4.6896636868358472,0.70471957031356691,0.2189178703134097,-1.3185985774413067,-5.6878669215958748,-0.58758594171704392,-0.62928545212888387,-0.7428331631504228,-0.72988581334759073,-0.97056750005810366,-4.9332232329682864,-4.1168768439285026]
[null,-27.741672798970672,-28.070216120607729,-27.332010451824505,-27.033361671878914,-26.482903898811372,-30.746051855933924,-30.363559000590435,-31.465295747774903,-31.148146980088793,-24.69927875402071,-23.982567519389864,-23.354657784494112,-22.648952537580989,-25.695807931462085,-25.085602189751707,-27.058584035719402,-26.430535331155802,-28.878508217090346,-28.430058797180841,-27.972055487861088,-27.685900672405438,-27.50760762515127,-34.717368389965628,-34.948201148702708]
[null,-25.106174003667491,-25.391842459842088,-24.798613539770923,-24.60081549936092,-24.200877290693519,-28.268958524133758,-28.032463521797208,-28.751916824521789,-28.539845453987017,-22.063933530643617,-21.471727631789609,-20.972122888035468,-20.421146000537966,-23.48622344370191,-23.034274982313232,-24.546971295044948,-24.044865976058706,-26.051149311396195,-25.704606732136718,-25.361783685477533,-25.190889196990263,-24.951321254366281,-32.079322392244713,-32.197517368726515]
[null,-22.483450737224768,-22.728378398429943,-22.272644495961053,-22.169781664845768,-21.912737937199484,-25.801402049167475,-25.704477647844339,-26.058620927230464,-25.947021516062776,-19.43892347828638,-18.963394408799822,-18.58453237909518,-18.180100564255955,-21.273978361979111,-20.975234970530519,-22.043782920263681,-21.661690969194851,-23.24611227888731,-22.996086719456951,-22.761212628980925,-22.698260616253208,-22.403348513538681,-29.465421660539835,-29.474418860772655]
[null,-19.873271522183714,-20.078688270448374,-19.754002116873767,-19.740283649408507,-19.619244383154385,-23.343810077519464,-23.380938584691478,-23.38438872606266,-23.36911995362777,-16.824290736932483,-16.458091587584629,-16.192061654817177,-15.926765636153073,-19.060463749169049,-18.910928349061653,-19.548425469132983,-19.281468715251407,-20.462986381082196,-20.3037420693752,-20.170152168099513,-20.208026284514563,-19.863346664660526,-26.874756245062837,-26.77694518031462]
[null,-17.275460901399665,-17.443309425209257,-17.242895824902043,-17.312945346740847,-17.321735153584367,-20.895836712871709,-21.062521901283247,-20.728638424720074,-20.805690285285248,-14.221825673426356,-13.956795360096841,-13.795751603509695,-13.662111496947485,-16.84663341749231,-16.843907194952887,-17.061621400788088,-16.904581938442565,-17.70180252098741,-17.627626183147211,-17.588678692337112,-17.720433219532666,-17.331630462411642,-24.306227492416394,-24.103835528709446]
[null,-14.691575965925693,-14.823529818682847,-14.740060941171146,-14.888190005572513,-15.020766472993914,-18.458151313825507,-18.750449367694934,-18.091144484338393,-18.256693804705368,-11.634715437079906,-11.461801101121212,-11.396726603577713,-11.386808865648472,-14.633699457833703,-14.776772214704659,-14.583994962518888,-14.531772448989669,-14.964910503292138,-14.968979593868477,-15.017475125518354,-15.23613466880829,-14.808776592506963,-21.75966937798184,-21.454368477216267]
[null,-12.1238928021272,-12.222470457145093,-12.247319259474637,-12.467394266430574,-12.717498821473898,-16.031241377920463,-16.44549440293596,-15.473124367377153,-15.722887234612456,-9.0701482491357481,-8.9776328635719356,-8.9970764824423117,-9.1017007463910691,-12.423041911620523,-12.712397702269035,-12.117377480305903,-12.164196755746095,-12.256603979079015,-12.331247206366145,-12.458665036471062,-12.75614567200024,-12.297041956799948,-19.235007183026472,-18.828724845485727]
[null,-9.5781731516837247,-9.6463634884112892,-9.7685335495973966,-10.05270141220047,-10.412713701125215,-13.616261121269453,-14.149236231233202,-12.877074747192978,-13.206144491190443,-6.542857883223042,-6.5143320297885712,-6.6013324007745444,-6.8074239335696447,-10.215580666940339,-10.655350472587399,-9.6655428902706522,-9.804107804108888,-9.5863736733851983,-9.7215913026920813,-9.9169615352650489,-10.283280944439722,-9.8005192713569045,-16.732938861475333,-16.227758644065673]
[null,-7.0664839133167918,-7.1087600528964794,-7.3115326969367835,-7.6487179670540479,-8.1079865237755548,-11.215409734849064,-11.862910604820806,-10.30894256290108,-10.709788476273323,-4.0878063305483057,-4.0965877245608606,-4.2220508189566504,-4.504263660112473,-8.0132249348495748,-8.6118284065427417,-7.236410134465955,-7.455070220624143,-6.9728030777341887,-7.1538265792910778,-7.4020025519687414,-7.8223843502214976,-7.3277344647639238,-14.255008191770642,-13.653415449070252]
[null,-4.6155093622580043,-4.6394339367670767,-4.8946909760151334,-5.2658321792294513,-5.804919966930929,-8.8323162500557402,-9.5886290808475625,-7.7791407096086411,-8.2413331386408704,-1.8042083336602088,-1.8034725030702363,-1.9039295412158384,-2.1934902332265005,-5.817328636264496,-6.5958265708261834,-4.8478186833838386,-5.1264117604486668,-4.4563454216723297,-4.6602176274242995,-4.9358090489318407,-5.3857985411611571,-4.8988531129320503,-11.804131253198729,-11.110713549587002]
[null,-2.2977280883323683,-2.3159087144415738,-2.5690882502370851,-2.933955440447356,-3.5087792369355193,-6.4744493069623008,-7.3290727475635205,-5.3116221555350851,-5.8158274517578841,-0.11600159446953448,-7.0408241387998421E-2,-3.7392606800616755E-2,-0.10052361810278758,-3.6300111031289086,-4.6546631471770077,-2.5494100143439224,-2.8440437719226779,-2.1368950951968615,-2.3224448680495224,-2.5779942649883103,-3.0077191006755495,-2.5682155561589437,-9.3855136543074611,-8.6079761379877766]
[null,-0.39112123135974353,-0.41746298437521184,-0.54541079058385766,-0.78597581056319354,-1.2442570561293005,-4.159684179708445,-5.0885995912085056,-2.9630123213597575,-3.4706645049638349,-6.5912424454526599,16.994180054227005,4.2690599366353199,2.459790131549465,-1.4541481329962973,-3.3449510945982652,-0.54635360739360173,-0.73112109847450568,-0.33756195134256262,-0.42446401545456697,-0.55686924638964508,-0.83211546850113871,-0.55303640387089947,-7.0087483004051769,-6.1623219275331724]
[null,-1.7142910851171098,-1.172265827558745,-1.8795642421978687,-2.3653890168089706,1.5963174211099826,-1.9423330677765402,-2.8780141836258122,-0.91037565929144282,-1.3210078827221232,10.938626069060835,7.85705808378325,6.0719828592424463,4.7938732135543711,0.72237373777650504,0.17587460794832391,-1.8593618314482596,-8.705939934386171,-0.9530720195218515,-1.0000692684263244,-1.1531046519686579,-1.1731601860208911,-1.4378631391628875,-4.6942900697451444,-3.8120455899604853]
[null,-27.507737384996886,-27.794517662353048,-27.233452204400866,-27.082898020739485,-26.734718012089218,-30.770720078630418,-30.596827425906913,-31.152977204977887,-30.988406991968944,-24.45440928673062,-23.888050777484128,-23.422222920363012,-22.912625895082911,-25.919110320764169,-25.504910822067814,-26.942021840346261,-26.46205321865996,-28.418609102295193,-28.130555173251274,-27.849864027491403,-27.753528911609532,-27.389710546674156,-34.519574005462886,-34.576942201477301]
[null,-24.854810726846218,-25.099819782600335,-24.674557390203685,-24.615907537243498,-24.409755418870816,-28.260757105153949,-28.22317672726253,-28.426622612590226,-28.357229439896532,-21.800771789417915,-21.350693413033554,-21.00511323262613,-20.643371439651013,-23.676935492552339,-23.416477725486484,-24.408874677385704,-24.048210419711005,-25.586355602869858,-25.387818952323833,-25.209743463817233,-25.216484146450334,-24.808080031776676,-31.863417929502869,-31.81944981038658]
[null,-22.21675833779959,-22.421874204465801,-22.125342463367158,-22.15312927442892,-22.081703764509037,-25.763951093547785,-25.856798597723461,-25.722392632135193,-25.744391697826753,-19.159520740622245,-18.817842002214793,-18.585061959092794,-18.363101714524042,-21.434592745536225,-21.323264883945193,-21.885918683973109,-21.63920881075672,-22.777980082286689,-22.66426285635611,-22.582702873112247,-22.685459165453558,-22.23701022369146,-29.234404097178047,-29.090926618029478]
[null,-19.593260896659025,-19.759894623843426,-19.585761325767514,-19.694524520305126,-19.75138027553897,-23.279886675651646,-23.498310291629938,-23.039013387713382,-23.148883551120786,-16.531002260079635,-16.290297089381543,-16.162564178518149,-16.072875919543954,-19.193314030053646,-19.227809975422954,-19.372935576033058,-19.23523696487494,-19.99321061781415,-19.959373932099634,-19.967934632890351,-20.16014752280978,-19.67625774277203,-26.630803576322233,-26.389752341919117]
[null,-16.984358618439128,-17.114568841681425,-17.056018589473982,-17.240519229704045,-17.419629118371905,-20.808384675724248,-21.148414216812277,-20.3759548571173,-20.570167684358843,-13.917307098343016,-13.769379455712052,-13.738239122803034,-13.773393404279267,-16.95414726807418,-17.132423473200536,-16.870366291700996,-16.836664816547053,-17.232666288895942,-17.273159968784903,-17.365497165370577,-17.640748767344583,-17.125996175495207,-24.051994944545658,-23.714643325955372]
[null,-14.391628010255223,-14.48723221125301,-14.537105140343858,-14.791699978029081,-15.087136339636624,-18.349872217634349,-18.807930649297429,-17.733468568115946,-18.008249911573074,-11.322400053657439,-11.257179135486178,-11.313277308614666,-11.465347126450474,-14.718089631634163,-15.039859615529032,-14.379211380364948,-14.44429384998214,-14.499185512901368,-14.607340191145795,-14.776418831555084,-15.127631832121168,-14.587381154671011,-21.497500160512992,-21.064823695608514]
[null,-11.818238067831722,-11.881881768889921,-12.030860851685468,-12.349269922438033,-12.754655572726199,-15.90479199502432,-16.477891773205133,-15.112790772308426,-15.464149479983437,-8.754474760302271,-8.7595403669434972,-8.8901548768920318,-9.1493167833258138,-12.486320510328717,-12.953569086768827,-11.901645281623495,-12.059342558944024,-11.798249312123497,-11.966291213256827,-12.202866060121364,-12.621994269559654,-12.062392298552771,-18.966988319246909,-18.440781860304227]
[null,-9.2709634123478128,-9.3063898321248395,-9.5419706040857939,-9.9157757347269175,-10.423074268719354,-13.474341952470855,-14.159411644200116,-12.51735988763901,-12.939669650841488,-6.2315592446597945,-6.2881053424942221,-6.4743104531811833,-6.8256360332903796,-10.260209281349626,-10.878217862401229,-9.4419115407270642,-9.6840246203940836,-9.1411142835578829,-9.3581073872494027,-9.6507215747457842,-10.126724464829108,-9.5563774618995492,-16.461787095482933,-15.843557907949975]
[null,-6.7639561042839471,-6.7763053347217204,-7.0797322039530197,-7.4964972111425743,-8.0937502006259425,-11.061056711624435,-11.853760053802208,-9.9535108942219672,-10.439344635568402,-3.7951368142063657,-3.872393658254436,-4.0801885460502776,-4.4948301944138267,-8.0411407902993908,-8.8212942971426251,-7.0093734798787342,-7.3229700058755123,-6.5502243055832263,-6.7996857173924985,-7.1311400200604362,-7.647880715926032,-7.0793492481066185,-13.98333703575428,-13.27590739494053]
[null,-4.3288749316674302,-4.32707624823332,-4.6654662142834127,-5.1033792088064738,-5.7686115136761575,-8.6689253598836729,-9.5632576082473264,-7.4346486845828945,-7.9716978610753308,-1.5628699711570408,-1.6067531587055521,-1.7615250703615686,-2.1579120713594699,-5.8308641898169,-6.7994142711507726,-4.6250758782190822,-4.9867734014493017,-4.0732281862022344,-4.3290472546642613,-4.670442298866524,-5.1996277925645966,-4.6548065221542609,-11.535257522329363,-10.74346380783466]
[null,-2.0518329367150336,-2.0505835557350807,-2.3601412675538285,-2.7719045491035033,-3.4532579686528386,-6.3067853029807246,-7.2904720949685888,-4.988335719609907,-5.5545758563062524,-4.2940012059290683E-2,-2.0091505322262063E-2,-5.9700741276479266E-3,0.28920507621467145,-3.6312849575376069,-4.8719099413307996,-2.3476812246574568,-2.7055393475877745,-1.8281755707676044,-2.042977282903546,-2.3393397437818919,-2.8226716105373484,-2.3475540964507773,-9.1233342183881287,-8.2560588679565541]
[null,-0.26226003173174101,-0.27761497807662966,-0.41463151839442053,-0.66134860772785276,-1.1761313328893581,-3.994827034600311,-5.0403389122038842,-2.6814742120333177,-3.2311645289302673,-8.7525050797638393,17.380118765989916,4.6017065072887862,2.5424545878293063,-1.445527782660367,-3.774359815683515,-0.42046973991073217,-0.62553624137709818,-0.195388831232298,-0.27795732202007217,-0.41025163503047368,-0.68975207338740319,-0.41602881005473163,-6.7587447263889446,-5.8338866838044732]
[null,-2.3577609831612212,-1.6743402007397874,-2.6002059009324405,-3.4683611592474684,1.6733877471155731,-1.7970835225373269,-2.8245321232876059,-0.72162945037419335,-1.1375968721083691,11.983528349756655,8.4240068147887452,6.3713540325923335,4.8987733489938563,0.7353845983355044,0.1369604497348805,-2.5205399421925754,-13.929939795897855,-1.4086800070343297,-1.4642942529726852,-1.6767989193808022,-1.7874365860742651,-2.0239357639406403,-4.4651595901406127,-3.5216609899338587]
[null,-27.272523977465617,-27.518145005289682,-27.132386619327747,-27.129549777396516,-26.984627888869785,-30.793501685784562,-30.829021390505531,-30.841285154254432,-30.827675221132292,-24.207779016596277,-23.790289512453917,-23.486000740229354,-23.174174070298356,-26.140907545874359,-25.925635337810785,-26.823452686338186,-26.490788241554792,-27.961610566482882,-27.830740119690606,-27.725093033737522,-27.818279388210708,-27.269527585720116,-34.322158672262994,-34.207630386575815]
[null,-24.602773513860775,-24.807586748308616,-24.548170384860494,-24.628224829710579,-24.616886642317002,-28.251192626585201,-28.413296995206728,-28.102464554856827,-28.174106542960423,-21.536411608147564,-21.226372563186022,-21.034431862843476,-20.863409709590801,-23.86634022004629,-23.800482540306085,-24.269022766601452,-24.049226906201572,-25.124767397358884,-25.071241408911433,-25.055809218212453,-25.239312011248074,-24.662720933950233,-31.648520664033267,-31.443614660047199]
[null,-21.949884629660861,-22.115669236492334,-21.976283643039729,-22.133953140107241,-22.249274308371731,-25.725252982178564,-26.008663999928505,-25.387668333478231,-25.541619100004883,-18.879518694676335,-18.669747176081067,-18.582249990878381,-18.544154564617298,-21.594358771244675,-21.673586141224003,-21.726764273702937,-21.614624196790835,-22.313715507209196,-22.333210423007014,-22.402536611146044,-22.670108716001227,-22.068941918238171,-29.004581048115558,-28.710380651025972]
[null,-19.313448598979853,-19.441978569201193,-19.416204594646512,-19.64661455966997,-19.882181105100038,-23.215229122101636,-23.615619263927464,-22.695571859388743,-22.928769957972339,-16.237759730110923,-16.120399447846488,-16.129876140111836,-16.217255256070391,-19.325730365873703,-19.547316670222244,-19.19656511066572,-19.187256382999113,-19.527970455931182,-19.616254675238888,-19.764348680989347,-20.109953345174709,-19.487897707201185,-26.38866849957045,-26.005981516206795]
[null,-16.693873250685279,-16.787111946290594,-16.868463602838251,-17.166255639619305,-17.516530996468372,-20.720664987045261,-21.234587078707239,-20.025862014521646,-20.335155465781945,-13.613408903252566,-13.5799312786695,-13.677719294676818,-13.883031467834378,-17.061494660911539,-17.424193750490932,-16.678669001349679,-16.767408045524363,-16.768773514443737,-16.920548735322246,-17.141434421408125,-17.558907458737522,-16.919580225911179,-23.800001640844972,-23.329239761652612]
[null,-14.093064472362585,-14.153097695800822,-14.333595287044107,-14.693610407007348,-15.152585933156775,-18.241487819660374,-18.86616033879621,-17.37886272093851,-17.76086219748969,-11.011445569698335,-11.05135802874487,-11.22723121532248,-11.542337397166667,-14.802666796663349,-15.307158221696398,-14.174449293030078,-14.355811830335865,-14.03969760914323,-14.248618312007833,-14.534895469964761,-15.0172449079743,-14.365482192026709,-21.237758998633758,-20.679684002482105]
[null,-11.514782101882036,-11.544599062696324,-11.814571862099204,-12.229986879497273,-12.791257883638416,-15.778648245832549,-16.511438871143969,-14.756253467722283,-15.206994907867822,-8.4416928948544747,-8.5409174328970749,-8.7811053476399579,-9.1953468551195261,-12.550506985322892,-13.199750972572765,-11.686334629194921,-11.953789808700591,-11.347431823515763,-11.605055688337803,-11.947527618478171,-12.486314815410626,-11.828132305902621,-18.702363727776792,-18.057857367801635]
[null,-8.9671391573961987,-8.9707244311311616,-9.3164078184335377,-9.7782449941488885,-10.433138106570853,-13.333387685531783,-14.171040965829631,-12.162088992919204,-12.675772504326851,-5.9251963400591565,-6.0625275097387892,-6.3454965380650341,-6.8426027077785658,-10.306021664306098,-11.107373554650033,-9.2195744649995444,-9.563938793757071,-8.7054033168761986,-8.9996290666894954,-9.3857861258919719,-9.9693153798575018,-9.313410468742962,-16.194507392038069,-15.465361956785442]
[null,-6.4665034319089738,-6.4502774246443799,-6.8498203986057691,-7.344092477674546,-8.079360547285372,-10.908142246569886,-11.846676260755089,-9.6041884672544207,-10.172465003453029,-3.5103730142087657,-3.6510117313841821,-3.9372809499665684,-4.4842208456664032,-8.0709311957201688,-9.0384341424567722,-6.7847275058913388,-7.1915070441038944,-6.1400512365903221,-6.4526338632222959,-6.8630397803712331,-7.4731505770686608,-6.8331609778154858,-13.716452909168195,-12.905192686395059]
[null,-4.0499974035282671,-4.0238174030055882,-4.4400533773393063,-4.9419616366413868,-5.7324858207975993,-8.507808093163689,-9.5403283268680887,-7.0978795066274092,-7.7065311832611885,-1.3362142182757133,-1.4176848789236627,-1.6204102797125757,-2.1210545416955098,-5.8467985035742913,-7.013524888281375,-4.4064323092518656,-4.8484107843937894,-3.7064783229441249,-4.0084125582283194,-4.4099071307895503,-5.0141462904788234,-4.4150346262829663,-11.271964533737799,-10.383924220523179]
[null,-1.8182902865632125,-1.7997520844373422,-2.1582383203355975,-2.6126234261078061,-3.397998401319426,-6.1422098078455756,-7.254886388930216,-4.6752635892209087,-5.2992489062483754,-4.8262246452858591E-3,7.8796906867077197E-5,-1.9549598480061063E-3,0.27582469885534394,-3.6356895432382044,-5.1056525790877201,-2.1531873733188562,-2.5699364326196412,-1.5426905750109003,-1.7797440386210461,-2.1096444444039886,-2.6403749664287486,-2.1348732186918755,-8.8678864270723139,-7.9135052192734836]
[null,-0.15809335000574959,-0.16520308327656458,-0.30008398327344676,-0.54517080395820161,-1.1086819415723903,-3.8344848353127379,-4.9956287644266304,-2.4140683759759058,-3.00064364987808,-11.446812528691586,17.735121193346803,4.9286721247595047,2.6254009590757281,-1.4406339668466273,-4.2888982850868409,-0.30998192939522012,-0.52716491172339075,-9.1418288971848338E-2,-0.16138882533631529,-0.28403369562984448,-0.55735304924175788,-0.29694035602882707,-6.5168816949943489,-5.5170308820267211]
[null,-3.1265523783391727,-2.2775928729066948,-3.4925880466569108,-5.04840888223739,1.7441508691114052,-1.6585898241137722,-2.7754650502284068,-0.55474729226753294,-0.96801585819808977,13.055746226027793,9.0001565759186715,6.6730945795115915,5.0038290302484905,0.74360519331122188,0.10230062072424018,-3.3173553339897999,-24.772823518032435,-1.9554328244944092,-2.0280328777263459,-2.3304174891115785,-2.6337625876591648,-2.7447871009343423,-4.2455391443645096,-3.2454878677267569]
[null,-27.036363939619445,-27.241562925759585,-27.029209343474641,-27.173376266135012,-27.233317036998773,-30.814922056226372,-31.060918164843116,-30.530631969106363,-30.666110815473626,-23.959807087337946,-23.689309011962198,-23.546283593042439,-23.433942474278354,-26.36162297421702,-26.348409278863382,-26.7030458503658,-26.517164025887528,-27.507537474558319,-27.530919742501865,-27.598449427772369,-27.880554314413377,-27.147353976559344,-34.125910697898888,-33.840956044013552]
[null,-24.350138498410725,-24.515244212506957,-24.42001216079457,-24.638039432301621,-24.822852475596175,-28.240667032221477,-28.603312018143065,-27.779454516024693,-27.990808878014541,-21.271076089299175,-21.099467506644871,-21.060471431600831,-21.081908055916138,-24.055101602311563,-24.186977343930288,-24.127613040277588,-24.048063410956104,-24.666751780453357,-24.754960180323046,-24.900292423932758,-25.259769015607716,-24.515631349325719,-31.434933669521936,-31.070700643887253]
[null,-21.682766653265119,-21.80991989762428,-21.825685787498628,-22.112642854792057,-22.41570978053733,-25.685932288260023,-26.160735685218938,-25.054533313266791,-25.338778412073772,-18.59889859491544,-18.519067888062871,-18.576337061295469,-18.723745585860321,-21.753602690252464,-22.026770210486259,-21.566344918212621,-21.588436025035687,-21.85327687367678,-22.003003662129295,-22.220839939506067,-22.652528997012777,-21.899421446485121,-28.776534422618983,-28.332906060192055]
[null,-19.033895601032341,-19.12488022000198,-19.245470309913639,-19.596768509043983,-20.012290116348492,-23.150051349354637,-23.733411151500512,-22.354289863817073,-22.709099313886711,-15.944444076213999,-15.948263754865954,-16.094128311292746,-16.360134259377507,-19.458055987666132,-19.870405253286719,-19.019246688043665,-19.137925823581309,-19.067290769232532,-19.274446319579411,-19.559682593433685,-20.057734637089901,-19.298328333564019,-26.148758665965676,-25.625562256706964]
[null,-16.404491105080186,-16.461186688211754,-16.679897058141378,-17.090493852239774,-17.612828230575186,-20.632598285144521,-21.321530948159246,-19.678354786486402,-20.101035568968509,-13.310255507842472,-13.388948629632306,-13.61458503429664,-13.991511462667452,-17.169304386052925,-17.720275528889395,-16.486612114108404,-16.697073489962289,-16.310313128463036,-16.569977547096414,-16.916881649278221,-17.475348546003627,-16.712601511060228,-23.550542217655231,-22.947778416341595]
[null,-13.796096458335507,-13.821274365241409,-14.129968333611391,-14.594295293581936,-15.217803322180149,-18.133525199274747,-18.925618800130312,-17.02734476486167,-17.514839684636542,-10.702216755363859,-10.844425399712929,-11.138720311950665,-11.618177900038472,-14.888097796636529,-15.579496994271949,-13.969880711542897,-14.266664046561647,-13.586620417090195,-13.892465202597849,-14.293412992602022,-14.905334657180054,-14.143600695085132,-20.981343806318726,-20.299112875501212]
[null,-11.213837980602477,-11.210446640767982,-11.598654774942862,-12.109842084761093,-12.827683806747565,-15.653354840308518,-16.546384071367989,-14.403556949692613,-14.951739126605405,-8.1319928674296467,-8.3222268824731938,-8.6698664797394169,-9.2405379751939236,-12.615819817190046,-13.451993452822967,-11.471992868023152,-11.848055358901259,-10.904373591937906,-11.247382398141403,-11.692812131560212,-12.349469688552546,-11.594467212030109,-18.441190422532806,-17.68017427009276]
[null,-8.6667896292310225,-8.6397359962455322,-9.0917681510150743,-9.6400349857661052,-10.44307515309629,-13.193736994023443,-14.184796198577596,-11.811797281695714,-12.414438898084072,-5.6236131096337019,-5.8380179320151591,-6.2149956043793431,-6.858858911847336,-10.353642562281827,-11.343515243993197,-8.9988358104108688,-9.4441522491287095,-8.2793830767154724,-8.6465015036423321,-9.1224513600822483,-9.811123677148613,-9.0719125263373499,-15.931474931879237,-15.0927315825984]
[null,-6.1741166603475737,-6.1304174927133834,-6.6220740838510723,-7.1917666391742046,-8.0654473823953623,-10.757212334163208,-11.84213699085457,-9.2609672644783654,-9.908940508208012,-3.2338889393783781,-3.4326815214525492,-3.7936573151523949,-4.4730187704947282,-8.1029614915525219,-9.2647275027082241,-6.5627083001093034,-7.0608496866072379,-5.7417788148792432,-6.1130064008589482,-6.5978629569529668,-7.2981139571439044,-6.5897310768736626,-13.45456487770026,-12.541113358341208]
[null,-3.7787317873161808,-3.7300771434064934,-4.2185649352781249,-4.7813921194048916,-5.696772098436802,-8.3493762806510183,-9.5205951065233538,-6.7687534107243783,-7.446102949393647,-1.1246217769635334,-1.2369685314843106,-1.4810060727048937,-2.0837412814649321,-5.8657284734288808,-7.239580209549703,-4.1922000341674419,-4.7116389091489985,-3.3560754133713804,-3.6980094757458217,-4.1544418518151698,-4.8295017254119346,-4.1798421785325539,-11.014567481021505,-10.032444833986069]
[null,-1.5972493533567447,-1.5637646551753432,-1.963510526387507,-2.4562155626227251,-3.3435977092191509,-5.9809916062790629,-7.2231440175030501,-4.3724554724272444,-5.050345361634947,-3.7503815477029695E-3,-1.3337390554397685E-2,-3.2604532523988816E-2,0.31891617870423272,-3.6437940416868617,-5.3592324600505785,-1.9659814319498101,-2.4372258978469379,-1.2807091971060143,-1.5329017796136521,-1.8892717642848376,-2.4611070657552543,-1.9302292473593039,-8.619275216569255,-7.5804326136667415]
[null,-7.9380309908480454E-2,-8.1095661918496056E-2,-0.20266822856774575,-0.43799835783275531,-1.0422785779681332,-3.6790235246019543,-4.9553494572233348,-2.1609800529122083,-2.7789896695528915,-14.835232597199052,18.063938144916563,5.2484731830066345,2.7083568230853232,-1.4399930325842882,-4.9154451582872003,-0.21546180629520734,-0.43625800513840479,-2.6072568980865903E-2,-7.5550099128582293E-2,-0.17929512322504637,-0.43601450166782219,-0.19646704778606933,-6.2830750059851486,-5.2114235389906458]
[null,-4.0334337135615597,-2.9893309939325463,-4.5939581672739704,-7.4056217453018087,1.8085190413008665,-1.5270006749522187,-2.7311693747121777,-0.41007576847269939,-0.81246395252861892,14.150667707261533,9.5837261216079082,6.9764618483908984,5.1086731243667307,0.74644453764256713,7.1998341757695816E-2,-4.2693549656607512,-59.285006937404866,-2.593496999521324,-2.6965946452565221,-3.1349603215719548,-3.8117866202206123,-3.6251213569131147,-4.0357571706376083,-2.9833801821761123]
[null,-26.799533427430966,-26.964547248466015,-26.92392934365143,-27.214859655333651,-27.481102318401106,-30.83557325488961,-31.293209591588209,-30.220727160733833,-30.504347425816782,-23.710545025825351,-23.585534826394781,-23.603405715267375,-23.692342619043739,-26.581670470340065,-26.773839746159954,-26.580844263336555,-26.541531263573589,-27.056178575847049,-27.231464250760713,-27.470040365934466,-27.940756672128884,-27.023196051543632,-33.930877418247,-33.476977109251855]
[null,-24.097177147986759,-24.223097740032394,-24.290333644671538,-24.645974320676814,-25.028302120109053,-28.229431061149416,-28.793964705065537,-27.457838311192656,-27.807223573960865,-21.00488965342819,-20.969953810462666,-21.083476122719492,-21.299075973793283,-24.243525988300011,-24.576501704975904,-23.984679253463096,-24.045242144708162,-24.211846874034784,-24.439202429937374,-24.743086896239795,-25.278482007886129,-24.366924052893626,-31.222983442237197,-30.700735168149194]
[null,-21.415670528010594,-21.504708164926658,-21.673779908870184,-22.089626296670065,-22.581906845469554,-25.646253950695748,-26.313786705419592,-24.723125677385415,-25.136273877598494,-18.317937421162355,-18.366052600822542,-18.56763753125157,-18.902265342935724,-21.913011450070005,-22.383681706068977,-21.405008309382804,-21.560607841578435,-21.396646789301517,-21.673589121028215,-22.038105583892754,-22.633172910526469,-21.728807958788625,-28.550421379888505,-27.958659666557867]
[null,-18.754957978023047,-18.808821199983708,-19.073872910517707,-19.545480641451686,-20.141997397116086,-23.084979547133074,-23.852450013840421,-22.015000708655691,-22.490066320850978,-15.651288575240038,-15.774431214957978,-16.055885584753391,-16.502118139399151,-19.590856638578007,-20.197745517323046,-18.841420818026553,-19.087382674060926,-18.610966496648871,-18.934041981989591,-19.354335960229218,-20.004121771848084,-19.108013959080118,-25.911011813183144,-25.248826183250028]
[null,-16.115873399182686,-16.136912289097051,-16.490927773259354,-17.013497089167711,-17.708982945352602,-20.545072837901586,-21.41009971234929,-19.333341739084727,-19.867963632506889,-13.008038598602068,-13.196529444778909,-13.548963929328869,-14.099030395184569,-17.277843060486415,-18.02129876017727,-16.294380261969739,-16.62598073060456,-15.857068992962782,-16.221526050947887,-16.691942855208669,-17.390246961419034,-16.505231278563226,-23.303619451274091,-22.570345937767204]
[null,-13.500857886713941,-13.491688900361115,-13.926251946188753,-14.494072138755559,-15.282935689679119,-18.026266441264909,-18.987006293905015,-16.67910226748436,-17.270377163622321,-10.394872910108919,-10.636721360741914,-11.048033265958217,-11.693424052220923,-14.974903106321875,-15.857695354934377,-13.765649154214437,-14.177107416060796,-13.139937639522138,-13.539194318239467,-14.052009029652698,-14.792453556738467,-13.92186000312433,-20.727909016814341,-19.923021823847897]
[null,-10.915348936866812,-10.879650102682859,-11.383184660373171,-11.989034269308124,-12.864360572456839,-15.529308086908266,-16.583734349104891,-14.054953994287361,-14.698524224715557,-7.8253791027617732,-8.1032133197734257,-8.5567501487503357,-9.2852300392332712,-12.683025464530212,-13.711036868188078,-11.258452047283571,-11.742283047760884,-10.46933613166718,-10.893848997512974,-11.438823145381534,-12.211692739987035,-11.361577423343538,-18.183788433446821,-17.307529041970973]
[null,-8.3701467504740847,-8.3131847753392396,-8.8684905395501357,-9.5018065335272848,-10.453704168137497,-13.055710873193846,-14.201298495599501,-11.466433992122216,-12.155847094672817,-5.3273370676085623,-5.6147101557947288,-6.0829395408909628,-6.874605226429213,-10.403616748891363,-11.588331729368337,-8.7797152944870973,-9.3247540545735337,-7.8629060398827644,-8.2987035099265736,-8.8607378994230643,-9.6523832341528415,-8.8319328297861794,-15.673047334235344,-14.726190199332841]
[null,-5.8869543794371761,-5.8170012734427834,-6.3967146244080535,-7.039938389959854,-8.0522688837062226,-10.608406346189794,-11.840689115146636,-8.9238916871006531,-9.648835735903269,-2.9658520009577911,-3.2177767963582813,-3.6492246526092349,-4.4617052863691047,-8.1381250413997606,-9.5014263342160579,-6.3435904862549624,-6.9311033905714732,-5.3560624565714132,-5.7807616464538008,-6.3356773366075689,-7.1232821498955676,-6.349090486706122,-13.197768876643664,-12.183990651959171]
[null,-3.5152996551972722,-3.4456925956660385,-4.0011114163413133,-4.6220589247990507,-5.6621688092610887,-8.1936621420536291,-9.5044198378769078,-6.4474928488947558,-7.190360385083534,-0.92869280127781395,-1.0650379314059337,-1.3435339928176639,-2.0466387169839679,-5.8881806946336051,-7.4798049587990336,-3.9820853235007063,-4.5767387667470336,-3.0222280852629035,-3.3985002985090778,-3.9041987928774047,-4.646127624993726,-3.949150253392498,-10.763106046071464,-9.689201903218132]
[null,-1.3889967733863582,-1.3428709178150238,-1.7761808531705037,-2.3027567276864365,-3.290323378442007,-5.8236264489998932,-7.1955566368462662,-4.0797515680059364,-4.8078192506598763,-4.2092679903282006E-2,-6.4488160140262318E-2,-0.10806694130074603,0.37289987572550659,-3.6562138495551753,-5.6357620466918199,-1.7862504465781472,-2.3077559783247668,-1.0424257703552642,-1.3030234910997951,-1.6785753608735439,-2.2853403771269925,-1.7339618664908776,-8.3777081854929794,-7.256842936441724]
[null,-2.690309328952355E-2,-2.5991466693158889E-2,-0.12313954705021642,-0.34036986659091761,-0.97713570363433144,-3.5283266602054391,-4.9199175634200722,-1.9219126818203893,-2.5662589355922294,-19.132319702480132,18.374784918082991,5.5602101092509768,2.7911633323483236,-1.4447854870802248,-5.6939236948475367,-0.13738151692363035,-0.35306617662603562,3.5067313748361658E-4,-2.1279766420091554E-2,-9.7175166507091321E-2,-0.32663796519287591,-0.115523257385063,-6.057554006082654,-4.9170928963811038]
[null,-5.0923131341514853,-3.8166875481247291,-5.9497564261428533,-11.178545652906333,1.8678200963325229,-1.4022209821276765,-2.6924333842621477,-0.28729691739691637,-0.67089666391164748,15.264909539802396,10.17292789009651,7.2800415695984571,5.2130521303845665,0.74380057244602349,4.6312211210151784E-2,-5.4025101081282854,852.47530151480009,-3.3245147930045991,-3.4761350015461829,-4.1164535175711183,-5.4903981392921191,-4.6910034066594903,-3.8358201375023842,-2.7351248131396075]
[null,-26.562181894998282,-26.68743450221832,-26.817159492381041,-27.254726633528247,-27.728666053719099,-30.855872295564676,-31.526694976880776,-29.912163012881273,-30.342562207818943,-23.460212521612913,-23.479101376821923,-23.657636339937753,-23.949897326015286,-26.801570905375655,-27.202478906916809,-26.457236194032372,-26.564162691253035,-26.608099814951821,-26.932263550815581,-27.340527484415652,-27.999693928159466,-26.897512845610208,-33.737813981176259,-33.115677613409311]
[null,-23.843925591058344,-23.931158812556632,-24.159177697680029,-24.652312653234503,-25.233574458259248,-28.218269921075695,-28.986000078458812,-27.137860666834055,-27.623903990471536,-20.737831367778586,-20.83815029802258,-21.103801234460445,-21.515643637277645,-24.432158603307538,-24.969935274827979,-23.840871393547715,-24.040966033337106,-23.760722045153553,-24.124168293762018,-24.584892561071122,-25.295894073331713,-24.217081037619298,-31.013242743185206,-30.333690923618981]
[null,-21.148887038992097,-21.200049149132116,-21.520919088443137,-22.065122638329708,-22.748130145595386,-25.606842717374295,-26.468474408814092,-24.393441407042303,-24.934189310286513,-18.036847459757542,-18.21107759152185,-18.556400148836744,-19.080082561277951,-22.072982265642256,-22.745036550786072,-21.242960701872335,-21.531660478452242,-20.944042707075592,-21.345426609948934,-21.854542048472151,-22.612690642552167,-21.557150415669344,-28.32660557932223,-27.587617383479493]
[null,-18.476668459394812,-18.493956158673814,-18.901596618553157,-19.4929229427186,-20.272066226118696,-23.02050287399463,-23.973351967706495,-21.678039177782846,-22.27195908226604,-15.358460910409399,-15.598742825526648,-16.015330537397624,-16.64364494848493,-19.724627054675071,-20.530154222003635,-18.663312588637154,-19.036213799348076,-18.159355451282192,-18.595352507620937,-19.148566145543811,-19.949069961791828,-18.917173935818678,-25.67597754914744,-24.87577593698564]
[null,-15.828549043533762,-15.81427996220253,-16.301606304883411,-16.935390323477936,-17.805671001730477,-20.458342918658985,-21.500878644027967,-18.991107257468624,-19.636211502086937,-12.70684451520065,-13.002852266861437,-13.481126614079754,-14.206432645400939,-17.387850397957088,-18.328165723250013,-16.102205885673047,-16.554435333326339,-15.409410967103764,-15.875253468593245,-16.46670973359771,-17.304362492313231,-16.297578528112048,-23.0600480014472,-22.197040067300257]
[null,-13.207489492469749,-13.164665824137414,-13.722651263337237,-14.39319138825868,-15.348895462814632,-17.920239040886543,-19.050913864350385,-16.334283968044502,-17.02766526351801,-10.08946462461766,-10.428303846783505,-10.95546608717785,-11.768545968665535,-15.063581657730982,-16.142624367885226,-13.561909435354725,-14.087404446308103,-12.69975134600419,-13.188907057785297,-13.810992032179035,-14.678502291525527,-13.700189379024284,-20.477950113998475,-19.551557077626686]
[null,-10.619562113808268,-10.552293744620112,-11.168434275275798,-11.867855946634542,-12.902106950275902,-15.406903868777398,-16.62400978865216,-13.710427732215756,-14.447610451035244,-7.5218625205879315,-7.884387672946862,-8.4418453822392561,-9.3299565143887158,-12.75266177715957,-13.978208354231297,-11.046236192104855,-11.636760681916183,-10.041875935628008,-10.544222660466332,-11.185775459037885,-12.073402576532899,-11.129316112634244,-17.930528788195989,-16.940062840518017]
[null,-8.0771000082370641,-7.9913741383442627,-8.6466946998783722,-9.3635080783364781,-10.465529552015395,-12.919665420802639,-14.220992233673766,-11.125957026043155,-11.900163029952079,-5.0361658133771998,-5.3924754507567005,-5.9496453429688101,-6.8907669210951603,-10.456539171974182,-11.842642045396255,-8.5625476594656291,-9.206099815901835,-7.456316084966514,-7.9564650938851864,-8.6008766268754435,-9.4933235335055386,-8.5935814651993176,-15.41905548091097,-14.365711797347645]
[null,-5.6051333732832269,-5.5102453776655453,-6.1736785074703633,-6.8886286848792411,-8.0404339657321948,-10.462118234125331,-11.843204929274084,-8.5928626097654099,-9.3926252927097877,-2.7066669902820171,-3.006350134535055,-3.5043304611526129,-4.4509327623265058,-8.1767359046198784,-9.7502529605020847,-6.1272138026323537,-6.8027665575928689,-4.9827277992943637,-5.4560902224521657,-6.0765122054833443,-6.9485327319762353,-6.1110364987904831,-12.946250556255423,-11.833739569804088]
[null,-3.2598993296947247,-3.1711394006977587,-3.787668513530396,-4.4641220244642197,-5.6291809195175757,-8.0410808888788825,-9.4927960742581199,-6.1341079910905689,-6.9395330927539698,-0.74906600074988861,-0.9025341552358791,-1.2083438493821101,-2.0102476054584639,-5.915064543298179,-7.736031006960836,-3.7767197852708918,-4.4439129929546146,-2.7048492505785648,-3.1100085662611341,-3.6594512705730344,-4.4638819730454662,-3.7233441473190774,-10.517851498389625,-9.3536747506987901]
[null,-1.1938569975784319,-1.1372484982903688,-1.5965357697335227,-2.1525215879014286,-3.2387294774888189,-5.6700505209408298,-7.1729141031616876,-3.7974033613302351,-4.5716534426055988,-0.12252184964611249,-0.15849078158058652,-0.24317014756681468,0.43107227542678278,-3.6738055310400957,-5.938955324293957,-1.6142946335102542,-2.181646036327956,-0.82798389517886206,-1.0901474034261831,-1.4779844815297347,-2.1132170518862661,-1.5464542729716033,-8.1432889481146766,-6.9425419686040541]
[null,-1.5729620617954652E-3,-7.5883779784311292E-4,-6.237763603769416E-2,-0.25317547997800277,-0.9135049864762097,-3.3826598730784538,-4.8900374558319397,-1.6972627088082912,-2.3625123430395578,-24.673331019049339,18.668105171116,5.8629822164529477,2.873355169158597,-1.4558551046513344,-6.6818021098558313,-7.6143045463680434E-2,-0.27791615309772288,-1.2504621236035197E-2,5.0010489495594791E-4,-3.8991618653422218E-2,-0.23027781893319929,-5.5003536285724124E-2,-5.8402784350483703,-4.6341916952267113]
[null,-6.3214113487644248,-4.7681336503881857,-7.6249243840181045,-17.967362335057793,1.9210817961253788,-1.2844548502959319,-2.6596899652842843,-0.18647319557380015,-0.54330291643974427,16.39470654658782,10.766144590718483,7.5836313382776988,5.316353993989992,0.73544508733178282,2.5617108399434364E-2,-6.7457680678225609,65.668452255782285,-4.1482174135637306,-4.374649666149284,-5.3096575560480241,-7.9798747679416184,-5.9796556563171235,-3.6457430154046788,-2.5006206324245714]
[null,-26.32451690179245,-26.410473028302,-26.709036328194717,-27.293150753039757,-27.976762824151528,-30.876259013520006,-31.761942142337375,-29.605023955993257,-30.180992411523462,-23.208945310531465,-23.370292081766806,-23.709318595741852,-24.207111034415913,-27.021820488401314,-27.635165692455875,-26.332633245930801,-26.585530139161758,-26.163038811429093,-26.633692135930051,-27.209930041809827,-28.057799454997809,-26.770715966972791,-33.546760961706376,-32.757277086502086]
[null,-23.59079551731028,-23.6397920018177,-24.027166930754767,-24.657328693320459,-25.439499488939465,-28.207458439053728,-29.18011466876937,-26.819401381157594,-27.441391412329253,-20.470358121316668,-20.704276752220341,-21.12179462759196,-21.731976244275739,-24.621610350233819,-25.367905829155745,-23.696232191859682,-24.035716546663849,-23.312799200132066,-23.81020004845168,-24.42605637019469,-25.312389115514456,-24.06624902873002,-30.805695988735316,-29.969838842805839]
[null,-20.882383301311766,-20.896324880552243,-21.367191912227117,-22.039813293652426,-22.915050246059856,-25.568088696981924,-26.625322030218594,-24.066001576301961,-24.733208071409489,-17.755451302198949,-18.054357465260754,-18.542890753352335,-19.257995820135555,-22.234033783851007,-23.111501217664664,-21.080377218086639,-21.502104426991401,-20.49554997827979,-21.018659065532173,-21.670550410496446,-22.591411658135925,-21.384841493854005,-28.105598374706251,-27.220081464844377]
[null,-18.199180583366815,-18.180423924153786,-18.728858860977883,-19.43969812801118,-20.40313082043297,-22.956875865726747,-24.096973249307272,-21.343363280903375,-22.055009075610933,-15.06613049898696,-15.421628199722013,-15.972648204105974,-16.785447845928772,-19.85996689170095,-20.868540861170349,-18.484913629320772,-18.984347814418538,-17.712409564058817,-18.258342472293517,-18.942331407550675,-19.893537784036258,-18.725926098821123,-25.443808935111722,-24.50648977441416]
[null,-15.542458658354859,-15.493676570350914,-16.112254112181265,-16.856864800262432,-17.903530543582939,-20.372777042404369,-21.594514014276964,-18.651830079089073,-19.406064871911312,-12.406597255718141,-12.808081683969515,-13.411417671115577,-14.314078090169783,-17.49982741919543,-18.641922923762046,-15.910281895592039,-16.482694026515755,-14.966983232056043,-15.531264192349729,-16.24170362253372,-17.217750475220658,-16.089914690907296,-22.819512215677353,-21.827943679809223]
[null,-12.915902867196385,-12.84013292572855,-13.519498726857474,-14.291850302074558,-15.416286719753003,-17.815760928178392,-19.118081144123099,-15.992886785033425,-16.786701277524561,-9.7860387923296877,-10.219178121692716,-10.861069055273974,-11.844272379587716,-15.154588229764393,-16.435481660734499,-13.358957839339691,-13.997926507255949,-12.265999453856162,-12.841836205836886,-13.570452870794037,-14.564186775166553,-13.479159965813523,-20.231827314978911,-19.184528591943895]
[null,-10.326406742355774,-10.228456394219862,-10.954558977595369,-11.746681297038894,-12.941274866927859,-15.286198341899791,-16.668025281957775,-13.370097418091667,-14.19921377820352,-7.2218399930339405,-7.6657706992952761,-8.325490634818653,-9.3754425340086982,-12.825308349568665,-14.254672986099228,-10.835137804287012,-11.531833291696703,-9.622308592938202,-10.198793466270944,-10.933884488710083,-11.934810315503261,-10.898294615179569,-17.681503405965156,-16.577943484832101]
[null,-7.787993843514009,-7.6743891394021393,-8.4263204306061841,-9.2255645379575988,-10.47901695445556,-12.785997171122519,-14.244879427313347,-10.790644695492556,-11.647716236767774,-4.7503643062355607,-5.1717336170257591,-5.8151379114614512,-6.9079153287227397,-10.513103612859855,-12.108129285849964,-8.3473461743507666,-9.0884233521725335,-7.0593668478033429,-7.619654415259653,-8.3429802590235305,-9.3343882870837191,-8.3571222227480426,-15.169831007653928,-14.011161174580536]
[null,-5.3288379796411673,-5.2102083584261401,-5.9533363117217117,-6.7381017262509983,-8.0304909284923376,-10.318687562483561,-11.85015084378314,-8.268208724495425,-9.1403304082776415,-2.4565371212932212,-2.7987492565871439,-3.3591152907012161,-4.4412763136806879,-8.2195868646622348,-10.012657836546982,-5.9139147788626838,-6.6758245417645918,-4.6219080731215803,-5.1389388995023975,-5.8208945824103706,-6.7744919505063468,-5.8761671568113432,-12.700295390791123,-11.490443097068182]
[null,-3.0126017432522705,-2.9062076752790373,-3.5786341211778221,-4.3079293982607307,-5.598055549197233,-7.8918551874090763,-9.486098587399276,-5.8285139181728667,-6.6936579168047796,-0.58644185312054253,-0.75007960871018553,-1.0759695997643646,-1.9757135210234489,-5.946892287917473,-8.0107242760126667,-3.5759572919879785,-4.3131526819415082,-2.4042991564055916,-2.8324447355161384,-3.4202177610955169,-4.2831836089330526,-3.5024839309352882,-10.279005616571004,-9.0261307724840218]
[null,-1.0122005328525323,-0.94736416039172588,-1.4247709703857319,-2.0056847582967134,-3.1892563105199967,-5.5207376313071164,-7.1561419274356757,-3.5252889677709121,-4.341933071510315,-0.24811373775680001,-0.30145597984224176,-0.46057728220306621,0.49165264485704313,-3.69740673254468,-6.2732124758908441,-1.4499424250443407,-2.0590141364988388,-0.63761343087745415,-0.89480783274754627,-1.287642401214508,-1.9447600320099323,-1.3677246551604871,-7.9162686459165972,-6.6377955132388218]
[null,-4.3641018387871357E-3,-6.2922423260836705E-3,-2.1379234642319091E-2,-0.17697675927682432,-0.85164518450028825,-3.2422084366815591,-4.86638594137992,-1.4867086141559553,-2.1678876028846203,-31.967417807844946,18.945741666632163,6.1560722250027071,2.9546651949496949,-1.4745205846982066,-7.968096070462825,-3.2321200284368905E-2,-0.21108532783823999,-6.4965093242884922E-2,-1.1225168668874731E-2,-6.1501775691139397E-3,-0.14828815063394765,-1.5976988778738307E-2,-5.6316268584823783,-4.3622943515761285]
[null,-7.73982274560744,-5.8523139928772441,-9.7095478906404189,-33.312217051703612,1.9686392206951322,-1.1737153775103901,-2.6337459574634621,-0.10738431645008702,-0.42951698754698908,17.537268574478976,11.361180071329287,7.88600666443104,5.4182740180574829,0.72109368788776107,1.0477794970106594E-2,-8.3396174776455148,37.891103559321635,-5.0647407319082038,-5.4001255024905754,-6.7595422635988323,-11.928523010472002,-7.537136546186324,-3.4653154511804516,-2.2796598797187539]
[null,-26.08683053475286,-26.133840029955753,-26.60001302835575,-27.330687721694055,-28.225843717388138,-30.897565702042623,-31.999905389886329,-29.299679895653224,-30.020265590665069,-22.956798072875955,-23.259450231428016,-23.758894871667291,-24.464513766047755,-27.242961966557175,-28.072643172043687,-26.207012789433236,-26.60583032718268,-25.721368138281509,-26.33603888881073,-27.078895462126113,-28.115700026386953,-26.64301035466681,-33.358429071817362,-32.402087656143848]
[null,-23.337805218956877,-23.348997206637303,-23.894228374378553,-24.661587334999378,-25.64670259664021,-28.197611925588014,-29.377128490493522,-26.503043484243083,-27.259611811046799,-20.202393687016439,-20.56826624724221,-21.137809962969747,-21.948619627507075,-24.81211062725805,-25.771245339761499,-23.55110561906492,-24.029669468815396,-22.868564236377402,-23.497312555172403,-24.266670819780117,-25.328684825038621,-23.91469492779397,-30.601017027887195,-29.609051557842932]
[null,-20.616419722715083,-20.59365662841898,-21.213013880869529,-22.013600500673384,-23.083421796454665,-25.530556145851715,-26.785318346437649,-23.740500451172068,-24.533255613974326,-17.474128775827921,-17.895970591437674,-18.527598083274487,-19.436385111423554,-22.396827752990866,-23.484125034006897,-20.917584813956921,-21.472186181157124,-20.051060505243193,-20.69326310064573,-21.486276742244083,-22.569953178662544,-21.212148202587297,-27.887300945186144,-26.855930503223352]
[null,-17.922539737259338,-17.868297477103553,-18.555733358264337,-19.385859320460238,-20.535684476927418,-22.894589616688542,-24.22379632369617,-21.011304856275487,-21.839348802676135,-14.774187874034709,-15.243038548940014,-15.928238779026152,-16.927754956834221,-19.997341342343518,-21.21381619939406,-18.306535697282985,-18.932448337362125,-17.270238342165566,-17.923403682910596,-18.736186400924897,-19.837676127747557,-18.534555067443353,-25.215069096893167,-24.140815681554486]
[null,-15.257806754461052,-15.1749468305397,-15.922906793312411,-16.777960180627925,-18.003034262813049,-20.288865955176767,-21.69182828164422,-18.315516158725607,-19.177394829756221,-12.107704741250211,-12.612338777227233,-13.340117079257324,-14.422685258235841,-17.614339166338304,-18.963682678980852,-15.718855254946721,-16.411123838602304,-14.530155165955533,-15.189996038228795,-16.016967984227179,-17.13099664178355,-15.882561642278214,-22.582681877382711,-21.462889682230017]
[null,-12.62636001081308,-12.518344827138314,-13.316544399195788,-14.190634008193289,-15.485353763865421,-17.713104821693481,-19.189093304503594,-15.655018151146781,-16.548024452453486,-9.4849110329082329,-10.009746416070763,-10.765236357340939,-11.920902837933284,-15.248749356339422,-16.737405103848456,-13.156859896211685,-13.908969462183897,-11.838857275235313,-12.497913453626555,-13.330640562801635,-14.449775145859828,-13.258687192456277,-19.989853093066966,-18.822323585958902]
[null,-10.036065325133837,-9.9081615162624352,-10.741652454506793,-11.625764022664349,-12.982580467954355,-15.167657268702305,-16.716184133160468,-13.033897574635024,-13.953508953902869,-6.9253527801900567,-7.4472722376561888,-8.207916698735426,-9.4221628723761057,-12.901381669719331,-14.541614772447408,-10.625413219510349,-11.4277383210751,-9.2106994810280831,-9.8576116965190685,-10.683362548681284,-11.796195744961599,-10.668386775803903,-17.436840680793786,-16.22098562042579]
[null,-7.5027984420459708,-7.3624060886897151,-8.2078625842042765,-9.088146177295636,-10.494776038039626,-12.654781543707452,-14.273453665124892,-10.460421962567331,-11.398251979895171,-4.4702146020061901,-4.952452507304316,-5.6797612645223996,-6.9264017020530861,-10.573810093145193,-12.386027103771788,-8.1343685652332596,-8.9720928695081117,-6.6721680206899805,-7.2884246950957188,-8.0872533129709296,-9.1756997665534552,-8.1224956648452196,-14.925701561396558,-13.662600757383798]
[null,-5.058126925586941,-4.9169558192822418,-5.7358219344853616,-6.5885489002226185,-8.023051661756563,-10.178435523890705,-11.862421138430225,-7.9498720116362263,-8.8921428585403461,-2.2156637891349242,-2.5950292828635075,-3.2137509052665356,-4.4335552022236886,-8.2674233529910719,-10.290687323607639,-5.7037558470842225,-6.5507708559861095,-4.2736052665197173,-4.8296845920880127,-5.5684569099500534,-6.6011157503216769,-5.6442444490524721,-12.460010009086286,-11.153902981530932]
[null,-2.7736422696176901,-2.6513168762511405,-3.3740708502455479,-4.1533557866618525,-5.5696588094288009,-7.7464278802974151,-9.4852096439178748,-5.5310015773901391,-6.4529070917333211,-0.44155575597443175,-0.60845726471930794,-0.94683736490347681,-1.94424185965468,-5.9845884148666988,-8.3065145716188109,-3.3799860335945873,-4.1849346533235208,-2.1206290894973194,-2.5661304943652579,-3.1868697057409707,-4.1041533500693248,-3.2866863070140422,-10.046495345850868,-8.7066841753352122]
[null,-0.84409693187635471,-0.77358310059444568,-1.2612307627411457,-1.8624008840871595,-3.1421701541385851,-5.3758223414079431,-7.145508392518666,-3.2635448749435221,-4.1189680263275239,-0.42249432765283151,-0.50119400853791785,-0.79634808486169406,0.55344021029371782,-3.7279959469344832,-6.6438614665849576,-1.2937598988120924,-1.9400670365332331,-0.47149919738908203,-0.71739622816705662,-1.1080445245256976,-1.7805351644496334,-1.1982301376267679,-7.696634980481365,-6.3423350194123289]
[null,-3.6344172259378242E-2,-4.3578607030083316E-2,-1.1922571405587861E-3,-0.11285552818770203,-0.79180800977173071,-3.1072278419990242,-4.849694275111629,-1.2904976860422184,-1.9823090340687772,-41.907435193975381,19.208355738426398,6.439370422755835,3.0348218552903421,-1.5021451180828269,-9.6970866599208847,-6.5177024758282182E-3,-0.15279967720357954,-0.15728947580068858,-5.7562217401323952E-2,-3.6987677807622812E-4,-8.2183801989179864E-2,3.8857163175963104E-4,-5.4314903924050837,-4.1015407787851448]
[null,-9.3737608727376998,-7.080537537776781,-12.338887764426884,-97.967107327359415,2.0107100434711298,-1.0698233032653002,-2.6148692855852111,-4.9928077599348968E-2,-0.32954743060616426,18.688385593367745,11.956786773193556,8.1862563950346079,5.5186425797775582,0.70082715711897225,1.6039249124005642E-3,-10.237996200017786,28.196689423243868,-6.0737970760247872,-6.562087044721288,-8.5232524207677987,-18.928105120723291,-9.4294037732133962,-3.2948159515645088,-2.072051871786833]
[null,-25.849155509112819,-25.857857107343751,-26.490186286727855,-27.367649768356909,-28.476801283373121,-30.920159457635265,-32.241454151868005,-28.996014718579904,-29.860500804571217,-22.704126760162261,-23.146621768700175,-23.806681994488343,-24.722644990940893,-27.465408536687168,-28.515560514257828,-26.080864718845973,-26.625486950088519,-25.282698923935826,-26.039504861363145,-26.947589450100118,-28.173974822703585,-26.514533524474036,-33.173006363450568,-32.04982468842622]
[null,-23.085261096045485,-23.058933781551598,-23.760822835336153,-24.665619891036844,-25.855689979603532,-28.189241265130427,-29.577691374444885,-26.188563193374488,-27.079039940157656,-19.934228481866764,-20.430793314023056,-21.152129517019034,-22.16624680468048,-25.004463858656504,-26.180794183526228,-23.405450441921563,-24.023334650513416,-22.427978103171704,-23.185837642689304,-24.10732093565457,-25.345233567274274,-23.762894116166418,-30.399525605581868,-29.251830380904753]
[null,-20.351117162951706,-20.292013149980264,-21.058596567460491,-21.9872885637599,-23.253867003938449,-25.494588583979308,-26.949236981828353,-23.417539108082291,-24.334584889693577,-17.192943134909346,-17.736112589952771,-18.510654423255094,-19.615912502691454,-22.561710353515359,-23.863742595855012,-20.754717726518301,-21.441848099664487,-19.610641110485915,-20.369486178903479,-21.301949769004182,-22.548676392101434,-21.039157382321971,-27.672487914959689,-26.495301435097119]
[null,-17.646951887144148,-17.557722168595124,-18.382758267912276,-19.332041833777684,-20.670423385017038,-22.834167789901066,-24.354675735769622,-20.68208684870454,-21.625412622582658,-14.483010188558003,-15.063497455564193,-15.882354271311478,-17.071405709049539,-20.137394636849233,-21.567005537180272,-18.128555562735077,-18.88073378331725,-16.83267071284051,-17.590330356840312,-18.53029024531704,-19.782035357494664,-18.34314656598654,-24.989822513265793,-23.779140356294505]
[null,-14.974842592905112,-14.858288374190215,-15.733897127926163,-16.699164431066023,-18.104967663258741,-20.207020765361985,-21.793420983494872,-17.982423165824439,-18.950878177000167,-11.810174021564459,-12.415865854045261,-13.267484492355281,-14.532550730797446,-17.731997498862853,-19.294078512110143,-15.528013253008897,-16.340103542062042,-14.098711562970783,-14.851086194103173,-15.792607910758678,-17.044318667534526,-15.675501944222619,-22.349768601284293,-21.102148610347218]
[null,-12.338936279898503,-12.199351880751403,-13.114526525201086,-14.089530247233343,-15.557008296532574,-17.612819394321825,-19.264929341893541,-15.320678870468216,-16.311727581276518,-9.1858321789415847,-9.7998517867966477,-10.668105276505569,-11.999141577420296,-15.34649145576712,-17.0496672750733,-12.955808096857327,-13.820704321059667,-11.418038606885172,-12.157273436917722,-13.091727084448507,-14.335641394459751,-13.039106570192494,-19.751996092720667,-18.464869386502578]
[null,-9.748723415072881,-9.591601112243259,-10.52987058379354,-11.505192401454613,-13.026424684853167,-15.051938414317144,-16.76940487711142,-12.702015800702339,-13.710382617843978,-6.6324085807401945,-7.229241930970324,-8.0892078317642664,-9.4707763202595974,-12.981893758233404,-14.840497792486609,-10.417422737365857,-11.32489726093266,-8.8069569830084866,-9.5206228752616902,-10.4341544800201,-11.657958855605496,-10.439859893686094,-17.196875519132455,-15.869351452042988]
[null,-7.2215961084757492,-7.055264331991193,-7.9910274899731686,-8.9514914189047161,-10.513376213089163,-12.526797601792543,-14.30757131237961,-10.135348022300265,-11.152383249720971,-4.1958244272545384,-4.7349563603658549,-5.5435749848196227,-6.9472593113968983,-10.639516350183717,-12.678183811645917,-7.9236315529573318,-8.8571792368425033,-6.2948893791116696,-6.9630713853302604,-7.8336937287802755,-9.0175197152742435,-7.8901336714981092,-14.686977979415211,-13.320056448385696]
[null,-4.7930422714551062,-4.6306963088580568,-5.5211001643472022,-6.4402741547669589,-8.0186830391286339,-10.041369576319388,-11.880660444238034,-7.6378193809459134,-8.6478357347368426,-1.9845043938602422,-2.3957414602247522,-3.0683947619108314,-4.428663481452908,-8.3210398267764916,-10.586465532157741,-5.4969039494887673,-6.427547910426501,-3.9380363726481025,-4.5283350406865184,-5.3197423956612653,-6.4286323381444497,-5.4156981376549398,-12.225780661968361,-10.824287926240725]
[null,-2.5430842853128364,-2.4066496219520999,-3.1741542003249341,-4.0008228392155498,-5.544425540188624,-7.6049107244557534,-9.490872839877655,-5.241290492462106,-6.2172574748010119,-0.31519784712827675,-0.47851481727620071,-0.82137129937050268,-1.9171817735647061,-6.0289530351752552,-8.6263204003234843,-3.1888784998120641,-4.0593658443396867,-1.8539112887128939,-2.3113590489622431,-2.9593239641477456,-3.9268663556712808,-3.0759683874310455,-9.8209055832247163,-8.3951437133663962]
[null,-0.68998897134739878,-0.61606096776565034,-1.1059949845028547,-1.7228868042931136,-3.0985355557866341,-5.2356045436840031,-7.1419537312447847,-3.0121979220629038,-3.902684044151826,-0.64955850197547416,-0.76732726116175287,-1.3119725033408016,0.61610051793869292,-3.7665277279669684,-7.0568889274767201,-1.1456903559305929,-1.8248829842694876,-0.32989206379055613,-0.55823455725507976,-0.93966231064352623,-1.620665035327882,-1.0382586440016699,-7.4846173257902082,-6.0561724848106362]
[null,-9.8662226797256003E-2,-0.11374200832785884,-3.0858140413139415E-3,-6.1734813623295512E-2,-0.73429988177448924,-2.9776265576023953,-4.8408238993612729,-1.1084350062857879,-1.8057300530805735,-55.987047541151128,19.461775899418708,6.7122520345061698,3.113538259119772,-1.5404188136214922,-12.113259282314557,7.0413414748926465E-4,-0.10341050087154038,-0.28982563669061184,-0.13964461430211483,-2.3538046263793647E-2,-3.387166970732134E-2,-7.2091058540861997E-3,-5.240059051734141,-3.8517441228789044]
[null,-11.252879182430986,-8.4637750869688801,-15.702374142985949,186.64704587038821,2.0470500451799212,-0.97288764067426059,-2.6042949143599978,-1.3858605121226442E-2,-0.2432175076145506,19.845755829181783,12.551272268537769,8.483958884106082,5.6168781052262817,0.67449976115839194,-5.1133032123016039E-5,-12.504268002912042,23.307868881852571,-7.1757339890290961,-7.8696212646108759,-10.683846217338017,-34.273323909698583,-11.74334085313542,-3.1338996640882737,-1.8773443909644993]
[null,0,0,0,0,0,0,0,0,0,0,0,0,0,0,0,0,0,0,0,0,0,0,0,0]
[null,0,0,0,0,0,0,0,0,0,0,0,0,0,0,0,0,0,0,0,0,0,0,0,0]
[null,0,0,0,0,0,0,0,0,0,0,0,0,0,0,0,0,0,0,0,0,0,0,0,0]
[null,0,0,0,0,0,0,0,0,0,0,0,0,0,0,0,0,0,0,0,0,0,0,0,0]
[null,0,0,0,0,0,0,0,0,0,0,0,0,0,0,0,0,0,0,0,0,0,0,0,0]
[null,0,0,0,0,0,0,0,0,0,0,0,0,0,0,0,0,0,0,0,0,0,0,0,0]
[null,0,0,0,0,0,0,0,0,0,0,0,0,0,0,0,0,0,0,0,0,0,0,0,0]
[null,0,0,0,0,0,0,0,0,0,0,0,0,0,0,0,0,0,0,0,0,0,0,0,0]
[null,0,0,0,0,0,0,0,0,0,0,0,0,0,0,0,0,0,0,0,0,0,0,0,0]
[null,0,0,0,0,0,0,0,0,0,0,0,0,0,0,0,0,0,0,0,0,0,0,0,0]
[null,0,0,0,0,0,0,0,0,0,0,0,0,0,0,0,0,0,0,0,0,0,0,0,0]
[null,0,0,0,0,0,0,0,0,0,0,0,0,0,0,0,0,0,0,0,0,0,0,0,0]
[null,0,0,0,0,0,0,0,0,0,0,0,0,0,0,0,0,0,0,0,0,0,0,0,0]
[null,0.31666368812851936,0.38223499697873303,6.8565562702161825E-2,-0.22601934428767112,-0.65992629923848323,-0.14455329595298569,-0.52806274266578745,0.41175742170413099,0.16852245811762676,0.36255533347789604,5.8601020754334925E-2,-0.30897822222228333,-0.81063520789709664,-0.58299034104954139,-1.0616798093665303,0.11318529446935081,-0.17542261622378694,0.67823159453706894,0.41324658934501052,9.6017477764270442E-2,-0.27448378278056934,0.10099560562224069,0.22375477661152948,0.46948320297501739]
[null,0.38815628085114057,0.45809223088931617,0.13396798918696323,-0.16725708305150086,-0.61679283260125017,-8.8318290495919438E-2,-0.48028631126254917,0.47680328554436197,0.23055795375246235,0.44960030856051458,0.1339081044226684,-0.25021170753360045,-0.78043894846969497,-0.55475290501282182,-1.0594222867569847,0.17549410225169132,-0.12452755270593643,0.76143655415088052,0.49319597159314421,0.17129925512907646,-0.20527482403373332,0.16913702168138833,0.27728030488611949,0.52471775197152248]
[null,0.47028164394358818,0.54524097691040418,0.20834212898337365,-0.10233797984106131,-0.57207916107795043,-2.83555273323731E-2,-0.43150854111243486,0.5503502088508847,0.29891552198936144,0.55248775035708853,0.22177651745829172,-0.18301878623711326,-0.74930210627301208,-0.52628331558716979,-1.0629201894010123,0.24653444379222006,-6.7613797908479531E-2,0.85822639211606866,0.58535798015282059,0.25591780039432571,-0.12950847997766871,0.24658279818063358,0.33477955589263353,0.58596551051254375]
[null,0.5673351098936007,0.64791145906062786,0.29412374936071567,-2.8857144991661247E-2,-0.52447137464684135,3.7248289428483225E-2,-0.38083561389457138,0.63485350754572456,0.37627030614847429,0.67731177838662437,0.32760041010438096,-0.10398420479133876,-0.7167612938600475,-0.49657851297217731,-1.0744657286819983,0.32941283745208488,-2.805106312088617E-3,0.97331244521708127,0.69303979962662854,0.35328519883100873,-4.5430896065142348E-2,0.33604066830491824,0.3981467738853538,0.65554743475638988]
[null,0.68398530419086734,0.77171750188938992,0.39622302402310727,5.6447456335146126E-2,-0.47277031485889975,0.11060734126097814,-0.32792130187148166,0.73393726667246262,0.46490164584045424,0.83301001593360402,0.45945571658964801,-7.0063895084525995E-3,-0.68191910484109697,-0.46603416416702709,-1.0969179155639688,0.42846256753274914,7.318402961484223E-2,1.1135094349059651,0.82262822760749443,0.46841646754992933,5.1748911469620643E-2,0.44244820324664402,0.46878302384451892,0.73460342525736022]
[null,0.82853560685301775,0.92526747427498024,0.52137971280794027,0.15932079443242064,-0.41493807006852379,0.19466503010371528,-0.27016966195090114,0.85246993119754944,0.56930307016137527,1.0347230883575518,0.6304283676612269,0.11785111756667836,-0.64247171798598623,-0.43285782617153534,-1.1351005107654542,0.55129741868512938,0.165854561094952,1.2875358579198199,0.98238541206145658,0.60851885565508246,0.16691857161194029,0.57321222704759889,0.54891604346521994,0.82721286542025019]
[null,1.0148053065422418,1.1219929571257998,0.68126802169257383,0.28839465962806549,-0.34626473489964971,0.29374949484342561,-0.20662861440611194,0.99812252860678907,0.6958643683260336,1.3094850468878558,0.86431582958189546,0.2882882703839772,-0.59447386223895904,-0.39602224556947951,-1.1978302119227149,0.70766351266940442,0.28273108826314736,1.5117629684834499,1.1870062114880304,0.78576084738650964,0.30959598448917575,0.74075270987077968,0.6427529529126732,0.937728337167401]
[null,1.2645876618812903,1.3851801979552423,0.89532672379249012,0.45897823517259323,-0.26144628439821616,0.41492701066782617,-0.13320346577867387,1.1828452748975407,0.85459935264244202,1.7079125885674609,1.2093749554289828,0.54336763376322617,-0.52952940394890635,-0.3537961461420791,-1.3015863037563622,0.91920798096818668,0.43866376998982137,1.810398902119603,1.4589776654078217,1.0213999893406516,0.49748042352777377,0.96326305586070893,0.75415611591633591,1.0716765285407317]
[null,1.6220938592817022,1.759123916314862,1.2009943564187777,0.70144743894130535,-0.14547627562639528,0.57021052224273161,-4.5016125745471182E-2,1.4266167499622866,1.0615834379190472,2.3412890703528157,1.7765473836431613,0.97767395773004706,-0.42572785420247877,-0.30010345287948825,-1.4816414957450825,1.2216158093415352,0.66325333669527942,2.2309528636854914,1.8441824870329981,1.3548293699946121,0.75819926912811597,1.280422264585853,0.89075908689712113,1.2400066177130729]
[null,2.1787783987717009,2.3345096677220933,1.680364460285138,1.0796586190259851,2.8020265934613063E-2,0.78117105763589001,6.7459385191449117E-2,1.766020889276003,1.3448643334350836,3.5149593457357966,2.902425281139422,1.9146684306724686,-0.18289670392785301,-0.22376077366968278,-1.831545786018123,1.6981766858844618,1.0184626540169039,2.8670225057584844,2.4313315692228801,1.8677151669669361,1.1630815029726753,1.775073672569653,1.0653252083873797,1.4587013471477615]
[null,3.1787731907545469,3.3429024373752938,2.5565683461036834,1.7828387564880455,0.36140849469036945,1.0876154882999749,0.22282333070882332,2.2727662858439066,1.7689210183208386,6.4803326476293908,6.2712759146985979,5.6553467815476361,2.4261954956612093,-8.8428830896807684E-2,-2.7039636092195334,2.5735189108043155,1.6984598737417218,3.9523251895497449,3.4471093691251009,2.7770506993314776,1.8929892846069225,2.6649418777392091,1.2977322473669313,1.7550699868917499]
[null,5.5157059843500438,5.5979713609131085,4.7041265007891209,3.5896118555625645,1.3258323121652988,1.5989135319164094,0.47061294644797336,3.1208147555844481,2.4758575794271107,28.771699370006928,-877.36876366926595,-12.54932964126581,-1.3900204391490387,0.3228532934137891,-7.5657227334438177,4.73105970478783,3.5723096889275006,6.2171015345055727,5.6607417182647861,4.8723104355981111,3.6553906412679682,4.7886932313394581,1.628062604985004,2.1861681235529504]
[null,17.507274487408573,15.19473535127654,18.70355605712837,20.012842840537438,-67.808806880651446,2.6477234730889241,0.96888123195181419,4.8400948050056982,3.9100396018659227,-13.192467737429014,-7.0132623511803116,-3.5634119548270053,-0.96153068533275077,-3.3694725066986155,5.4373382803896355,19.609789534025353,37.766082443066793,13.89691493991387,14.277131475742079,15.031063866415344,14.788151563454646,16.763875146086704,2.1419789661029314,2.8705668934312785]
[null,0.63282567205297491,0.76414851270443596,0.13643903714933403,-0.45310289505179246,-1.3214320160908073,-0.28979816401024217,-1.0577031900728675,0.82309355920175697,0.3363734013301235,0.72495940177640417,0.11680698948318233,-0.61878643984184656,-1.6231295339644749,-1.1670880413528364,-2.125104936065271,0.22595094562283966,-0.35143958247701146,1.3563017148940566,0.82576286495805584,0.19113465658825499,-0.55025598988578128,0.20148671152337955,0.4468574900389306,0.93814411279442655]
[null,0.7759214304856592,0.91580399573882476,0.26776225687027883,-0.33544676516482552,-1.2353052856061792,-0.17785739891767471,-0.96192863450816002,0.95341869180617511,0.4606011136816307,0.89901362059827505,0.26738958943727231,-0.50123921149983575,-1.5625378977215869,-1.110996746688564,-2.1205771240931552,0.35053367757384396,-0.24968208038839795,1.5220723491929442,0.98628027455758216,0.34189816328243716,-0.41148891909420826,0.33803030840048737,0.55352428639871132,1.0483076345456319]
[null,0.94056859861718889,1.0903889342748232,0.41592259211845017,-0.20568247065993528,-1.145800068600016,-5.7630218095399824E-2,-0.8645419745235059,1.1004698962920625,0.59752016859799184,1.1046799091103714,0.44310059440767324,-0.36709395005913981,-1.5006975589732128,-1.0538253944320579,-2.1281594423580841,0.49261898915942043,-0.13610754033749584,1.7160457258160586,1.1705789838526943,0.51135852924395209,-0.26038097950991451,0.49235389507320104,0.66920861257525899,1.1712828639111013]
[null,1.1342149643195725,1.2959873317623731,0.58782091016465654,-5.8735348747737053E-2,-1.0509916621881563,7.3557573855246722E-2,-0.76338854181480376,1.2694853579105121,0.75149197621879349,1.3542627652342842,0.65494362854316268,-0.20861732405678768,-1.4359092797982134,-0.99503388490874367,-2.1514538537926007,0.65830160260352599,-6.5703225001104478E-3,1.9462933005339942,1.3861990086950176,0.70582708301479247,-9.1863229706348221E-2,0.67166672413826134,0.79568249819855053,1.3097775496179129]
[null,1.3676475529373546,1.5435281662847062,0.79205481286127688,0.11214338091511926,-0.94776503859615235,0.22014942170428689,-0.65688310303463637,1.4674261066359418,0.92910244382042784,1.6661674139997096,0.9182937258866124,-1.4748369190595346E-2,-1.3662832504507256,-0.93323416661846204,-2.196727047545413,0.85690850131052854,0.14591860294554612,2.2265655744893111,1.6452362346257758,0.936038864400906,0.10196642426589088,0.88484113128524577,0.93617898158326551,1.4684972185534357]
[null,1.6571607209996997,1.8504765153284823,1.0425630176420972,0.31779332065230842,-0.83175023439733187,0.38814334744632362,-0.5420643847675084,1.7045004625167197,1.1383633847579933,2.0700007605762507,1.2600229440710449,0.23434255909827326,-1.2874424408450489,-0.86703774416344426,-2.2740461192826151,1.1018869705377861,0.3305239292258873,2.5751552792186372,1.9652959972653983,1.2164068280017324,0.33265069276281262,1.1465902139874642,1.0970583789995532,1.6538022722373906]
[null,2.0290615268723031,2.2440695534780231,1.3621420556215305,0.57598076961449995,-0.69528560388454996,0.58644070268035986,-0.41460681324098758,1.9959895364484681,1.3897901639142283,2.6195113501071936,1.7278270020103352,0.57532358728426825,-1.192389678076945,-0.79376179587967954,-2.3999256956671169,1.4159088337629422,0.56476987347037899,3.0212505409591954,2.373409793423598,1.5715859082963968,0.61886453179503254,1.4801114665763877,1.2838046128829532,1.8740210092940048]
[null,2.5290478260902143,2.7705820951250786,1.790165136191586,0.91537427042555231,-0.52466462389210122,0.82754253702724545,-0.26811279863214049,2.3651740014716158,1.7067888799116426,3.4160061194898894,2.4181087117490772,1.0852468861061775,-1.0645503353509855,-0.70922437944944905,-2.6084313890567548,1.8377275035292551,0.87680390734849911,3.6192775998982287,2.9172202839367993,2.0426145046153494,0.99244413842125523,1.9258868483911231,1.506648022124683,2.1423950123399735]
[null,3.2439238586336927,3.5167506995315314,2.4016264568366834,1.3997396851437676,-0.29588697162480404,1.1380520720740226,-9.4095279753628164E-2,2.8519523640440498,2.1210792663943829,4.6814321359557294,3.5548845130431816,1.9519990903422895,-0.85942206672335575,-0.60333192416294612,-2.9696160743419089,2.4432655035446063,1.3231453881405291,4.4609296246072283,3.6857327436847998,2.7069887564249728,1.5170292708799078,2.5603387840264897,1.7800765913972594,2.4784499793998274]
[null,4.3588574116795273,4.6681967364758643,3.3612621297646603,2.1602784571406941,5.7328365741222034E-2,1.5584996275711382,0.13126418311900714,3.5300922938285151,2.6913387054862166,7.0368489751293364,5.8069953847797713,3.8364540140739454,-0.36815829839423692,-0.45276243574165936,-3.6726778498508579,3.3944904622395331,2.0387226249543331,5.7365512242819472,4.8612684604734566,3.7355355331398532,2.3288760120651069,3.5486706817953548,2.1276453341239621,2.9151016119455941]
[null,6.3589784638217148,6.6903688157082835,5.1155592153774192,3.5697300248547097,0.72238014207836432,2.1774030460550624,0.44317266674033162,4.5433255194172641,3.5407130849904083,12.980768442685225,12.573073149078603,11.366184956139838,4.9375206272285794,-0.18402196134835411,-5.4316808759895947,5.1432392235576732,3.4006638700054106,7.9091630262873265,6.8997028472355328,5.5597470598684255,3.7905725855491315,5.3335261854866287,2.5915993113307247,3.5086048294297409]
[null,11.035971833439007,11.203549784378708,9.4128487835116932,7.1896596556172661,2.661944586106566,3.2018111821333348,0.94242264882161997,6.2380778037854547,4.9551578374125338,57.838556689760509,-1374.8367666616334,-24.862278460323392,-2.7471291687027,0.63258074501507067,-15.26147488145793,9.4764161866276275,7.1545121111572705,12.440830172052516,11.332394109590176,9.756707738475459,7.3274968098585829,9.5897379725441692,3.2521852204486321,4.3693786726007966]
[null,35.067829827460244,30.443352839563833,37.541260649038328,40.250193743803344,-123.99350570769204,5.2973140264721517,1.9410924125721833,9.6728284598128074,7.8255785179584123,-26.320384591669871,-13.991882376330521,-7.1050258168976788,-1.9118134591880531,-6.5897978993722761,10.852197747977639,39.35489194152894,76.224352789911208,27.814185422493644,28.60397617556648,30.161495638867962,29.713919016336749,33.645914153538115,4.2786631024209214,5.7355508924399903]
[null,0.94832222319070636,1.1455619371543033,0.20333409340423547,-0.68213526274322589,-1.9858515228212124,-0.43715395843768229,-1.5901215627238523,1.2334830138299868,0.50337733138756335,1.0864175317814708,0.17380411536590973,-0.93067032770161739,-2.438568867128017,-1.7534799746338374,-3.1921486594590025,0.33782105895517406,-0.52903412693300345,2.0339302833676012,1.2376896670839452,0.28512889429905647,-0.82835978430160728,0.30067135655064298,0.66796465786092729,1.4068253930855479]
[null,1.163044176689636,1.3729232265295754,0.40020516868256195,-0.50543334703985199,-1.8568073642286183,-0.26895406346467826,-1.4466897707879269,1.429254417710567,0.68935102451997832,1.3477676531538927,0.39957561951604637,-0.75423782120437655,-2.34830227305594,-1.6694156357509444,-3.1859322353081732,0.52456838124327143,-0.37646142546880812,2.2832345848511428,1.4786347870874674,0.51139506319901795,-0.62028124750469837,0.50550824002333061,0.82849438204106907,1.5722817210525277]
[null,1.4104121770714615,1.6351870132864492,0.62257469054741232,-0.3106239040621514,-1.7227550749453362,-8.884584703466189E-2,-1.3003973603988246,1.64987284708874,0.89484878213885377,1.6567982301543502,0.6638039662692472,-0.55302339321828176,-2.2557072389108241,-1.5838833418101212,-3.1975744997384719,0.73769691390750547,-0.20599465326999328,2.57392972901645,1.7549719593771409,0.76533249211841892,-0.39356131074088796,0.73726938051525848,1.0016469813620974,1.7566333075753986]
[null,1.7011079916376022,1.943606054247621,0.88019843290924382,-9.0333929999497187E-2,-1.5807307795271865,0.10804672208309232,-1.1489325672319717,1.9037885613937127,1.1256538676655283,2.0310142976225802,0.98119958928904127,-0.31566246525541442,-2.1590949360969129,-1.4961355775855851,-3.2332323563849754,0.98665839294073288,-1.1556877473250318E-2,2.919825176827326,2.0788328634119351,1.0578767847810746,-0.14083320913493083,1.0060711946054548,1.1917225673935419,1.9645454468420116]
[null,2.0508344433372545,2.3150891300580301,1.1865989481531722,0.16581064029207396,-1.4263177288964066,0.32782480477436016,-0.98946288269366645,2.1994845547822428,1.3917126963261526,2.4990538882650934,1.3769226986578202,-2.4989863060242735E-2,-2.0549864634805117,-1.4040088767063799,-3.3020398509358113,1.284168336092004,0.21636925754422323,3.3387599582795966,2.467548117124863,1.4027796039146168,0.15018810222608342,1.3261216165530483,1.4037191408866909,2.2024791764726079]
[null,2.4852963397543082,2.7756073211365351,1.5625346245470051,0.47455577067690452,-1.25254162640833,0.57911988383008717,-0.81717214898772494,2.5551637417847211,1.7049074577725709,3.1055565946171577,1.8895069517550294,0.34890052416934902,-1.9381449761336116,-1.3052643865037139,-3.4186546221277716,1.6517164201242696,0.4940670542167177,3.8612651772366275,2.9463284962764029,1.8230146255554187,0.49594488483725679,1.7188462702543688,1.6446988854654554,2.4805414914670805]
[null,3.0435520119022565,3.3647294350289396,2.0423435874144142,0.860272408043529,-1.047697988384038,0.87627291077246161,-0.62751932406718602,2.9921011358178058,2.0845328213405407,3.9298232185387088,2.5922501211673832,0.86085913216881071,-1.7964733586178658,-1.1961249407342724,-3.6094559042830658,2.1227314710872505,0.84459138706676906,4.5332698601397841,3.5592929713457773,2.3564119203784757,0.92436871645294416,2.2194571240671888,1.9249050294646903,2.8110380820455276]
[null,3.7935898524571035,4.1550135880540129,2.6842187036583369,1.3715648008495267,-0.79451311536921221,1.2399454967216905,-0.40821137084799436,3.5462122001616918,2.5603137939549292,5.1234441402318849,3.628178663181191,1.6237422794981928,-1.6056358014519478,-1.0697544039953713,-3.9245876419605983,2.75403503354705,1.3114320994854216,5.4303118859333992,4.3768761278902764,3.0622397653576381,1.487116036494218,2.8870098246998417,2.2586062033416403,3.2135748330218736]
[null,4.8659215386319588,5.2757603740795478,3.6024610243626936,2.099239138036606,-0.44959732769908323,1.7052665089233499,-0.14514949027453763,4.278198516790102,3.1807017432458218,7.0279597418760362,5.3327531988575458,2.9304755991656011,-1.2998693071263963,-0.91151073712627217,-4.471090371785249,3.6623144611038678,1.9834985332089106,6.6923470098664168,5.5307486602927138,4.0616819553018537,2.2746586605000405,3.8392369761648042,2.6685928225038875,3.7176895435859469]
[null,6.5404965347493835,7.0052566212403864,5.0436506382846371,3.2416144188648626,7.9279600647376089E-2,2.3358868772306884,0.19096025161804234,5.2944353347127953,4.0376673507227432,10.566680877637534,8.7234774507110622,5.7638880709313236,-0.56824624141254743,-0.68773979906240756,-5.5370007822301606,5.0935771208756826,3.0566698119032565,8.6079633459568665,7.2959432402847737,5.6052801582542164,3.4933145967304693,5.3258441099452751,3.190692518653667,4.3722621357356957]
[null,9.5425764178656234,10.040746781187135,7.6758527632439142,5.3595673746914674,1.0758067906144073,3.2643618444573073,0.6602542489529698,6.8165676535242925,5.3110675913439058,19.504467652101123,18.92173704461517,17.163962583500012,7.5935748264707366,-0.29652890385961456,-8.1932675220069164,7.7201948343041318,5.1031147032253319,11.866783410496975,10.356651494850068,8.3470870051420523,5.6916287827920415,8.0082655586085885,3.8863136733240817,5.2626036977793786]
[null,16.568511476110313,16.823629891714919,14.132424900849136,10.80910399106336,3.9928379117359931,4.8024983373736312,1.4052985471648567,9.3595329595261099,7.4338332447413995,87.455790161247151,-1525.1848134001436,-36.774246335513823,-4.0733132832028485,0.91076069537930826,-23.165551671558745,14.229493593718844,10.746521089338975,18.670211699199097,17.017480313819309,14.659800108112279,11.020213894335042,14.40429742598659,4.8749510643129108,6.5519094867512928]
[null,52.773859282192511,45.772955471642319,56.637225945517748,61.122598093797365,-161.86225595855771,7.9473549369187007,2.9009564646229484,14.509304143437697,11.74334309665122,-39.349061880888819,-20.921698812756073,-10.609999162606286,-2.8472449265619764,-9.6457607550615254,16.245704165949771,59.315417532115553,116.66185868199436,41.749647833354786,42.998253188803552,45.458339810576739,45.005747620638672,50.720593496880916,6.4148322070756842,8.6008788196424817]
[null,1.2627891063562757,1.5257739320762842,0.26854294177069593,-0.9136697969619455,-2.6549000293608667,-0.58726564069350284,-2.1270015217315681,1.6434382391063767,0.6685159557011211,1.4472727139190464,0.22925550593850044,-1.2450446315617347,-3.2590985696077226,-2.3433947885223749,-4.2645864984875042,0.44826821989398036,-0.70877998285209665,2.7111634835657545,1.6485945175942864,0.3765836996562737,-1.1103124947076066,0.39840104634771362,0.88845615646715204,1.8748136709869627]
[null,1.5494270376697286,1.8293878410707769,0.5308217491550109,-0.67831362694685948,-2.4832429794230633,-0.36284460335221436,-1.9358253766798874,1.9033815061584203,0.91610212834362592,1.7958158435087339,0.53043426326610665,-1.0102165303877013,-3.1390719870053601,-2.2315076279081469,-4.2569661157599823,0.69720356625142077,-0.50543757303095471,3.0426702034704509,1.9699155638297166,0.67881915729439335,-0.83262785605600087,0.67161000476646193,1.102628151839236,2.0956002810481151]
[null,1.8789681970538537,2.1788025143472503,0.82777984779273717,-0.41867355810633983,-2.304713093666789,-0.12252547041432267,-1.7409625042509698,2.197889992032247,1.190133166292729,2.2079060431054458,0.88268774065154054,-0.7419124648606692,-3.0165725667670631,-2.1180233109073154,-4.2735918165249176,0.9817084552845764,-0.27841351703252176,3.4304873710831596,2.3388323826775017,1.017752140748363,-0.53059845622592305,0.98081865836002091,1.3334438329398528,2.3414166697818217]
[null,2.2668588302744146,2.5902612172922477,1.1714280583575105,-0.12497606196661454,-2.1157591876330017,0.13899620027235379,-1.5393919184344609,2.5362229571935591,1.4985142481276144,2.7074852932410494,1.3063810222360195,-0.42560247187808509,-2.8885531538778735,-2.0010516586328007,-4.3222991908450128,1.3136036366273081,-1.9510613513751544E-2,3.8920248603485321,2.7703466976834616,1.4075857057121948,-0.19322526732581166,1.3394975179645876,1.5867622891625426,2.6184939993553638]
[null,2.7335900974491629,3.0847978179655655,1.5800531421628727,0.21651694594621368,-1.9101934487293677,0.43234922038804807,-1.3265833012943085,2.9317122776503513,1.8532567137048506,3.3314808647863581,1.8337751712634547,-3.7791898222869623E-2,-2.7508108359809311,-1.8791173917449551,-4.4157320896323338,1.7107247780362798,0.28479541356255256,4.4519300509934165,3.2878063656429068,1.867910263430443,0.19462469641653626,1.7659956837951793,1.8693481900510394,2.9359951869156671]
[null,3.3126319229074048,3.6991241411730988,2.0815848424657872,0.62673317690343855,-1.6789838688199468,0.7678655836263798,-1.0981844203239832,3.4064041150877662,2.2715229847568752,4.1405057494679722,2.518410108821564,0.46092146833241437,-2.5965099446871878,-1.74824280455444,-4.5731259862018332,2.2004337427881895,0.65330776758305587,5.1492895937241752,3.9283122398818215,2.4276974333770753,0.65534950802173797,2.2898996361201887,2.1907738389432683,3.306344281134463]
[null,4.0574366535544932,4.4863663234179887,2.7213304165978078,1.1430293696641332,-1.4086128774089424,1.1642375651437593,-0.84466053342822511,3.9894072963865486,2.7775855325226013,5.2397375091651401,3.4564296818038973,1.1424048877316213,-2.4102566944219941,-1.6037493376616567,-4.8305723180339797,2.8273414321718002,1.1204986751285126,6.0452017653506651,4.7462291208856406,3.1388743287158718,1.2281965181141021,2.9563343312356674,2.5644989638713094,3.7467703716552454]
[null,5.0584693066248985,5.5403443023174379,3.5779679062903078,1.8257106516892145,-1.0702601355726091,1.6490663587082259,-0.55269493414683157,4.7287913639605081,3.4119545876968749,6.8353235892008,4.8385958661007047,2.1638329124251414,-2.1608817148699342,-1.4367148113246886,-5.2551037350628409,3.670969214565142,1.7446675889159384,7.2411833683917255,5.8365694114427464,4.0822375777291455,1.9786048165200545,3.8484152223704942,3.0092252890550837,4.2837715020641181]
[null,6.4896084251989929,7.0374766622447771,4.802816302638071,2.7958866284522617,-0.61198911794780286,2.2694613702163005,-0.20254063208638856,5.7037105975105105,4.2401746793764481,9.3786258341226478,7.1175141453370587,3.909279881563493,-1.7557484241787955,-1.2285499663092261,-5.9932534489708758,4.8821008977491029,2.6411172051721832,8.9257854017322735,7.3763973767771889,5.4170436131151298,3.0310684411422661,5.1203842976967557,3.5556889100320306,4.9558033058448272]
[null,8.7233846681266929,9.3448085011384538,6.7243248879040607,4.3213028009773122,9.1460811832676653E-2,3.1108407960690077,0.24467102298666313,7.0602410396285986,5.3821137229060172,14.107194964010979,11.654880553692783,7.7052177288325865,-0.79195404502488886,-0.93740793396225564,-7.4276906822475617,6.7922113356348479,4.073046596731313,11.481074043477669,9.7317206341439508,7.4783987034611723,4.6583077194394065,7.1047478255625256,4.2511664069430886,5.8282670037290663]
[null,12.732094632222246,13.397763863594646,10.23860506323798,7.148506910366903,1.4192527816479139,4.3468054010716504,0.86723682813806025,9.0882085061037543,7.0806054470392832,26.075179899540064,25.347400615738891,23.087089663280011,10.451021947975999,-0.41821572248775174,-11.01613963615233,10.300915838702672,6.803839773842852,15.828617575344714,13.816910556300231,11.140602912790616,7.5965209753499661,10.687114254752398,5.1781011925902956,7.0142074816833686]
[null,22.12063207518294,22.45813159024015,18.878126531371752,14.448024942695419,5.3200357706860277,6.3980130806026727,1.8592473057447785,12.478483874547727,9.9101312317933328,117.89464462190931,-1485.9552068633423,-48.082333493438028,-5.3394497032846155,1.1645969274481938,-31.424141273249251,19.00239509261122,14.354126719872436,24.903369532011851,22.71526499440801,19.587520452189285,14.737411481057496,19.242470390901641,6.4939614372275862,8.7318289452801334]
[null,70.671897838151068,61.222879509890483,76.143017551085066,82.925196631779201,-182.54739275980458,10.591240329477921,3.8458370724552986,19.347841068044804,15.661022893305415,-52.218799775832359,-27.75794048304321,-14.070518886408871,-3.7644494004882652,-12.358358877948092,21.609815527686965,79.619584964002286,159.95297460978318,55.711193525016078,57.486738535198803,61.007151715765467,60.829716770185627,68.094293617905961,8.5426043132740173,11.460841465004821]
[null,1.5758731147848286,1.9049043140314093,0.33121264046753046,-1.14915905235153,-3.3300981270843719,-0.74105504237207098,-2.6695673539052356,2.0512668217052301,0.83084260904050911,1.8068156237193413,0.28245825586391771,-1.5635762330488678,-4.0861568492953193,-2.937716582903759,-5.3442492441447698,0.55699822862252135,-0.89138369982978738,3.3875211917306567,2.0578191377253545,0.46538582274171664,-1.3973259189699891,0.49365115498196616,1.106624531369423,2.3416934559102991]
[null,1.9344193877130436,2.2843003850880428,0.65934780422820183,-0.8549321425891776,-3.1157665770873106,-0.46065659636034623,-2.4309502322934207,2.3772424960121867,1.1408747869821816,2.2429262947605517,0.6592820858232078,-1.2699472792656996,-3.9372836259394082,-2.7986942085806659,-5.3360108416696281,0.86838193622858539,-0.6372769321029873,3.80278520263724,2.4601071227301272,0.84329561216295423,-1.0500025246967539,0.8351161033375728,1.3740448057703927,2.6178250664369127]
[null,2.3467028495728077,2.721690002569912,1.0305413909056684,-0.53037692009174009,-2.8932896365047784,-0.1607862578188384,-2.1875675645671833,2.7454609151679881,1.4838463153525177,2.7583394794092002,1.0998360180530886,-0.9344680078480051,-3.7851321070864579,-2.6572998911263799,-5.3582997912939669,1.2238590166948489,-0.3538052457536191,4.2877483330421882,2.9204858278338288,1.267261392021005,-0.67225162187380549,1.2221118246793596,1.6631585465855152,2.9248928392940274]
[null,2.8313247394306633,3.23542950159487,1.4602428349164824,-0.16345652762886509,-2.6576975790573352,0.16727616980867216,-1.9356441245229721,3.1684544178409038,1.8698098780675314,3.3832699181680375,1.6299924142190292,-0.53948163283349027,-3.6264583714769194,-2.5123539900765901,-5.4209721598011784,1.6385503022208892,-3.0035337913951392E-2,4.8645721464837317,3.4604750337488057,1.7548824633397158,-0.25033321698416994,1.6706808868665,1.9798161170711277,3.2718069604119897]
[null,3.4152032562655603,3.8551940087014716,1.9711254676474104,0.26310577104670319,-2.4015688058822806,0.53352857290056999,-1.6709409596365206,3.663636674110152,2.313565902233548,4.1639511238243667,2.2895698622109228,-5.4876558692034977E-2,-3.4561968123384235,-2.3604794572713383,-5.5403663211386718,2.1348106527242208,0.35017608202478184,5.5648604631527316,4.1088377211802687,2.3297708483279074,0.23393255570553811,2.2033819350892951,2.333198323571954,3.6686746172880511]
[null,4.1399263281852043,4.6233319522945271,2.5986062253526958,0.77705707992278594,-2.1146933935258714,0.95335263907217127,-1.3849835766176193,4.2568097007991588,2.8360401515313831,5.175752134193873,3.1462121605919062,0.56856888609976952,-3.2653038942952493,-2.1986290529420964,-5.740667120674666,2.7464522385411723,0.8105771242419606,6.4367958516650479,4.9097389678294689,3.0317418630604203,0.81115136994159742,2.8582438276218087,2.7350931482440073,4.1314594301103202]
[null,5.0708489282835396,5.6077446446534447,3.3985954451495219,1.4221940586571342,-1.776530435256779,1.4486548668185235,-1.0682331969663377,4.9856243624187986,3.4693133316037228,6.5523435366830931,4.3190290711249313,1.4215484133860001,-3.0373266818515532,-2.0201144580901587,-6.0673781265545195,3.5315339340123,1.3946572149286385,7.5571574437685243,5.932667637331523,3.9210658559367304,1.5282011338157451,3.6931540818589239,3.2018100234509461,4.6822248343562345]
[null,6.3233520065754734,6.9266552984899619,4.4701936876139747,2.2765649698961674,-1.3550531117156772,2.0542506705681398,-0.70494145841561284,5.9098829155106829,4.2615548079990679,8.5494528119354669,6.0514201978052853,2.7004779866145663,-2.7303321290815377,-1.8137592271043663,-6.6048546274656825,4.5872169338815487,2.1745510081027644,9.0530289504896917,7.2974016170672922,5.1022718251900034,2.4667738836473063,4.8093886898191505,3.757804429497575,5.3527967174274576]
[null,8.1137469409597891,8.7995018455975114,6.0008506705794558,3.4896710090535157,-0.78364882944526704,2.8296868901530221,-0.26939797468071214,7.1292893366452281,5.2973718257125588,11.735523528008825,8.909971863476505,4.8895609378097218,-2.2333538583792492,-1.5601024198118327,-7.5403236590899096,6.1021799946150574,3.2947366867371186,11.159908484225866,9.2234269474810766,6.772704070445438,3.7840995212321249,6.4005192731019678,4.4401439769017692,6.192161032844087]
[null,10.908620262163192,11.687713020474424,8.4084494999395343,5.3994946173759066,9.2712867573714663E-2,3.8806132077784463,0.28808392072435118,8.8248825168294474,6.7252860029314956,17.664650246798843,14.606105959804797,9.6627745956391617,-1.0470295855640315,-1.2005380194810973,-9.3595841043465242,8.4920372502126895,5.085620321490719,14.355079755430253,12.172376350062342,9.3543751300251987,5.8228393114770451,8.8856237506284685,5.3080086364809462,7.282312161071296]
[null,15.927634007176492,16.761569921254626,12.811898397482722,8.9447891793777057,1.7470490575924984,5.4259962623376206,1.0634253224457511,11.360335906872528,8.848466879426315,32.695947344842295,31.870544789151513,29.199079269554648,13.644004148083559,-0.56611960409435513,-13.916480426025876,12.883915139102497,8.5044065584447672,19.793518368963966,17.287733510871362,13.945017318733699,9.507427178755659,13.373621804502053,6.4649730629064717,8.7634756958311737]
[null,27.696501934457658,28.112310597083187,23.654055177708081,18.114605406495226,6.6393831285941696,7.9878258299819738,2.2966834882170102,15.59879834461449,12.387278024354677,149.47642323048279,-1380.8218947036985,-58.617573331666442,-6.5246667095485025,1.3720204926334634,-40.148594485047369,23.791408284987547,17.976308219209464,31.145892714946953,28.437196891877267,24.547036821243946,18.490634404375477,24.110870990432115,8.1073864696638704,10.906046104140831]
[null,88.829454620814928,76.826534305546446,96.205179068179589,106.02547242904973,-189.91914226214567,13.228402395546537,4.7697647117050703,24.185087066635308,19.576166427334332,-64.877025143547741,-34.47334892385436,-17.460458925651324,-4.6503669001930747,-14.711680114836762,26.933978844528124,100.37391906595886,207.44676197998797,69.707649285743742,72.117578065049415,76.911708013765065,77.39667708514952,85.879522688519657,10.660924159777279,14.31171729447348]
[null,1.8872176084189134,2.2822235589742763,0.39116437498367584,-1.389364372788211,-4.0129202777020812,-0.89949906431087645,-3.2196462617238901,2.4579575877607822,0.99086089285268952,2.1649590065234667,0.33320999895049741,-1.8863290146438234,-4.9214491582435587,-3.538034941374014,-6.4329903931737489,0.6631845679347389,-1.0777698842021795,4.0633159957627738,2.4646194199862617,0.55048879203132706,-1.6905960221682277,0.586341243129473,1.322128312817721,2.8073657857824941]
[null,2.3175163100865119,2.7373797094735211,0.78506670400880618,-1.0362713426064378,-3.756248926354453,-0.56346594464269162,-2.9332961554622141,2.849463720826733,1.3635479463611133,2.6885402684985573,0.7854128650548865,-1.5343624394161348,-4.7440579256174971,-3.371853902628434,-6.424941932564284,1.036898420448781,-0.77297658690803117,4.5622361699817091,2.9476511495609685,1.0044158075519678,-1.2736382672278028,0.99612918311146936,1.6434755606450482,3.1388926259835199]
[null,2.8126438146076245,3.2624155843287048,1.2306895444449655,-0.64677620971918681,-3.4902600022717052,-0.20284625969143902,-2.6415975974914532,3.2917295138954024,1.7749332934503905,3.3074843299022159,1.3144299300007534,-1.1321479013334927,-4.5632491358596248,-3.2033670047704694,-6.4538960128717804,1.4636134743411009,-0.4329501353055662,5.1444792926294456,3.5012178713685866,1.5138650537385354,-0.81995109709890102,1.4606862328970065,1.9899731534829348,3.5078516481014077]
[null,3.3946938912315954,3.8801088809461297,1.7464620746005977,-0.20698124702301454,-3.2084190959254562,0.19068611921526546,-2.3404305484906507,3.7996808744779162,2.2380926276675837,4.0582731592778396,1.9508925036921059,-0.65777060974667056,-4.3749116279680456,-3.0303637548461091,-6.5321925292237841,1.9615462771290022,-4.4789055438720762E-2,5.837207987310105,4.1500017767775628,2.0987423981749562,-0.31419520878834423,1.9984066898784576,2.3702927344260525,3.923791642241035]
[null,4.0957384869926763,4.6246422292063736,2.3601911291183546,0.30552959266507401,-2.9021876171199739,0.63046403792085581,-2.0226373257150518,4.3942278805490016,2.7708516293529217,4.9954297438674562,2.7436286332491391,-7.6819241098467939E-2,-4.1737222379487759,-2.8499773648716564,-6.67875579985113,2.5562350403785796,0.41018279987685063,6.6780140643673462,4.9286968685369903,2.7903451577260103,0.26822895543285219,2.6391376402017586,2.7943852595228167,4.4002933777777633]
[null,4.9660342061943865,5.5466027202883961,3.1134035818346955,0.92221044828890486,-2.5592161498020309,1.1336004764172061,-1.6803509330588966,5.1059030284234179,3.398190552070981,6.2119103465331653,3.7717106216666161,0.67039412632637418,-3.9480149419451069,-2.6575435780570484,-6.9246284178320918,3.2918002483105333,0.96353052236914849,7.7250805458168008,5.8902709367306514,3.6335342977272913,0.96131936436153609,3.4254560618386933,3.2765348123382525,4.9556331323987317]
[null,6.0836034481593071,6.729686950404604,4.0731647197262548,1.6966848206116534,-2.1553609710143222,1.7278938552523451,-1.3017436041136532,5.9806641132878493,4.1579922125170228,7.8665625112117148,5.182545791166917,1.6959063901194202,-3.6797456729830729,-2.4462104592582055,-7.3235783397108385,4.2341429630812586,1.664241722144117,9.0699159631758075,7.1196164597847744,4.7016730166269385,1.8222824960362125,4.4287457092387834,3.8368297001674532,5.6163187393708078]
[null,7.5881420231219474,8.314047195282086,5.3594820888820918,2.7220930679996762,-1.652402172149698,2.4547906153751629,-0.86719519238253984,7.0900085818626337,5.1098099568449582,10.268423178615423,7.2668432330960746,3.2333796487436488,-3.3196429298129728,-2.2042248431229914,-7.9813580937962927,5.5016458395222463,2.5995945547919486,10.865964862647322,8.7586356094005993,6.120515771751073,2.9502159279843161,5.7696381374988874,4.5032236771472123,6.4204008318441526]
[null,9.7398487770130213,10.563484571671008,7.2007125390118913,4.1794588143398128,-0.97110352347426132,3.3844534643200888,-0.34587971548090818,8.5537495425148986,6.3525709746935481,14.100165678065542,10.708618186902552,5.8695270788333387,-2.7365058991528453,-1.9033097942766928,-9.1208997364962663,7.3220295296097175,3.9446119444000374,13.395054088586424,11.072976860754384,8.1292133856333688,4.5336012361714726,7.6810443670955024,5.3211016235288708,7.427029351898419]
[null,13.09798408530483,14.033931127800049,10.095766640879088,6.473974557888539,7.7078023596587081E-2,4.6453523270135255,0.31908734279217826,10.588666849088824,8.066307742712004,21.240040679735909,17.578974423515582,11.638827968316264,-1.3420170449454927,-1.4841742439937524,-11.34187101165497,10.192300990905013,6.0952502109522699,17.23142683403503,14.616484488198084,11.235008934253491,6.9863226020824332,10.668722252661961,6.3611675336178672,8.7338236282703416]
[null,19.130266775337859,20.135074708229265,15.394987060348058,10.742361048226041,2.0571779274470638,6.4985589017148317,1.2447614551190993,13.63192044279573,10.614283106844105,39.389104193505261,38.517709511455372,35.545702481760337,17.382510461517612,-0.74388036635805022,-16.919886593680037,15.473933731634901,10.204555083777528,23.761565129537438,20.765751504316384,16.760551656098027,11.427192743477759,16.070420624070746,7.7469176808581075,10.508196829416896]
[null,33.299010101085756,33.795173732170475,28.466219702016172,21.821158820565874,7.9507829471802571,9.5720062664831982,2.71455067622224,18.717306722457632,14.862080400953454,182.60378058665967,-1260.2450799348894,-68.288234069506785,-7.6143346556542442,1.5165751685823159,-49.512781757749693,28.611428540035526,21.624812044968067,37.399036034092241,34.184209444920825,29.552316303105684,22.289979014248289,29.013227247782051,9.7125612318033632,13.076303494541797]
[null,107.33858337235719,92.639663629449387,117.00479045368225,130.90196672429624,-188.50630928693249,15.86068543712182,5.6664454434249931,29.019957824134053,23.491501817697994,-77.28311805225762,-41.049937402134937,-20.767283277078832,-5.5000704787309225,-16.618001115797618,32.209135447291814,121.71445031299449,261.02419293994217,83.745212619951772,86.91760683181927,93.263624496387067,94.951081160267108,104.17229559523649,12.768987346629988,17.154175070335643]
[null,2.1968267170664166,2.6573333056434949,0.4477359810192853,-1.6349896668790764,-4.7049869982711527,-1.0641600896633936,-3.7784081409612158,2.8629000938582809,1.1473110936464184,2.5214577216798251,0.38067569720519123,-2.2150566460901739,-5.7668069625021587,-4.1451805584885335,-7.5326378582988962,0.76667599229791727,-1.2683381638890396,4.7386692755986495,2.8699070284322001,0.63136019537609578,-1.9913420509772957,0.67532233659687169,1.5340470390137164,3.2714450518878344]
[null,2.6990076698667611,3.1891180898504281,0.90733933412708423,-1.2231507950748326,-4.4065177066796783,-0.6711742902184431,-3.4448463629285175,3.3202971946294397,1.5824951985408151,3.1328028786551321,0.90863122069553581,-1.8046825844848962,-5.5617983708369332,-3.9525691225462301,-7.5258314122105237,1.2027748259526181,-0.91324368855568405,5.3211410162721098,3.433730197482979,1.1615669419614609,-1.504676362029481,1.1539499768901047,1.9091882453208171,3.6584232272973436]
[null,3.2768188998242742,3.8022498298071605,1.4276101801300871,-0.76904868517831215,-4.0971557432074537,-0.25041480349317491,-3.1052426024183273,3.8364951197357136,2.0629821021566341,3.8556075920592749,1.5260920793085004,-1.3358139599909877,-5.3529414997292868,-3.7572406759063837,-7.5627861599718251,1.7006207737847843,-0.516935080745628,6.000854316947227,4.0805534793997369,1.7558712889880361,-0.97530465857752346,1.6956451712021132,2.3142296926540982,4.0889497341257135]
[null,3.9565589066480489,4.5235461675613253,2.0297414601688888,-0.25584758830906285,-3.7697054522777038,0.20879723319584928,-2.7539634613623836,4.4290365842277746,2.6038495967963895,4.7315276913398101,2.269390838284409,-0.78293907471827062,-5.1362643215907031,-3.5570802620668398,-7.6581134666068715,2.2807690311783242,-6.5002981837453955E-2,6.8094967996917619,4.8383835205507237,2.4392975033050601,-0.38434637486761447,2.3241077080244978,2.7578433113194625,4.574357656330279]
[null,4.7753528250140231,5.3927798324680376,2.7459721010286082,0.34213134115428112,-3.4149757829033267,0.72148103565151889,-2.3839247236804448,5.1230022578832184,3.2254599061252209,5.8271462846778785,3.1944026158235124,-0.10548203718092647,-4.9051307149602836,-3.348853372663755,-7.8341079929526938,2.9761847242298742,0.46636660877138364,7.7910493639855689,5.7476327174959287,3.246929677686996,0.29554019672007142,3.0721811337571117,3.2526619636832983,5.1305177097587187]
[null,5.7908595302079275,6.4697935096868164,3.6243813005046248,1.0616391691718552,-3.0159616264299638,1.3084737044240475,-1.9857537344737479,5.9542479997053182,3.9577806109646629,7.2486016405451359,4.3963710248522014,0.7675457896366531,-4.6484996640619398,-3.1273484955781572,-8.1279843864491514,3.8341540079871685,1.1115177210934193,9.0133468717529617,6.8705199000543269,4.2322670860239482,1.1046803314727454,3.9907972890332886,3.8151639528042427,5.7783286148896851]
[null,7.0965188302409397,7.8512068389665508,4.7462117752710125,1.9658868519654522,-2.5474304400633816,2.0016585647448895,-1.5457864374492933,6.9750670134069077,4.8443089318030719,9.182575194349349,6.045731552889702,1.96561310341831,-4.3411388393152244,-2.8857892680448982,-8.6048373939509446,4.9341402846490858,1.9280617916417131,10.582866926679348,8.3058445551353302,5.4805855137465436,2.1106433366182924,5.1620424012495354,4.4682087971650191,6.5488263399893798]
[null,8.853389608087376,9.7017205959496167,6.2487559054530788,3.1628599907364734,-1.9640259883904543,2.8489109245225817,-1.0406898791099279,8.2693193388704014,5.9547243608020715,11.991036238961827,8.4849633655358438,3.7626508832993211,-3.9326934110552725,-2.6075827780462379,-9.3863989245696615,6.4146219530307818,3.0197043617713759,12.679861533429056,10.219895461286145,7.1391948473394296,3.4280291828249836,6.7282176275955958,5.2452969593372192,7.4863972904031986]
[null,11.363750280047336,12.329370613813092,8.4004126681271245,4.8649332740390561,-1.1741076447067103,3.9332009685983347,-0.4357271527764498,9.9771300899328228,7.4048319952308974,16.475021861330742,12.516023623788872,6.8518169896154433,-3.2731931802525653,-2.2655790773089701,-10.74149415204684,8.5400400978879372,4.5880187811412174,15.63205007408555,12.924544086870972,9.4866518693643744,5.2782394353563795,8.9623931872336602,6.1979880664270608,8.6601996552324003]
[null,15.289070681100583,16.385447517151938,11.784287883467698,7.5479766552644598,4.0974138280579178E-2,5.4033557820413565,0.33509889080247279,12.350913426153333,9.4047048800040809,24.840319503620023,20.582747847545225,13.637961391230911,-1.687358699160407,-1.7895269186775578,-13.385097913494594,11.894871979034928,7.0982103795459928,20.111599767823638,17.065459618724031,13.119702273331956,8.1482910073934676,12.454541098186541,7.4092994926304536,10.182625608245626]
[null,22.346886688907375,23.518818135779956,17.987332433526472,12.545157926280316,2.34435055998682,7.5633362985778145,1.4077579189028693,15.90134938647792,12.37815204632577,46.164912717371791,45.319322720592552,42.192038710877284,21.940574185855652,-0.95779872903428764,-20.052328982007573,18.069042223696147,11.904362569614966,27.736243072963887,24.256251954037538,19.590022202935817,13.353827239676098,18.776957989346297,9.0224672183823849,12.250362540241781]
[null,38.941645103111924,39.509444146765745,33.328499105984328,25.568142456808307,9.2462389179678652,11.146080566974277,3.1117932473068555,21.835599738571311,17.33553360602918,217.65085968392452,-1143.9553352154328,-76.978373013840283,-8.5983388728266252,1.5876280398493015,-59.685350044529002,33.462175983360616,25.300311504161531,43.662454680727862,39.962877469623329,34.608185913403517,26.14431722585417,33.9600743221309,11.309855696960732,15.240635890994884]
[null,126.27274177558259,108.70003712491459,138.70397257036268,158.15677811669357,-181.97927094112111,18.482858883245783,6.5283984973269158,33.854633981828954,27.406289617644763,-89.379120414158137,-47.458877132314839,-23.977726141265457,-6.3091210086741745,-18.018777207807251,37.434960819718931,143.78480151782065,322.91749110477389,97.830756072547487,101.92553162602267,110.17835823187696,113.80575881003698,123.14170467174354,14.861772001066113,19.984490709783095]
[null,2.5036771398240347,3.0304580671588606,0.49998755887245183,-1.8874436962672307,-5.4078346483407165,-1.2348216026852814,-4.3476217032521074,3.2656973006644727,1.2999778358234284,2.8757697409060539,0.42435210692889141,-2.5504971779769865,-6.6236695059984045,-4.7605235259266676,-8.6450630447674044,0.86691027674741827,-1.4643640715547475,5.412894751119218,3.2721983443114624,0.70699701692303052,-2.300996504939516,0.76042675235248325,1.7422702736867803,3.7336395939593969]
[null,3.0781395698218397,3.6390932356905248,1.0258539180548418,-1.4168272543532889,-5.0681203372597334,-0.78553705624042436,-3.9670070402670965,3.7885311506345336,1.7975448114905299,3.5753297060901406,1.0280178203992159,-2.0817034793160554,-6.3919121576750326,-4.5419293531958616,-8.640647810334908,1.3656345593399781,-1.0584370895764581,6.0789375809272084,3.917724981703361,1.3132571660957113,-1.7446106638525514,1.3071559583132448,2.1716922282710782,4.1766699282941735]
[null,3.7391684374912346,4.3404597932848894,1.6203913559431371,-0.89827944548483862,-4.7157637269350765,-0.30462771485308832,-3.5792724790966344,4.3791242945574558,2.347278930338756,4.4017815852371376,1.7345481783325942,-1.5461619193813068,-6.1563858191075944,-4.3206758303251434,-8.6872003763309404,1.9340153577766019,-0.60665927478524273,6.8567536728329381,4.6574702922815305,1.9937412748557433,-1.1387952674672506,1.927395177062035,2.6344628343631702,4.6688271516021258]
[null,4.5163800554795737,5.1657549282318822,2.3093051526094404,-0.31116092225180869,-4.3439386833257085,0.22014198075492009,-3.1784685200121707,5.057072879556852,2.9658146304374085,5.4047507843959295,2.584130565907238,-0.91478227432547465,-5.9127545275837132,-4.0939903170057637,-8.8012154506828519,2.5979761049621515,-9.0121788295100133E-2,7.7811194384607125,5.524573227468867,2.776278641251881,-0.46276285660450994,2.6464555471432938,3.1418622906942466,5.2238247595979663]
[null,5.4528101503033772,6.1599442521720427,3.1278476566351512,0.37195806473004117,-3.9398231885832833,0.80635151092062018,-2.7567647671738804,5.8505394716552308,3.6767722466975488,6.6586231062709382,3.6433260380893699,-0.14038407621725135,-5.6533900761527809,-3.8588113776070969,-9.0095721117269676,3.3927088857658831,0.51654833038254599,8.9037506880273316,6.5651752235544807,3.7004910795841015,0.31454413555457189,3.5019161053514103,3.7074289976306196,5.8593442951811481]
[null,6.614618975744512,7.3920712693557773,4.1330349313598482,1.194658355979026,-3.4867101823405022,1.4770726450176688,-2.3034180299718172,6.8004223242585367,4.5138099634536495,8.2856507696934738,5.0199844911757063,0.85753522139421112,-5.3668903552956602,-3.6096511786512782,-9.3546339137490264,4.3742887561034358,1.2532427416205214,10.30155436502201,7.8500125849171347,4.8282819080995463,1.2403375664644727,4.552900581325475,4.3497093235298774,6.5996154222471803]
[null,8.1070509706245826,8.9722874629408498,5.4162609277363538,2.2279401930408791,-2.955442713049091,2.2687059193763623,-1.8020775265964104,7.9677088621191032,5.5274368628484734,10.500492523572204,6.9096490677538833,2.2281020024985949,-5.0260306170161995,-3.338332898542923,-9.9126984894333656,5.6319700005394377,2.1863172358104941,12.09638116257892,9.4926228824850103,6.2570486035949546,2.3909244811814765,5.8930428095464711,5.0955479278728477,7.4796421812229692]
[null,10.116714604374748,11.089987983834718,7.1364971605947467,3.5971427199294705,-2.2932559651432927,3.23660345340177,-1.2285523039578499,9.4477735133026854,6.7974057817266678,13.71864118691936,9.705281949729839,4.2872614157819653,-4.5746278312531947,-3.0286533947198144,-10.825930390176751,7.3250573836057402,3.4326144549437898,14.494516287700536,11.682758467312464,8.1554243386903806,3.8990319890949965,7.6859128855968732,5.9832835708187959,8.5498630620523084]
[null,12.992944584300279,14.097593311036935,9.5987782155000581,5.5449868589508684,-1.3966439579833552,4.4744612905134922,-0.54079689382497997,11.399420673166118,8.454951298406062,18.860614708713754,14.334296558761642,7.8341523623994664,-3.8488236140684151,-2.6489800970742969,-12.4107650832632,9.7573189775038642,5.2253588932613644,17.870605545105182,14.778379096382977,10.844360582664056,6.0187823392601842,10.243906409364801,7.0703682812434652,9.8905459350834413]
[null,17.487524407899222,18.741603986303765,13.476241767294606,8.6186266485852556,-1.7790347673916691E-2,6.1530981683844965,0.33460818431418526,14.113858415710837,10.740113771223676,28.467581307873999,23.623883279686801,15.665973099730843,-2.0971954475743524,-2.1243036679725771,-15.502719158613081,13.597085450853696,8.0961457583848464,22.993958404009753,19.519878238353186,15.009694497929354,9.3111219069821836,14.245216545423069,8.4519761242511464,11.627628866336238]
[null,25.575296948142896,26.915724371700708,20.590508419953913,14.35493090511309,2.6023550168596374,8.6198993618343209,1.551182426787767,18.172448633360396,14.139927262280368,53.041164104455078,52.314644688925661,49.219794770853952,27.992245264292674,-1.215607106377774,-23.328182774632779,20.672878247717978,13.601186622111449,31.716275726855375,27.761177686833076,22.437646754395256,15.293467011627706,21.497271268318912,10.291483258380708,13.986520781393743]
[null,44.631157538537586,45.261269789923269,38.240984694162336,29.379095662020955,10.531523635864778,12.713983857537702,3.4820272495620777,24.951473420796635,19.806000052789638,255.12800851554965,-1040.8805812068954,-84.660042837356087,-9.4601851796198577,1.5700311995570382,-70.872713399798059,38.351941491655921,29.007453678625858,49.93818881652372,45.778954591977538,39.72560549735384,30.068083557498486,38.96466205016646,12.896916351114712,17.396410823726725]
[null,145.69954025372985,125.04653035983384,161.53060645874962,188.48285506138163,-172.72389940474685,21.095720624410234,7.3528281992954936,38.689803831530341,31.319761272826103,-101.13051095834538,-53.668887984331256,-27.071779404936777,-7.0676155790082511,-18.90925365473257,42.610704531618381,166.73679969561218,397.19752795187458,111.96934654842815,117.18033186860451,127.78187587446379,134.31332379719424,142.91490970654198,16.938463546492443,22.800318180532297]
[null,2.8078882510690901,3.4011105368450232,0.54785309776949098,-2.1474292078866948,-6.1233448198880307,-1.4130713824205772,-4.9287194178648308,3.6657548863025102,1.4478548770115018,3.2278222129163514,0.4633391070392795,-2.8932841895914816,-7.4940039343645894,-5.3852736135599777,-9.7722195432329091,0.96337824393294158,-1.6662616185720935,6.0859085767558643,3.6715571585509408,0.77629639183110355,-2.6208537397082656,0.84023480067893486,1.945860204254289,4.1936722347243798]
[null,3.4549000827870513,4.0867261776337447,1.1397791438221403,-1.6186183633160969,-5.742557613394415,-0.90751217571362064,-4.5009543298388408,4.2546709172950834,2.008482288840109,4.0149807812851437,1.1433234389995528,-2.3666406303904859,-7.2365739241601332,-5.1411758450637741,-9.7716734483687464,1.5238057840787527,-1.2101148291019761,6.8360915173719112,4.3988398800642825,1.4599300491416174,-1.9943171166288829,1.4565027517162124,2.4295408481552503,4.6925483693852046]
[null,4.1990023218830999,4.8765355923594766,1.8093342230088754,-1.0346674541875254,-5.3482210617497463,-0.36638920832315436,-4.0656889959853304,4.9195511681227009,2.6270152975543315,4.9464944547536867,1.9388191348517851,-1.7646770821312709,-6.9756499728364458,-4.8945560526275722,-9.8293277208387817,2.1644513091600115,-0.70208740289192351,7.7115914207320246,5.2325243646441129,2.2269143637580382,-1.3122135146168674,2.1548426217050212,2.9507324132795962,5.2465492719544704]
[null,5.0744027817567439,5.8058872673124284,2.5841047654381195,-0.37435727289338683,-4.9319136107327664,0.22441635466182117,-3.615890827606735,5.6827030210423537,3.3236866742882061,6.0766784942804675,2.8961156958181498,-1.0551943135486042,-6.7065811359574496,-4.6426957762581633,-9.9646039558764272,2.9114517667346198,-0.12177007708660513,8.7522561386584528,6.2090939081815302,3.1083863056530405,-0.55117590047330611,2.96458291070816,3.5219323572404688,5.8712685793350943]
[null,6.1277127861070122,6.9257083568916551,3.5062791180712591,0.39413931273762864,-4.4804351632836754,0.88366932112845875,-3.1428464793564483,6.5761064443104571,4.1239257571545895,7.48986663780674,4.0892810882831325,-0.18395452771547466,-6.422241428580584,-4.3818985477885475,-10.207684619159156,3.8060680513979062,0.56007401846920613,10.016168390787282,7.3810766957412177,4.1498560589117455,0.3239609814531636,3.9282874847977989,4.1580031790746608,6.5862669292526155]
[null,7.4360843877512446,8.3134625041910049,4.6382718490046262,1.3196811826899102,-3.9739038089714547,1.6374650788015399,-2.6352412417734228,7.6453736766095561,5.0660761261123479,9.3239140587139637,5.6415685116408936,0.93903489252273487,-6.108317636327909,-4.1072129987625008,-10.608405644315093,4.910907607703094,1.3880923542449386,11.590123906993519,8.8289239096158454,5.4202594775583206,1.3666797958432475,5.1117313617597819,4.8807225518550297,7.4188810769906608]
[null,9.118022557217925,10.093388260597635,6.083825446495843,2.4824849566616343,-3.3809562604626437,2.5278620573138655,-2.0735220716884313,8.9588320923156015,6.2072566036060772,11.821645584581049,7.773075657546535,2.4836112664782966,-5.7376085267419237,-3.8081797127287031,-11.25282505634352,6.3270562101284256,2.43624459301568,13.610989538835906,10.678770655301722,7.0303653960189028,2.6625809381562306,6.6209535632980199,5.7190810335689024,8.4085653060012149]
[null,11.381821398951649,12.479337763615007,8.0213904553410735,4.023398590200812,-2.6425793285333814,3.615927996630373,-1.4318687388772739,10.624392592025455,7.6359131387841002,15.45197633415455,10.929943173978696,4.8063942720888573,-5.2503339029332885,-3.4687451016188851,-12.30771675913441,8.2327371833432519,3.8383932572619344,16.310497346873714,13.147507935760219,9.1712452900915196,4.3624877858066258,8.6417153027894731,6.715970162602285,9.6118473239790259]
[null,14.623343728847882,15.868956391291917,10.79711220477221,6.2187687354637218,-1.642287610984851,5.0070638819062276,-0.6639497339490531,12.820955643657321,9.5008797139923846,21.259446650312587,16.165299283591462,8.8196522406642526,-4.4720710683880425,-3.0567935677869857,-14.134379990561653,10.972911308858029,5.8549046414612596,20.112071953782237,16.635907237350434,12.204169934798069,6.7533835371674211,11.524779641230666,7.9375655515765153,11.118120890982597]
[null,19.691572732119131,21.104262111252176,15.171021943151539,9.68611620464082,-0.1047852726217282,6.8944993299564743,0.31267630679988334,15.874910958036645,12.07299164886946,32.127124979910484,26.703099983913376,17.73127953080709,-2.5825454429340957,-2.4926583827272135,-17.706238986269035,15.300450029174041,9.0883266085985923,25.880267679258647,21.982443732005155,16.905712071988251,10.470709146767948,16.040427939361145,9.4885045376051504,13.069605449605879]
[null,28.819256162618629,30.327005867071705,23.208073544398108,16.16950440993719,2.8289223900134193,9.6667756303796484,1.6696521215979898,20.440419027445898,15.897737015160438,60.034641271396062,59.535207344091006,56.715480647765411,36.894391639108001,-1.5207947939476281,-26.784697778283174,23.286131420059714,15.295584295370857,35.703391965685761,31.2801730546763,25.304311462869254,17.246099408816146,24.23380935306632,11.550562790876699,15.71834347848254]
[null,50.368945709869159,51.058442722423628,43.216256316300935,33.250214861430187,11.795230104583368,14.26769021910593,3.819316596929947,28.068064863092658,22.273039876462263,295.64591075542688,-950.2733538428804,-91.297326427621101,-10.195954239167584,1.4380290747663675,-83.338124082058158,43.285493899309813,32.75279865718003,56.230969783630542,51.637316414507218,44.913221799601985,34.072168721177299,44.027306273663676,14.471582728221415,19.542462592857145]
[null,165.71704987517361,141.73739066307212,185.75321130126639,223.03322655498971,-162.19671028563999,23.697003436146655,8.1342085190081939,43.520045463170653,35.232628480844284,-112.50428006127034,-59.670254273564431,-30.048617635314304,-7.7742679054249946,-19.281440360095679,47.73757433786804,190.75867145785233,489.06091145938166,126.17154915549513,132.71874601744949,146.20926034269388,156.98371106068171,163.64830443978241,18.996412893344655,25.599901894902516]
[null,3.1088679034388496,3.768873343879942,0.59017426229288572,-2.4162892765642949,-6.8528394943720974,-1.6000614149059342,-5.523575535002645,4.0629032344788882,1.5903434250082946,3.5765154750407824,0.49785093033658556,-3.2449547694248677,-8.379725551758618,-6.0206110595103119,-10.915967061658391,1.0549437584019787,-1.8747658133384624,6.7577372468192278,4.0675638505458309,0.83947585968070149,-2.9527126270255617,0.91552175429464622,2.1443341895681813,4.6514207431278045]
[null,3.8283100789842135,4.5315387081725111,1.2483758838372798,-1.8285620512265595,-6.4317071913198713,-1.0378794703764533,-5.048790186554915,4.7183931105402035,2.2140384076604245,4.4530064638892108,1.2539038729336129,-2.6602419689838102,-8.0977537143314748,-5.7517800086465556,-10.921037667657574,1.6787023550550908,-1.3690509572519325,7.5920651548551223,4.8766166719163913,1.6004065131717551,-2.255341213036957,1.6011620333462047,2.6825981024824284,5.2064396171275513]
[null,4.6563137326087061,5.4102837426091464,1.9924681447160164,-1.1797859763048317,-5.9963096786937609,-0.43639095157670899,-4.5659201365773869,5.4575878618821516,2.9022138310732184,5.4895509579773769,2.1383078040276269,-1.9922814463290772,-7.813070452489872,-5.4808138127577664,-10.991893896097913,2.3904988794523754,-0.8046102579548976,8.5657372653272237,5.8043341629651364,2.4539612865436813,-1.4968792491184939,2.3777634971697807,3.2624497359604661,5.8226895949586908]
[null,5.6289395833685214,6.4441436517893464,2.854608161779689,-0.44604173928698071,-5.5361703002819631,0.21981695295905729,-4.067507051909522,6.3060193476229731,3.6767325261662371,6.7474425132361082,3.2039071014862794,-1.2043897588203594,-7.5203473513796535,-5.2047122712560778,-11.150746855620984,3.2211274082983632,-0.16033903198782412,9.7231056665896336,6.8911758193083967,3.4348583648036763,-0.65040396028950187,3.2782868995585108,3.8966783423648601,6.5167612630283287]
[null,6.8015676823000621,7.6896520113437683,3.8801662582113621,0.40751448371421339,-5.0380088376740018,0.95212119287957042,-3.5439163216454612,7.299586527624184,4.5664337770287986,8.3202363689240091,4.5322873389131288,-0.23659356635948717,-7.2127864594607107,-4.9201021478544575,-11.431907395961971,4.2156553568794308,0.59630638372508327,11.129130677406101,8.1954196832833723,4.5937413311815254,0.32265685085794266,4.3498062584953923,4.6042082174358123,7.3112631837587347]
[null,8.2567989471372183,9.2336428604146832,5.1395835228255651,1.436072529730104,-4.4801133857172424,1.7901154445941345,-2.9818308557218347,8.4881063145915352,5.6142710203876707,10.362137367714112,6.2605406415433524,1.011852551000906,-6.8749729869944698,-4.6207440748910482,-11.892453145642955,5.4434805178816488,1.5151752237840637,12.879085278653589,9.8064660956316256,6.008059324780703,1.482645609440117,5.6663414588596694,5.406724258364684,8.2362629769714299]
[null,10.128316890007943,11.214504891626909,6.7475096342050378,2.7285843692013647,-3.8270290659899691,2.7779549468529843,-2.3618595804995919,9.9484091321310153,6.8823677486555912,13.144487410105921,8.6362110925015401,2.7307803385057823,-6.4798362032120824,-4.2967658667687312,-12.630039452327889,7.0184150093023616,2.6789355824697365,15.125842756044523,11.865366874091864,7.8008317160059484,2.9248947390105595,7.346289721496893,6.3372502434568121,9.3353325176722368]
[null,12.648661759198939,13.869671645962027,8.9042681484110755,4.4423295717133762,-3.0147375998134547,3.9862202204383315,-1.6530743566880028,11.799319863708057,8.4705735954908956,17.192234860227597,12.157519924156905,5.3204688330194809,-5.965745936174419,-3.9317950732777511,-13.834543824587659,9.1389166851590122,4.2350418662652745,18.12812908846136,14.613063736142669,10.185668392366599,4.8169894736838712,9.595096696382365,7.4439601449645645,10.671478828168645]
[null,16.256437196723141,17.64368183945772,11.994309799480726,6.8853562886412236,-1.9151022936997315,5.5310724177803108,-0.80666526509352054,14.240983316394148,10.54333011405123,23.673531576343894,18.009419264798574,9.8073621461668541,-5.1476077627677403,-3.4922033443846456,-15.922626271132938,12.186975184628762,6.4760238296990549,22.35621340394195,18.497085427897559,13.566102170994034,7.4815163367814579,12.807599600366872,8.7986892745394965,12.342747856899479]
[null,21.901816684660449,23.473947993349352,16.869427973187459,10.748933750075993,-0.22209657248875378,7.6250166503307044,0.26886853855563375,17.634514198879515,13.40180485282688,35.82502240897032,29.831308106688095,19.835368851347422,-3.162369141622047,-2.899042080451343,-20.007889287193009,17.006352957920758,10.071933606069569,28.771353943102365,24.45211186646879,18.809921037992861,11.630544172667458,17.839767386708221,10.51764358608429,14.507218521420583]
[null,32.079929410431404,33.753887125283669,25.842678358619239,17.993885355377909,3.0174756027254266,10.70221449678129,1.7600676702797025,22.708529119520801,17.652381256915398,67.166561060821977,67.019385621246798,64.79088114468135,52.183896843750084,-1.8863473777418278,-30.447317704690697,25.907423646375758,16.988815812611794,39.69835987539274,34.815911893665096,28.193732931150127,19.212803766793112,26.987127437805857,12.801770031151287,17.443315232870596]
[null,56.163945171753859,56.904331501627908,48.265348922719724,37.196110554100215,13.038196837530085,15.810187465315328,4.1243433656742088,31.183608218944151,24.738220818568838,339.9048519020331,-871.30034876499019,-96.935795664605521,-10.800199623287234,1.1790558862074159,-97.383462416108188,48.267273968409846,36.540653479144886,62.537670871091422,57.549963222245481,50.185423535967729,38.171612961260891,49.163397444348803,16.032925784403453,21.679495026676367]
[null,186.44087691893887,158.81906606417348,211.64209536707739,263.11230244894722,-151.34142934592535,26.280880563380467,8.8600508511189826,48.345463250340671,39.142989804148769,-123.46340942892826,-65.435876933098513,-32.885708201788674,-8.4201608222473627,-19.114655432006987,52.813595585331541,216.06701198314249,608.79618052537091,140.44035197358068,148.59055775423926,165.63818968487465,182.42066648979284,185.54101372545557,21.032682900019456,28.382869863418041]
[null,3.4062095483140209,4.1333917447112842,0.62663381019055053,-2.6948957399757827,-7.5982195916278936,-1.7966982833323948,-6.1332192447964538,4.4565929446833437,1.7271682895096334,3.922753649766769,0.5266232187922848,-3.606329170800362,-9.2826369645322178,-6.6678247595350291,-12.078485723198149,1.1422818088093907,-2.0912458782843282,7.4281380150248895,4.4595811686976852,0.89522250191982633,-3.2972598798437329,0.9850413392890135,2.3371587286722328,5.1067811804393708]
[null,4.1987090867408554,4.9734266660916422,1.3509232816837444,-2.0480563924679935,-7.1373946847970169,-1.1780486102396068,-5.6120342918028303,5.1787658650245589,2.4140935948636701,4.8885063154461603,1.3591423225626511,-2.9640594260725419,-8.9775277294079654,-6.3750583130204221,-12.09081669533427,1.8286763668550845,-1.5352654562330295,8.3468818966644935,5.351197010158268,1.7337193104515476,-2.5292357266036367,1.7400935757992593,2.9301649817546651,5.7180248604735082]
[null,5.1098677708532056,5.9414174204176877,2.1706294225814111,-1.3346921792909014,-6.6611896774570285,-0.51614284203154048,-5.0820473064577243,5.9928649810482977,3.1720811401538351,6.0305445978104197,2.3331715768233376,-2.2305241522181256,-8.6706080340152081,-6.0805094324664566,-12.177059784943424,2.6119463967664447,-0.91534051126870808,9.4191820296111324,6.3735025426921892,2.6744195450410162,-1.6941424729549901,2.5953392280418299,3.5686111399015745,6.3961632776490376]
[null,6.1816778699188717,7.0798628510235071,3.1198618123506234,-0.52775716526021998,-6.1588054692076275,0.20603790613635339,-4.535541856564369,6.9271486067256536,4.0248395809638184,7.4166177176699151,3.5070240870518532,-1.3641461910983805,-8.3565535022232034,-5.7813357296607766,-12.362342758835993,3.5260489875278904,-0.20719959879598496,10.694041796256444,7.5706570778907558,3.7553028034016904,-0.76200100239968538,3.5867578826693305,4.2673905546252939,7.1601830574430325]
[null,7.4731722868057835,8.4523121103203316,4.2487198587438328,0.41093005269628957,-5.6152905365587049,1.0111499063274061,-3.9617720610125713,8.0205065164894958,5.0041174777754849,9.1503106281200939,4.9715169876086973,-0.29984248850092848,-8.0284564550899145,-5.4742755516533697,-12.685752808066155,4.6205602269866262,0.62382750773679008,12.241440034010425,9.007577689526526,5.0327769368740682,0.30979799373794564,4.7671059682483863,5.0452468280832168,8.0342777647278449]
[null,9.0759808981920536,10.153062792096291,5.6360086537869849,1.5423247442738544,-5.0074250667434237,1.9322602596953791,-3.346643303435326,9.3288034587059983,6.1572202801047213,11.402519366500892,6.8770105377647148,1.074154900890995,-7.6712712202011666,-5.1521391376737968,-13.210526807573521,5.9723043063582768,1.6334053020362311,14.167953947430773,10.782819170406825,6.5909419188521188,1.5867105019384233,6.2172983131516961,5.9277115703974506,9.0517292271251879]
[null,11.137608829889158,12.3353150327607,7.4067732279420442,2.9645777119328542,-4.2965906311581827,3.0188169387418413,-2.6687734925922184,10.93608135475492,7.5531180665770981,14.471973633598916,9.4987745481501573,2.9675674561788146,-7.2580767790362621,-4.8061729520141867,-14.048606832865071,7.7061907834998937,2.9121758933069124,16.642267421058509,13.051161724113703,8.5678013729062119,3.1759185626726492,8.0681009086498445,6.9505490773205159,10.259616132499596]
[null,13.914604859260082,15.261469674435611,9.7835467070912792,4.8517773875792596,-3.413455080451858,4.3460338044285871,-1.895491970938205,12.973039847624666,9.3006063242556234,18.940505657955764,13.391750956418884,5.8267870673318454,-6.7251875088519064,-4.4199728217770069,-15.415233523798555,10.040876986700932,4.6228815295562304,19.94757918210588,16.080065725890627,11.197760541777551,5.2613635982597593,10.546925853774324,8.1658032680237564,11.728346342765779]
[null,17.892093158195177,19.421575229352769,13.191619590723681,7.543343356707628,-2.2175696900934558,6.0432967773489663,-0.97267690162851317,15.659153591798827,11.581006699710112,26.103502639426782,19.871440081880557,10.796453293305031,-5.8878588128600482,-3.9602578276936122,-17.782943332747479,13.398734460863903,7.0871351952371047,24.601821809515272,20.361921696743845,14.928483225342911,8.2018722220566271,14.089997529632171,9.6523498709465052,13.563378418614564]
[null,24.119249993196703,25.85318907749792,18.572368721917517,11.807505000355782,-0.3748914629599418,8.3441203636416006,0.19817459088609363,19.392936291433998,14.725371610704572,39.562692767657154,33.012482164852088,21.986748940675678,-3.8492993425094695,-3.3472410236414634,-22.424164756192972,18.713445799285793,11.046043016992126,31.666770681625568,26.930448537217195,20.721918747589612,12.78759179532952,19.645393494838995,11.537773255154727,15.939971180202718]
[null,35.359065292871229,37.202072183056714,28.49533420566522,19.827336091826183,3.16102828426328,11.724761764200137,1.8182983002165554,24.974389064201635,19.402365252566909,74.451673963864224,74.813051100547824,73.59004456577722,88.211629493926935,-2.3194803868178391,-34.347298198929977,28.540982339576683,18.678877539185667,43.699945910254797,38.372197264279237,31.107524879580495,21.19667091902992,29.761484850755796,14.04207171047879,19.160864582065322]
[null,62.026517079254084,62.807465052667972,53.398227373184007,41.229155132154858,14.25520632027812,17.336931861889926,4.3850724085014061,34.296488698604094,27.199141696108228,388.93759203046807,-802.36219218115184,-101.57605898406919,-11.268430560562905,0.76621173233986462,-113.40681791946392,53.307177077377986,40.381882624096669,68.863179264630659,63.513466807021942,55.551458131973838,42.380288220298219,54.380248699549874,17.579336564298394,23.80603154655017]
[null,207.97657494179887,176.34849192498149,239.58682172272103,310.83755680298862,-140.6074884400328,28.849204007026316,9.5274347191052939,53.169326793168132,43.051882421759714,-133.98080994661629,-70.948930739877937,-35.578878903062275,-9.0049241355670198,-18.438772460665096,57.849421866630834,242.87393616873479,772.1111460208781,154.77972130159125,164.83351432600534,186.25837318015041,211.491356928453,208.83936428172382,23.04366347250501,31.145679530965811]
[null,3.7000909509512168,4.4941433438821408,0.65659518948386619,-2.9838613989866318,-8.3612583724442047,-2.0040013279158386,-6.759697764612147,4.8472187853226893,1.8572366732020527,4.2658130830120058,0.54960493312861125,-3.9782387165949218,-10.204416160879957,-7.3280864512625499,-13.261635478935641,1.224358743307864,-2.3155841468217937,8.0969632518456152,4.8471631879913133,0.94264846916949119,-3.6562100716200492,1.0477571142976585,2.5237715821371332,5.5591472754395008]
[null,4.5650399989058563,5.4122652989286193,1.4475195524464632,-2.2784155003967519,-7.8616918291814599,-1.3288597261282282,-6.1922989421317913,5.635620146141294,2.6076761914367763,5.3210917735848593,1.458212898978601,-3.2787166589797003,-9.8778654846782583,-7.0125417175378217,-13.283332233285163,1.9737122304675663,-1.7098632987139051,9.1003313984459364,5.8219999114727772,1.8591387261364778,-2.8174630253322093,1.8726034880973932,3.1713915937079391,6.2268558432661152]
[null,5.5607145361055519,6.4694474802818727,2.3425021176518634,-1.5004183640311037,-7.3456228908674595,-0.60627333781247572,-5.615617892406612,6.5248743287835405,3.4358065514532252,6.5691795972869533,2.5226879991079807,-2.4795152263271611,-9.5507128374252925,-6.6956226578827591,-13.38758737301055,2.8283875256119311,-1.0344216893439842,10.271710951370013,6.9391304893905481,2.8874087028279058,-1.9053724022351421,2.80680216178067,3.8689490907108515,6.9676109049226485]
[null,6.7310272832706648,7.7134544367940174,3.3788962942792771,-0.62052525678200898,-6.8017148318231087,0.18139065354412351,-5.0215637116459435,7.5453294813237877,4.3669046040548087,8.0841989559031688,3.8054158622627856,-1.5350144958905934,-9.2183835984877422,-6.3752555734655436,-13.602361184297896,3.8262749409653276,-0.26344592548630602,11.663710961438504,8.2474610768969807,4.0689813556017684,-0.88748844964918017,3.8898699331228848,4.6315618236878127,7.8014718670328724]
[null,8.1420884782054674,9.2127988769287015,4.6119036470893118,0.40348153995099606,-6.2144723032958193,1.0598709934944726,-4.3985940713209715,8.7389937235460842,5.4364756417694258,9.9800238528969842,5.4064146380044891,-0.37441555108603886,-8.8728957213390753,-6.046710748926782,-13.971998941527128,5.0208762163761431,0.64192386919279842,13.353720278188243,9.8179505244007022,5.4651540307762838,0.28295247646704141,5.179062256510786,5.4805688966840869,8.7551206312379115]
[null,9.8927740096041159,11.071262756858365,6.1268975762481324,1.6378068309540255,-5.5582503078686578,2.0642241052579862,-3.7314500961100521,10.167476751327426,6.6952819425951944,12.443266372171236,7.4912654500193616,1.1249993801163376,-8.5003411607213923,-5.7044700880560191,-14.56744461275737,6.4962508462565927,1.7416953701208862,15.45732667466438,11.757921000917582,7.1690719070747537,1.6781225233141228,6.7636089333435105,6.442778404479478,9.8648853187278984]
[null,12.14574178157044,13.456238744679338,8.0620710652724643,3.1899882546773677,-4.7919906508140677,3.2480064346903941,-2.9967604194953843,11.921491794837081,8.2185239015516576,15.802393010694049,10.362090984367331,3.1937420547105222,-8.0750398240007577,-5.3403364698107625,-15.513794098165366,8.3895715063527874,3.1351222056310211,18.159160114255883,14.2379576582337,9.3306336055103944,3.4144027467369638,8.7861413085772373,7.5577067270734899,11.18175518914574]
[null,15.181277979017077,16.654992000583999,10.659871078512809,5.2507199439827623,-3.8406753801829669,4.6948657463419776,-2.1606620376004573,14.144866928840829,10.125423058430412,20.696790354968361,14.629788375689778,6.3253085174632577,-7.5365741286429122,-4.9368549441996592,-17.055121141405387,10.939754119745523,4.9992668529229949,21.768078795479845,17.548333630314882,12.208401616618952,5.6948251474014953,11.496557862446961,8.881117056870778,12.781789566951147]
[null,19.530279902882345,21.203656163171281,14.387616678984635,8.1930328388979738,-2.5543609337196647,6.5439637145648639,-1.1638170630549767,17.075770924654261,12.614755000717759,28.55358249168636,21.751916167442928,11.788164313015166,-6.7006969649324732,-4.4641009903267657,-19.723997406860931,14.609788104051963,7.6872680147540589,26.851547189598325,22.231782087482564,16.292757751752202,8.9141027095864533,15.372415582134369,10.49964061351395,14.781394257297752]
[null,26.343935056730523,28.240032665215363,20.279389081221993,12.86130691310705,-0.5698434852497728,9.0501941254857883,9.8605065910548295E-2,21.149827716750867,16.045967926907043,43.349428170186407,36.257780621658711,24.19193647362728,-4.6703093855714872,-3.8445557973080429,-24.967076941616686,20.421602281928294,12.011042483680983,34.566589229993475,29.419217843146786,22.64412409506712,13.944781187334064,21.456540077817387,12.550184455302057,17.368007437164028]
[null,38.661342373296868,40.669781271868338,31.167729234103206,21.666266347119283,3.2557016209491674,12.73356751101403,1.8428354670594762,27.238443339810637,21.149179702505091,81.911484686933392,82.970262227549341,83.29278598325898,316.63147023818158,-2.8314141105240518,-38.521648879398981,31.186048201910491,20.36570260267472,47.711406626836776,41.95124978603851,34.054072390677028,23.200759283866951,32.557981916481516,15.270494395502423,20.871199384942514]
[null,67.961513966861617,68.770131023373409,58.622589955464349,45.363573653146268,15.44033735088631,18.846726872578106,4.6019093393843864,37.406618909598997,29.655135661166419,443.79885791386994,-742.22067388975324,-105.27369332075116,-11.600148071601335,0.17975880088708954,-131.90788479365014,58.408664705839222,44.276590140075335,75.207641876072117,69.542782197425268,61.027745648072425,46.71787010346349,59.68845220665392,19.108561116639763,25.919797067844886]
[null,230.43239227426639,194.37899771763162,270.01036133608,369.34509045576317,-130.24534362244154,31.40074926328969,10.128881047018524,57.987378492617623,46.956617069068251,-144.03231638093519,-76.206230333766811,-38.123516466101229,-9.5219965483235622,-17.287613137727803,62.846041120123047,271.44726665870513,1014.4615258675099,169.17798748292057,181.50618752663064,208.29558248869233,245.35971396021827,233.77042461266313,25.028565893590699,33.885531337815706]
[null,3.988944838839434,4.8510177183396905,0.6790855331893082,-3.2846496587038736,-9.1436523351636225,-2.2231715388402749,-7.4047959665121077,5.2335935684864729,1.9801744949004303,4.6051317065566053,0.56567803539976069,-4.3621315844451223,-11.147098988923899,-8.0028825482916019,-14.467568925691909,1.300996097089971,-2.5491788903685877,8.7640503651300534,5.2300471696832496,0.98078553391235745,-4.0310238849223463,1.1039668413386416,2.7029674985422343,6.0083533124035915]
[null,4.9278603528195646,5.847280838700792,1.5370192899116277,-2.5206788247616276,-8.6059988202734274,-1.4909384949977129,-6.7912545592727112,6.0892382071214497,2.7947504639777936,5.7504961788501952,1.5511771373250611,-3.6058681708146154,-10.801029444406366,-7.6654070464409267,-14.500960866646182,2.1128286776387291,-1.893847999272094,9.8527243495418553,6.2884185481772077,1.9762757157124875,-3.1213288285163365,1.9983907902224511,3.4063456390043725,6.7325506195656111]
[null,6.0080811069844566,6.9945625428607077,2.5077375295494573,-1.6780776753209585,-8.0511069534778343,-0.70816502523868807,-6.1685427449390264,7.0538063480171669,3.6930149439746041,7.1052840020718486,2.7061320442285113,-2.7408314389427404,-10.455746244311523,-7.3274645424848215,-14.625969268010904,3.039376067887495,-1.1633596450635117,11.123215709270617,7.5012693423667081,3.0924092682255999,-2.1320434605081675,3.011732517366362,4.1626835141123468,7.5362704058018455]
[null,7.2776866931659976,8.3445725255978189,3.6318211493239181,-0.72508408799458302,-7.4672887283583806,0.14517987199541726,-5.5274394540476877,8.1605195383649196,4.7027728724831537,8.7502620109086475,4.0986470498520555,-1.7189652476488184,-10.107345857046774,-6.9867764628206892,-14.874347403477978,4.120839155542714,-0.32945863174136758,12.632892865801065,8.9213388951628847,4.3751867696778959,-1.0281391409451808,4.1865251342818421,4.9898730988219571,8.4402912225687867]
[null,8.8083315052630464,9.9710641386211165,4.9693901645492033,0.38415366840155707,-6.8375187631159502,1.0964575365781233,-4.8560391330249875,9.4550240482509658,5.8624415439026549,10.808843672747971,5.8363459530884736,-0.46219707879225591,-9.7481765093697046,-6.6393441103364914,-15.294370106494153,5.4158923328532129,0.64961283168817041,14.465770748772023,10.626132505975862,5.89105131633755,0.24144482492892183,5.5853907560923899,5.9093555982570205,9.4733939002460801]
[null,10.708088297670114,11.988166077858589,6.6124185496615659,1.7210610296188313,-6.1351509774354636,2.1838856865915131,-4.1374406021006545,11.003341510366409,7.227154832221947,13.484899869020081,8.1020754105918584,1.1632170701846183,-9.3663370018546512,-6.2798417795876986,-15.966103724357936,7.0155548876359815,1.8388527081856358,16.74708075327894,12.731903393373646,7.7411549317767809,1.7547951650676223,7.3045696770708783,6.9513423473085014,10.675339488489966]
[null,13.152959777697005,14.577183324160902,8.7124696830862902,3.4029994520402389,-5.3160696992972811,3.4651108757188411,-3.3482339031863169,12.904658142085276,8.878304033336482,17.137442464613397,11.224679665543661,3.4093321088833655,-8.9374815054659091,-5.9000552016750953,-17.030858885432764,9.0682820761611573,3.3463204144633933,19.676944675555397,15.423846025268389,10.089476827429664,3.638947705121196,9.5003479357879019,8.1579127153867113,12.101078612862409]
[null,16.448074808002094,18.04915087457897,11.532657474067671,5.6377325829352634,-4.3009236791552565,5.030615066085284,-2.4507500385603227,15.314087069623055,10.945514036672698,22.463460082292666,15.874282757376237,6.8156671712461012,-8.4042400282894789,-5.4853997131176158,-18.760988998278012,11.834782582374293,5.3642891209143118,23.591398256784075,19.018483495234175,13.21674229001443,6.1166434991867566,12.443669216755817,9.58929633679708,13.832262402007267]
[null,21.171808618204878,22.990076839216748,15.582643025071704,8.8316818413319833,-2.9286322276934103,7.0308588734217405,-1.3831111055158263,18.491197014359962,13.643134172295587,31.023467597583384,23.651488458452739,12.7848619050929,-7.5974330048895879,-5.0072643731605355,-21.757598001129189,15.817639312109032,8.2756304080965553,29.104609366958702,24.106331675990234,17.66004935958469,9.6170609988258136,16.65528215999948,11.338186086643869,15.994366371307555]
[null,28.578896238383201,30.637089418229539,21.992629389656184,13.910492178141915,-0.80934281464217206,9.7416854470739604,-3.4224320733123467E-2,22.905062101601857,17.361316330056351,47.18926218811422,39.570288897783186,26.459831757725905,-5.6555729711764915,-4.3966188655089757,-27.655019868567024,22.132221102153732,12.963555939961703,37.473048599724073,31.918310041007498,24.57658419373281,15.099078241559932,23.27592619694143,13.552006151614224,18.790347737978593]
[null,41.985078234145021,44.159932765639894,33.863410857428924,23.522415298191792,3.2907942647322193,13.725294817303517,1.826936004776333,29.501392375908779,22.889700512565934,89.571528549071203,91.551855102616841,94.123639254782347,-166.94156769108429,-3.4252007947096095,-43.010228010785696,33.846661057896924,22.049770424200403,51.731696245227781,45.553927217826867,37.030443185641765,25.225837413557024,35.37921824665294,16.485652546779114,22.573448766774728]
[null,73.978100610610241,74.80171297683728,63.949899772083725,49.611639680642348,16.586004588725004,20.339702771261756,4.7654720207261017,40.514968703694997,32.109208920254083,506.29154995257397,-689.39238390006619,-108.1093850870366,-11.796165626379659,-0.61742491827218993,-153.56908239370094,63.580497560462973,48.235904556764339,81.569960407219796,75.639194649695824,66.623817635984238,51.201936395907268,65.100452817504205,20.62015317526382,28.020260369112115]
[null,253.96299572749609,212.98583703551697,303.47951478213577,443.72168576069652,-120.39159965146838,33.928509509959049,10.650786226425813,62.795488784686334,50.854761306471168,-153.58810267441331,-81.180330143827589,-40.504457907938225,-9.9714500751690185,-15.667459455022756,67.823950703208041,302.16691395352348,1416.5301727152869,183.65467047384581,198.63750980929072,232.02067915304161,285.85078634674119,260.71934041277757,26.982208166499657,36.599639090174044]
[null,4.2736462903492658,5.203800863794779,0.6939676006807064,-3.598647889607526,-9.9473079147589782,-2.4553016585492919,-8.0700802983030009,5.6156240118622653,2.095208947512865,4.940839190374394,0.57418078513045434,-4.7589887378987097,-12.112957673950007,-8.6935180912954682,-15.698431443032929,1.3710624663603772,-2.7926108153296219,9.4291956715092304,5.6077754498303998,1.0092603265374356,-4.4235414695298907,1.1521147843136397,2.8748808388605678,6.4543486178515534]
[null,5.2862570028294122,6.278373854884995,1.6191788815493202,-2.775938228332699,-9.3725584142961793,-1.6661526347141968,-7.4110481833299424,6.5386924042621546,2.9740600254124532,6.176486361722616,1.6375574185228927,-3.9460408351647094,-11.749130697856543,-8.3351050627043275,-15.746043097335583,2.2457281515636001,-2.08820788356419,10.603680357994365,6.7501766859945693,2.0837425686843662,-3.4424593973705222,2.1167758430672898,3.6336960039382964,7.2358099019010726]
[null,6.4511255579214506,7.5161531629979459,2.6654146861791213,-1.8687476404816212,-8.7802729391956387,-0.82281967088006402,-6.7427118650700955,7.5788873507143943,3.942725915881494,7.6386357652121264,2.882852506239399,-3.0159319267554303,-11.388333531095297,-7.9778587992439363,-15.89500863080483,3.2441350388161756,-1.3028579518547156,11.973554681038701,8.059136568301339,3.2885227904743757,-2.3758895613348678,3.2095118876247337,4.4495814017993611,8.1019900914016532]
[null,7.8207167696425248,8.972344223750838,3.8774286717325235,-0.84301011950143234,-8.1576922155646745,9.6121494896093826E-2,-6.0554116181697299,8.7721586562734526,5.0316638832398759,9.4140833170544962,4.3853809326709952,-1.9168469545770603,-11.027245500884023,-7.6185267155953085,-16.180403535180854,4.4092136189481916,-0.40649284809587088,13.601576704450856,9.591844435454643,4.673307534472376,-1.1856259654310166,4.4763781652564427,5.3410290181196567,9.0761386222806113]
[null,9.4716855065703047,10.727310705618841,5.3193206084935225,0.35137424406229728,-7.4875494646463192,1.1197426711261411,-5.3363180643003121,10.167660535461431,6.2820366477987042,11.637137046661552,6.2620230611776053,-0.56408315178767898,-10.658710644426405,-7.2541324970335817,-16.656332427474254,5.8049658003051192,0.6459632098623983,15.577792960644045,11.43178305489764,6.3098212557393447,0.18324003852611484,5.9854373476814073,6.331361239158146,10.189012779858341]
[null,11.521046298135033,12.903532761896519,7.0920888460329863,1.791179232798676,-6.7410488082922715,2.2905584397298293,-4.5679385066517311,11.836683538169916,7.7528125721635872,14.528291358796718,8.7098762497068432,1.1868952454306816,-10.27313074469614,-6.8801389784668512,-17.412077792233731,7.529077262569416,1.9245279228239947,18.037633355076615,13.703883757847986,8.3073863312171294,1.8156571093501788,7.8402692122737951,7.4534042772908657,11.483113724246426]
[null,14.159249915549706,15.697355126873026,9.3573589536406381,3.6031187135121678,-5.8727085320579988,3.6689151981218333,-3.7255283937614716,13.885501970990941,9.5320030725385898,18.476846937609167,12.087660241032575,3.6104726436858039,-9.8488643540422167,-6.4894451066237453,-18.605179131455355,9.7421521625633503,3.5452056258111004,21.196491569209844,16.60949957389801,10.843368720701086,3.8487838373839707,10.209862189791407,8.7508728861164773,13.017407242373094]
[null,17.715178603258195,19.445926228700547,12.401335935283589,6.0117222061441646,-4.7978160148453837,5.3522232399578886,-2.7690482533302201,16.481845878979986,11.758918574846417,24.239657029917186,17.125807925156654,7.2961972943033571,-9.3374960365548265,-6.0687683144242701,-20.54096687080342,12.725826648337321,5.7162045352387976,25.417057451916598,20.491587702983622,14.223459961546789,6.523830640488832,13.388090564928889,10.289876592827268,14.878955796841977]
[null,22.816406577962429,24.780182897066073,16.777149059282351,9.4598543252788208,-3.3449371297447779,7.503309663833635,-1.634206939609629,19.904206432114233,14.664599014108132,33.51785336611151,25.575074941554671,13.785094743529637,-8.5893975391490418,-5.594918189721513,-23.892481221673453,17.024132511733814,8.8498340775853563,31.360113910004724,25.986796017209358,19.02909912843441,10.309023748276012,17.939995770625398,12.16796526547348,17.203527970165002]
[null,30.822230692108832,33.046081474675397,23.71075257539815,14.951504350494266,-1.1016378143453391,10.417454911444509,-0.20279623383362266,24.658432487281576,18.67101174428581,51.085863429728654,42.964474146672224,28.800872096048352,-6.8311258206510725,-5.0091114885692472,-30.505888632160634,23.845089863603906,13.904816569593942,40.384854615448127,34.428526232139077,26.521595269257418,16.252449102398899,25.10310764437979,14.543250747099917,20.206975681967734]
[null,45.334764604066685,47.675807318583324,36.584275295256219,25.389523336152823,3.2631177640005067,14.699575490367039,1.7680231402960844,31.762584356288222,24.62619990472621,97.45723027348204,100.62690481242961,106.39792994769927,-58.87048216471797,-4.1183588583618613,-47.854819381539734,36.520450828924041,23.727758946084375,55.763111026842026,49.182519595122606,40.04450933912883,27.277507877137669,38.227731819263717,17.687271154725234,24.267581579366734]
[null,80.085023493587912,80.912650562228677,69.400940240501697,53.990250247475764,17.688709794405916,21.812523467104633,4.872738867854765,43.620561181149171,34.555506460236202,578.29240470793377,-642.6861684168432,-110.14625757275252,-11.858090819753599,-1.6592485439526905,-179.27947076969497,68.833423857870145,52.263957982395524,87.954301198413205,81.810908484295609,72.359841086075207,55.862294515239128,70.626376423502464,22.110573298013769,30.105676458019218]
[null,278.71903627622208,232.21116208152395,340.68532962772247,542.4363846006114,-111.07941764325142,36.431408060366067,11.086323345032342,67.601211765389223,54.752100697386865,-162.66296176423472,-85.874606697251139,-42.722118864896046,-10.347680610380523,-13.637457719622637,72.7874535246427,335.37984034164879,2227.8349676542466,198.20831858346085,216.3138879154065,257.77649520816141,335.50867433450702,289.98032582700836,28.90634071436812,39.287105216159375]
[null,4.5534117339264535,5.5513925446248527,0.70025769107427172,-3.9263601608617575,-10.774379014308103,-2.7014176590869603,-8.7575138446619825,5.9927679999362677,2.2017529137833769,5.2720045142655341,0.5751643770938788,-5.1698849837322287,-13.10396301215944,-9.4013279664701184,-16.956478873925388,1.4341000768187473,-3.0469577199703175,10.0921942047339,5.9799731937933274,1.0266115080951237,-4.8351018730155548,1.1916994894947981,3.0381153726578356,6.8965496173014857]
[null,5.6400066290608368,6.7052703517982266,1.6928329931153632,-3.0452186990641685,-10.163424428147703,-1.8554364427281722,-8.0533644369935509,6.983795136975929,3.1447736501835801,6.5986977303905299,1.7159743349897931,-4.3006730939058126,-12.72480113389423,-9.0234032107142905,-17.021149293061043,2.3719528685300428,-2.2935520288926852,11.352606881338147,7.2069238337767736,2.1805902680155009,-3.7823965407256286,2.2269635741551617,3.8530961936703201,7.7355299346345747]
[null,6.890157756770015,8.0338756717152702,2.8152695743467455,-2.0736957792843467,-9.5346929685398436,-0.95148942342960519,-7.3399345319468559,8.0999691209974003,4.184603770021063,8.1689671339250616,3.0526003725658932,-3.3059818185985632,-12.351325870079302,-8.6477200713550779,-17.197355740156095,3.4422516718411544,-1.4540795001484847,12.822913675233817,8.6125023246911372,3.4751170499369546,-2.6382973417348525,3.399582527429216,4.7286474962016367,8.6647446772854106]
[null,8.3601075986542934,9.5971270187693101,4.1153735572136556,-0.97518277831733835,-8.8755012708223333,3.323973707558979E-2,-6.6070792349600502,9.3799564224283731,5.3528756882812081,10.076041559747148,4.6659718460509731,-2.1297617442792536,-11.980600823955484,-8.2719568814683395,-17.524369013508959,4.6912790166311531,-0.49557848308447983,14.569446768568454,10.258586916322763,4.9625740590192597,-1.361449581931603,4.7591781370246355,5.6844733637382321,9.7095152734606547]
[null,10.1314348784316,11.480970180142531,5.6625377951768634,0.30376310615712782,-8.1666823313939254,1.1297669757862414,-5.8414409763264983,10.876848190244729,6.6940032479111125,12.464902872412692,6.6821023061059739,-0.68178830088740805,-11.607976715320044,-7.8934651068198338,-18.062024762907157,6.1876220002636915,0.62971355080122349,16.689678815207031,12.234419906265831,6.7202146216037661,0.10700963493594259,6.3785399090947683,6.7458880798294745,10.902175452832511]
[null,12.331594309553656,13.817259310038331,7.564357115089698,1.8464190342414577,-7.3792342070733721,2.3826799203775892,-5.0247511835531897,12.666855079850837,8.2711943415870763,15.573166183643792,9.3141962352609458,1.1952513668636455,-11.225128477101334,-7.5080113203232663,-18.909839238369738,8.0364168584284652,1.9967069519014906,19.32856483321531,14.674774202549886,8.8667989540544294,1.8588114619971006,8.3695324759034246,7.9471256323258519,12.28825517950265]
[null,15.163799661197539,16.817779740981177,9.9963889138696231,3.7884464871151646,-6.4643849140280167,3.8581073211641281,-4.1308229298927959,14.864141116328147,10.178929008285056,19.820756167674055,12.949932773319157,3.797414364909252,-10.816301507816371,-7.1103466668823669,-20.242812026930913,10.410473961419779,3.7302876952479322,22.717665453721452,17.796255389662917,11.592328026264783,4.0414761089723505,10.914295969817548,9.3361906366056271,13.930550426048669]
[null,18.983167697351352,20.843869139686618,13.266637383117578,6.3726814372799376,-5.3339590113706814,5.6588687492066079,-3.1184720314649779,17.646832165892359,12.566303432499888,26.028235874940236,18.384310131379198,7.7657715055167165,-10.344534708214072,-6.6909621929612246,-22.40078919326486,13.611898590232665,6.0531464271242372,27.244712798755568,21.96682960999776,15.227512969914445,6.9162659071587065,14.329082602887645,10.981822049759787,15.923407907777083]
[null,24.465092562210636,26.57683248442747,17.97025308428066,10.076105402171477,-3.8089139179955591,7.9594941668248795,-1.9194854287389391,21.315155399807114,15.680487934509204,36.037390049686479,27.525500032779405,14.789113786172505,-9.6932504345706221,-6.2310313216313276,-26.140169035553996,18.227963002212871,9.4090664316674548,33.62156374139645,27.872539214502652,20.400563785599068,10.990671036067861,19.224275924867133,12.987914948043365,18.408214101848127]
[null,33.076628137951559,35.465269333440283,25.435548772522889,15.987526535474553,-1.4510423393267056,11.075557111880221,-0.41174452383379889,26.410112152581959,19.974025981060588,55.047761859626732,46.44577329180197,31.224643841095233,-8.2459871145456507,-5.6889198134933832,-33.536258561883194,25.558793112924079,14.831818444032487,43.302879765349495,36.954271692581599,28.478872254914187,17.40408442970779,26.938367840492276,15.522378766926833,21.617637993109497]
[null,48.712859038351645,51.2187387552991,39.332871738619296,27.269797928638738,3.1586213789382644,15.655124230413499,1.6591543304649654,34.020557952442182,26.355680801626672,105.58913733304584,110.27674327696401,120.55303388031574,-31.828256866923994,-4.9208755527784023,-53.109159220944804,39.210611220845621,25.402770770229047,59.804201299599079,52.84167499334054,43.099755537321599,29.359823734828328,41.108207467531514,18.873512993968703,25.951826164715609]
[null,86.289985756843166,87.102349486175726,74.982991828898037,58.518593014431836,18.733548508999689,23.260588045087111,4.9160144672908217,46.721151458965117,36.996998521880144,663.14921038103591,-601.10188004022211,-111.45591326049049,-11.790654190503727,-2.9789875515571058,-210.24002106123172,74.169983748752557,56.369416529450376,94.356249812117611,88.064233401992084,78.249665959222142,60.717953852226991,76.284060274820135,23.579745579169671,32.175665360022286]
[null,304.90308535324095,252.15287376507331,382.62801624476577,681.27423625264635,-102.28861966327818,38.905793031118066,11.426949947673988,72.393113842944629,58.641634994619849,-171.21681358529526,-90.276579676391449,-44.770739528197595,-10.650617666435755,-11.194292655108375,77.756916005058571,371.55155707577495,4767.4134030229816,212.80756052749652,234.57461442841097,285.98567421457801,398.53753150797411,322.19616117007627,30.793394318348131,41.945489500632355]
[null,4.8277121122655595,5.894154965969939,0.6975212463167787,-4.2691232279333988,-11.626370735884271,-2.9627883204744929,-9.468915528702901,6.3650225620096119,2.2988290720259705,5.5987585156288997,0.56754084512303049,-5.5962446757459512,-14.122254877517255,-10.12768879542622,-18.243953807284438,1.4901198841844403,-3.3130274378992404,10.753521784921613,6.345689097578572,1.0323276904774594,-5.2672542764649046,1.2222929222129804,3.192447044773147,7.3348293780457849]
[null,5.9887739820021997,7.1274224139744877,1.7573538738797145,-3.3300249700244557,-10.980748032234768,-2.0596203814781853,-8.7201670397949282,7.4241193049028427,3.3070795430258966,7.0168993280170424,1.7862624910662532,-4.6709530166336286,-13.730096582530994,-9.731586128003773,-18.328652607810042,2.491214149741801,-2.5109874006338453,12.100347999330442,7.6583469731793876,2.2667931237364809,-4.1430122845975008,2.3284990192612258,4.0639395544299406,8.2315232399667977]
[null,7.3246355284854818,8.5473539726291587,2.956338809677757,-2.2942316687818334,-10.317311192233262,-1.0950454293413256,-7.9624779696026904,8.616820899367573,4.4178879604266408,8.6960429610600833,3.2148729909350804,-3.6121830479926573,-13.347096000952426,-9.3394008647949196,-18.536161268605753,3.6333646621568367,-1.6174975653121482,13.671087322211456,9.1615396219535263,3.6511232033312151,-2.9208084307683122,3.580984107586151,4.9992097108835409,9.2243640985871078]
[null,8.8949740970096407,10.218475851803195,4.3447546217856567,-1.1232034567567184,-9.6227201213349538,-4.4821920165441696E-2,-7.1850307155736939,9.9841526125734426,5.6657235776911055,10.735706285612748,4.9392275342325362,-2.3595608395340935,-12.971023680856865,-8.94918208822134,-18.909567906100719,4.9663997013399408,-0.59748970963924475,15.537113477533802,10.921821117410744,5.2419922270040038,-1.5575717947182806,5.0338556458075479,6.020136694149147,10.339841470965979]
[null,10.788180666327401,12.232111184221267,5.9973987390764316,0.24025239037191815,-8.8777438591158013,1.1242286984165233,-6.3739928169319935,11.58302427793725,7.0982537213511705,13.291930518645268,7.0963194852655649,-0.81640694336507247,-12.599102876142927,-8.5589026912325572,-19.515291495362124,6.5636237694642929,0.59989747260951698,17.801558839564532,13.034324239469889,7.122046841099853,1.1428392734902487E-2,6.7641927381293305,7.1529180038323279,11.612637315698375]
[null,13.139142253642781,14.729960592699452,8.0296688634951785,1.8855733654877123,-8.0517917927763332,2.4595042544781345,-5.5104752650822064,13.494109265604809,8.7819767758456972,16.619673016029388,9.9143036075849942,1.1863942328979959,-12.227331716345494,-8.1660214874859367,-20.463724420366834,8.5373310582850461,2.0550604176505032,20.620260146750049,15.644111514864692,9.4185214356611464,1.8823051708460738,8.8921494198312523,8.4334669443522685,13.090425135322899]
[null,16.167091435753154,17.93778047888884,10.629244467156212,3.9578833891289378,-7.0947926395039564,4.0310100891620042,-4.5669935423269417,15.839408806554253,10.818815168369172,21.170594850733711,13.813194239711279,3.9683803088078302,-11.845528760574624,-7.7665504572363391,-21.9491823944694,11.072928561007011,3.9003872545481473,24.239177788277406,18.982285593622333,12.335940858079468,4.216256354724317,11.612915088126872,9.9135789401962686,14.841082887311364]
[null,20.251564142612281,22.244199119863424,14.126788743207239,6.7172456608359026,-5.9149336769844654,5.9486318603575983,-3.5015703282906987,18.80963504018947,13.366463526644219,27.828214252411758,19.65022596148733,8.2247064309730789,-11.432994040046642,-7.355483132506091,-24.350974927473203,14.49393983506182,6.3746440013756773,29.075364796773226,23.444150326981084,16.229325295682319,7.2922768673225251,15.267266574952922,11.664264865358678,16.963821529180063]
[null,26.1181826206154,28.37994037298456,19.162455581842185,10.677790946112744,-4.3251560154793554,8.3981963285248593,-2.242438815430766,22.723849052867564,16.690301100407108,38.58568683881002,29.502843679338152,15.798901557762843,-10.924331057887068,-6.9221009885464584,-28.51245565800998,19.428149709188094,9.9524693242609246,35.886143198711174,29.765388408540957,21.775444234910562,11.659133908291999,20.508935316022388,13.797519037847975,19.608501480238051]
[null,35.342813514183213,37.898796192025983,27.166849250624615,17.016004851768638,-1.8658798285470668,11.71474968584708,-0.66367748352432554,28.159660549758787,21.270798588074932,59.081487581148174,50.026897095560919,33.746014120532791,-9.9531163290581635,-6.4425740711593704,-36.770391948238547,27.276831842396007,15.743321240685059,46.226626999134076,39.492936398167849,30.451572150534496,18.552565242196351,28.784172503454343,16.489901373251712,23.020826951767948]
[null,52.122166678761069,54.79109176431335,42.113161436508243,29.166744428985456,2.9690487598463631,16.588004438183418,1.498230278985724,36.277458504160371,28.078515310412413,114.00939631055185,120.60196883178909,137.17016752385226,-19.056808720075448,-5.8456290846170651,-58.82865768347677,41.918833443517435,27.069571204353537,63.855381531345394,56.530145078287376,46.19965917804754,31.472083679540251,44.022302029321679,20.043254026728359,27.625840730563084]
[null,92.605243444962738,93.382475224582308,80.712586729562062,63.222331011401955,19.714647394184201,24.684251073375904,4.8890838107663219,49.819690497143718,39.431542584461191,764.91700501137723,-564.00700046756094,-112.12208829887531,-11.603998109850954,-4.6349932283874233,-248.23899500311245,79.597034727749076,60.561669884699313,100.77693843684892,94.406502375357462,84.313058840128107,65.800711762209602,82.083452886150567,25.025145421810283,34.228792287647018]
[null,332.69645578690461,272.87790832985348,430.45002879501942,893.95200207887922,-94.063100313659632,41.350634640090632,11.658902947945233,77.176044531490035,62.522974733635429,-179.25995241004443,-94.379926427327916,-46.644929533605037,-10.878732222810221,-8.379315851611647,82.748656353544462,411.33772738221256,-61862.538346014888,227.47393192503628,253.45944763214942,317.15772527577542,482.05599034002108,357.86879993192412,32.641975680599465,44.572385754860619]
[null,5.096129095092981,6.2316018848937684,0.68468328139390044,-4.6286133413049289,-12.505554162872508,-3.2406944500222252,-10.206328649116207,6.7316023800043618,2.3859651012637242,5.9203575494064218,0.55078757519626254,-6.0388282445527288,-15.170160931883803,-10.874117604230104,-19.563098124522476,1.5381339584928855,-3.5916740218953511,11.412026487119983,6.7050160772310266,1.0250500104840692,-5.7220781221124488,1.2432924359922159,3.3366758496843616,7.7688729997865851]
[null,6.3322126537991181,7.5446751840084376,1.8125372561524546,-3.6313896408979551,-11.826475861819524,-2.2804149363892305,-9.4136007494184835,7.8593809728522617,3.459637357359032,7.4310059279335734,1.8476781473795159,-5.0581886941000116,-14.767958557179862,-10.461477269044263,-19.67143855278724,2.602313098226511,-2.7414646319631601,12.845612500841355,8.1038664572175669,2.3408460332832797,-4.5258627477283966,2.4204144682504949,4.2649666749613537,8.7238392703425944]
[null,7.7538644496538938,9.0569362151053046,3.0877088079019774,-2.5314224287987992,-11.129987140208303,-1.2552507940169801,-8.612405703136643,9.1292069373400384,4.6421433420034797,9.2194541721868024,3.3685308060189447,-3.9359568856296092,-14.378508133001285,-10.054532321850386,-19.914439706997229,3.8164894309494901,-1.7941645570636011,14.517945350612402,9.7053827631328815,3.8158500886507687,-3.2256071065689662,3.7536060522424211,5.261140282640719,9.7805923609820731]
[null,9.4255049565372904,10.836040176930444,4.5650390497532589,-1.2880818470124091,-10.40215993069666,-0.13965159916307471,-7.7911878075851622,10.584261095514986,5.9697685058459351,11.393352042977586,5.2050700202929576,-2.6075879872004446,-14.001673185069363,-9.6520825323341306,-20.33933173364488,5.2335716336901861,-0.71358472583691646,16.503825580572101,11.58045656785251,5.510760870385635,-1.7749581030333212,5.2997344117453258,6.3466665253135872,10.966847208106962]
[null,11.440760763024151,12.980551096309693,6.3238611984356288,0.16013212524020412,-9.6234543418092855,1.101813794184243,-6.9362085324555913,12.285256276794399,7.4936404996190271,14.11784521678587,7.5041461905410802,-0.96941284439346975,-13.637031288193727,-9.2531188941905338,-21.020200991102374,6.9322139388277959,0.55560592845743506,18.913270298816808,13.831130091260132,7.5143917867438095,-0.10628874011384243,7.1418455638429164,7.5506926240980077,12.319898168999323]
[null,13.943904377539635,15.640640095277371,8.4868967957294359,1.907443384398984,-8.762503702664926,2.519135037511627,-6.0276383755616436,14.317867352834925,9.2844998459481136,17.667730335643618,10.510255480693507,1.1588872199324129,-13.284383200401052,-8.8566281667453577,-22.078977653534722,9.0314729591059244,2.0976197043313696,21.912639052514322,16.611583926817787,9.9624349183870518,1.8856348562484271,9.4084345404372272,8.9114300448219712,13.889906617896035]
[null,17.168485977605492,19.057682912676519,11.254946168807685,4.1102322373234763,-7.7682077594584129,4.1862353848316864,-5.0370818469897989,16.811972536993153,11.450623304043695,22.526849625317151,14.675910830103513,4.122134159510459,-12.943345549452751,-8.4610482703838734,-23.73139950923208,11.728381007761108,4.0544459488072446,25.763509720941428,20.168643534126339,13.073740231879096,4.3707557143495066,12.307011033244395,10.481314717237478,15.748780822794208]
[null,21.520937973487854,23.647034649389717,14.981611126359534,7.0457848081616117,-6.5450345427067216,6.2205470325049026,-3.9210784509472392,19.970018640663262,14.159157367760868,29.64307626079847,20.926061928456235,8.6703467049336655,-12.615096585396929,-8.0658918998009543,-26.398731100601257,15.36971396286185,6.6787317184699315,30.908085805104484,24.924183498158605,17.228367610078223,7.6507316197648576,16.202134136355831,12.33731065190195,18.000298093462213]
[null,27.776027215264161,30.188695941245825,20.354496727901921,11.265020851358308,-4.8994155393159007,8.817488667835887,-2.6072924609095041,24.130838041974908,17.692081039459381,41.164194415110515,31.512583713417126,16.814719978961481,-12.302673623805463,-7.671647955655386,-31.023643774184361,20.625719548978839,10.477707164056488,38.154837102260991,31.665055926812453,23.154397773303419,12.314984807092031,21.796269533352486,14.596479772463645,20.804127076928005]
[null,37.621378376028716,40.344699288199841,28.907212327031822,18.036069734916037,-2.3532911435982973,12.333013757218323,-0.96494215758840018,29.906706968041107,22.560217162728438,63.193594774699243,53.720240583780331,36.381958513767401,-12.02572204271355,-7.280597185118725,-40.229960098660861,28.995168348441531,16.636749016994102,49.15877367255932,42.045853663010483,32.439218870560794,19.700109472936621,30.639532602106094,17.443409032370987,24.417891717987096]
[null,55.56491186864487,58.397323990281357,44.926350351461402,31.080499882289605,2.6810957843314891,17.498485074230121,1.2780365158135281,38.530442972429654,29.794978664358187,122.7410944509582,131.7281752922336,157.12995754609827,-11.311569251010644,-6.9085486837657566,-65.074440666852283,44.643654181604383,28.729572701597398,67.917036148749531,60.254808325243118,49.347626992386239,33.622290406336482,46.972554181111228,21.195714699413951,29.289743688694465]
[null,99.039670838702378,99.756456347033776,86.606952917124431,68.116791360713307,20.609874875278273,26.07988506045438,4.7840308513489589,52.911029815586183,41.859009589461202,890.22163812839653,-530.65102820189475,-112.21796208199201,-11.299745999574741,-6.6824779263894021,-295.8319081231104,85.129186702470705,64.849116114932272,107.21959977238602,100.84702706637478,90.568151968672993,71.150941897852206,88.044080108187927,26.446420976948698,36.262143718484218]
[null,362.3924608791184,294.4748783459051,485.80879376468948,1264.7100973598051,-86.291542601215468,43.759436415174541,11.770750191666592,81.941896530875951,66.393416990899638,-186.77970526883286,-98.185189474915347,-48.34824151611965,-11.030323938490753,-5.2244580384423864,87.786227978052722,455.35844281373039,-4334.3700043924327,242.17025674563413,273.0636136850207,351.99454501242587,599.0691996278058,397.84293921860279,34.449185761479519,47.16418670134663]
[null,5.3583358966989838,6.5631406220775208,0.66138548299283662,-5.0056648814694569,-13.414218608525934,-3.5361758479664762,-10.971593544163209,7.0925657626474745,2.4623610047105702,6.2368619746447722,0.52422244408219909,-6.4990664997861582,-16.25007610077212,-11.642136138934774,-20.916455578491995,1.5774181036295549,-3.8840515465065057,12.068251404063977,7.05712873187246,1.0042239970223017,-6.2010963118135916,1.2534977252467199,3.4706161328405147,8.1985051517661489]
[null,6.6695846845870523,7.9566210574014793,1.8569960164960517,-3.9504942347210306,-12.703178199090587,-2.5187412968046656,-10.135630616064706,8.2893953722483591,3.6014935231688976,7.8405608595288632,1.8994464568038032,-5.463846548937803,-15.840854090862011,-11.214646240203525,-21.05210489724767,2.7048728323582782,-2.9860593947171759,13.589530815030621,8.5428371143139898,2.4016574637106474,-4.9326542846631991,2.5020975708096946,4.4561944533977442,9.2121752891615607]
[null,8.1779304574939982,9.5616239611331686,3.2094021548326328,-2.787134762444365,-11.975325339500886,-1.4331120158690738,-9.2915808188603446,9.6363042320500227,4.8559868036705502,9.7395185487148908,3.5130465792496688,-4.2784552628462036,-15.449110133237397,-10.794828621743067,-21.33501551769432,3.9914390401894648,-1.9857987234147643,15.363196776793854,10.243409374632563,3.9680366819969417,-3.5540553616455375,3.9162818574402078,5.512796198681885,10.333224223783262]
[null,9.9512381858412962,11.449669882166187,4.7756146680941391,-1.4714115899483298,-11.216826264527207,-0.25213252761229538,-8.4281872207938022,11.180005203156792,6.2642921920179715,12.048183459904205,5.4628478845820361,-2.874965796803608,-15.076656791638444,-10.38291042194996,-21.817592987500273,5.4930072735835891,-0.84451327190605052,17.469726374706553,12.234855322339145,5.7685061753941946,-2.016328187234341,5.5563185796618004,6.6642281061436934,11.590891559641896]
[null,12.089629511265088,13.725471757423445,6.640812238176494,6.083827156067674E-2,-10.407242387621382,1.0616359722981765,-7.5305795313216244,12.98349985679009,7.8798575897109977,14.944030185683086,7.9051019430588152,-1.1424067185041247,-14.725654919489676,-9.9784733437959439,-22.581418683976768,7.2928284716487557,0.49548253538869852,20.025249417646155,14.624788091048957,7.8967743646524085,-0.24685863638128885,7.5111706381979859,7.9395875500493176,13.024089118127323]
[null,14.745607943926927,16.549574695890506,8.9353264078031582,1.9106697113398914,-9.5153491275201851,2.5603708814062616,-6.5788201994593711,15.138276134007009,9.7787783607263403,18.718342143722086,11.102618867952076,1.111499456520167,-14.402665668317781,-9.5824741089429359,-23.761159118229141,9.5177109017147519,2.1237952618835139,23.205862082353384,17.577007413410652,10.497701393051383,1.8657733267000824,9.9162825426890908,9.3796021078120528,14.686900632625496]
[null,18.168758921338934,20.1774705250407,11.873372539913312,4.2431851462274457,-8.4880729701256357,4.3230539179385064,-5.5440394980839063,17.781231261208742,12.073774102563998,23.889391342918696,15.53860329284972,4.2567463264520518,-14.118098523713289,-9.1972356419317656,-25.596348740500744,12.377290552533651,4.1905328745981008,27.289441278104775,21.355207913664508,13.804864954615896,4.503340688355137,12.993856217887451,11.039438855572897,16.653205699250272]
[null,22.790688752104593,25.052199559939027,15.832215827185987,7.3553978609175443,-7.2283925240617668,6.4723737806929726,-4.3812793720155714,21.127487380196229,14.943251964634067,31.473371478775043,22.211786996082488,9.1023635670382905,-13.902390667731197,-8.8273507489765635,-28.554491286108835,16.24013382919161,6.9641811371144078,32.744257352693538,26.407716622474119,18.224802662057265,7.9890700293161734,17.132913644083054,13.000044263772887,19.033260157180059]
[null,29.438419955796871,32.004294800233922,21.54462171075922,11.836525651291545,-5.5378960996381874,9.2158046449966822,-3.016932356727601,25.534976886809609,18.686128098600356,43.776244826143895,33.556976782450782,17.837151721620355,-13.851235243090315,-8.4858523398958887,-33.686552346948389,21.819986491847342,10.983115555669816,40.428585977453189,33.573371682041611,24.535728245734258,12.955041429925545,23.083040436881927,15.383185042490181,21.994538899776948]
[null,39.913644411103576,42.807733789561105,30.655416670056269,19.046385844323353,-2.9219558290612846,12.92871534035619,-1.3175080456369752,31.651864709904206,23.841916835688011,67.391633415648343,57.539963387817018,39.146859024893281,-14.563987325837843,-8.2089713565625555,-43.939739784541985,30.717183934485266,17.513158268767071,52.096872684720935,44.617139063088388,34.445453579757739,20.845452381547538,32.506054419375722,18.382492712163696,25.808372394666819]
[null,59.041802321159118,62.037875033355355,47.777175792814546,33.014263009914259,2.2806486891815894,18.382736422309062,0.99219121589459014,40.781859200899753,31.504839074280646,131.82431794659081,143.7884791345578,181.78012954764958,-5.9456887553724531,-8.1255390814609516,-71.922947148139102,47.392900134830661,30.38087788921661,71.989650668656296,64.016415935395159,52.552890137285843,35.815539127048659,49.965512664442912,22.329019515281676,30.941371879349088]
[null,105.60440618498384,106.23769669303508,92.682118034308289,73.244003328517564,21.40221882558026,27.446081821367422,4.5927907519820126,55.998884671498445,44.276618221019007,1048.8226168518506,-500.49187479634224,-111.80694058075719,-10.885756017999508,-9.1842388183819441,-356.90404688606799,90.775214723691661,69.240094126269184,113.67587929285811,107.39035904828536,97.046296266289986,76.810701440359637,94.182521512583818,27.839223120146269,38.278056538020863]
[null,394.20920151140297,317.00641750038318,551.02626043242435,2085.4244068321418,-78.961969647936371,46.125191320581479,11.747736642444879,86.691731242155285,70.253108784631323,-193.79141378321964,-101.68656219018632,-49.87695055732604,-11.103770280011512,-1.739383109108805,92.887380691399983,504.59149850009391,-2290.3644820744089,256.87939546749737,293.44705415618978,391.35990842076296,776.86329593290429,443.06163970675749,36.212377296821302,49.718034845991042]
[null,5.6136758930762705,6.8882674820402876,0.62642849507189424,-5.4018210401818116,-14.354407722920897,-3.8509641818237856,-11.766997396432352,7.4467554103059816,2.5269947241923458,6.5479464799619107,0.48689024810031278,-6.9784432084095496,-17.364526311509959,-12.433304489414995,-22.30659609428913,1.6078508958499704,-4.1908088014322393,12.721534320835927,7.401697345528639,0.96850918852753587,-6.706411122340894,1.2523785706409192,3.5928277250265084,8.6231371886423691]
[null,7.0009286798188031,8.3627921064639903,1.8904256148108092,-4.2887679804351153,-13.613288656559185,-2.7762138822611289,-10.888544052587726,8.71321406070515,3.7324504000156091,8.2451531710434587,1.9415284874537611,-5.8892995101442542,-16.951644357235399,-11.992413119339517,-22.473571633494121,2.7983443502123553,-3.2454389261171461,14.331362082284253,8.9750510361136477,2.4486622678430132,-5.3654794499496861,2.572946700087908,4.6365012360635287,9.6965437555520246]
[null,8.5960886257695321,10.061132971143495,3.3199301356280979,-3.0617540126740677,-12.856159307913956,-1.630064894246724,-10.002685797704718,10.138695576400595,5.0591561191973415,10.255633809944275,3.6481500920185623,-4.6417262810327387,-16.561894304860942,-11.562473959178185,-22.80156349489728,4.1573064825441417,-2.1930452058575214,16.207303678679324,10.776010775517022,4.1072689384078016,-3.9085731756570539,4.0683565980790535,5.7544838780633061,10.882387606402087]
[null,10.472065568209576,12.059239850183006,4.9759644797757527,-1.6743941787383743,-12.069282099405978,-0.38365783170335449,-9.0981333469036105,11.770935009777393,6.5486077768837134,12.700666486617131,5.7121194168497116,-3.163763274078232,-16.19909655438212,-11.14371029855646,-23.348151045517714,5.743658318785366,-0.99168921276795752,18.434808522096041,12.884127554207806,6.0138277497679953,-2.2830847748042036,5.8029892156942005,6.9712330732958545,12.211809131028989]
[null,12.734072976508982,14.467789993662803,6.9481129763669323,-5.8078129347319124E-2,-11.232121547269315,1.0019219798491168,-8.1597707594086213,13.677450435478043,8.2566095144198393,15.768892519239982,8.2989751700860044,-1.3374838613388107,-15.870086176336649,-10.73738229187992,-24.203670564478696,7.6447087854630436,0.41821164138354144,21.136935092871852,15.414065986949517,8.2677992038094317,-0.41280962088682527,7.8707193020853214,8.3182456097254764,13.725945450366289]
[null,15.544315124609643,17.456593163417892,9.3753308848254022,1.8932558364299392,-10.313003919709892,2.5820224609507072,-7.1667477939870956,15.954705112940541,10.263030819609362,19.770216289538631,11.689565946742187,1.0417410289856348,-15.587358982818964,-10.34687358135616,-25.516049421370425,9.9957548448603024,2.1317505412375519,24.499703596225739,18.540597099184616,11.023521032941082,1.8211889467371187,10.416095666713019,9.8373461907629007,15.480668770007123]
[null,19.167510638949583,21.297384781812195,12.483863968078332,4.3560962158106715,-9.2588040068075923,4.4395717398162269,-6.0906631191034162,18.747532198510811,12.687470602343899,25.258663665466607,16.402664510542305,4.3701103661203851,-15.377180798099447,-9.9776611462156914,-27.551266368948806,13.018855406775268,4.3075749233075262,28.816920798280805,22.54177579570986,14.529022171058378,4.612534139764108,13.674291094709961,11.587240977468404,17.554688485214829]
[null,24.061615989400046,26.459826374275924,16.675893170503041,7.6456369904613926,-7.9710728036764813,6.7035654888742942,-4.8850837618322211,22.282125086039585,15.719359195033938,33.31978522217198,23.508923208120624,9.5187244861821547,-15.30664499458212,-9.6432369199510042,-30.827321138179361,17.103890931235853,7.2286697630015126,34.584356581006844,27.894961004785905,19.218128783108874,8.305783475457897,18.060270026809,13.651952791292318,20.062976900938363]
[null,31.106152071581121,33.827556437099304,22.733030961645685,12.390246850095792,-6.2472558141417887,9.5910434057683762,-3.4763967664628175,26.936551348861432,19.671036747332412,46.425722059106377,35.641931519476692,18.867686913562203,-15.598160749259256,-9.3711411395987909,-36.51691008667499,23.010986950845332,11.46715393123603,42.707802101947479,35.489480568559749,25.922886051558883,13.579629779788277,24.372294333721783,16.158086681891611,23.180744691014961]
[null,42.220370162305358,45.286757745989107,32.412823506266449,20.047503871622496,-3.5814523642574732,13.499377844765304,-1.7286242502219646,33.393968266344686,25.11530625217744,71.684071258933642,61.501191415082019,42.062785431852433,-17.700252207289193,-9.2384579424812134,-47.929895420721181,32.440947368906571,18.367662045986439,55.041742007984858,47.206444163250275,36.470261590843656,21.988328599292934,34.385504036584308,19.30711873180006,27.19156966229092]
[null,62.560073928124119,65.714131341010543,50.666923495117807,34.969324581398489,1.7545835679324402,19.239158699500226,0.63642929887295985,43.029602644226451,33.205248188548133,141.30864315104458,156.97380861297003,213.24872108925402,-1.8708111191290804,-9.5147094175034255,-79.453438553404126,50.16029095851561,32.022552830990108,76.072334547845486,67.816532029622792,55.81904841180571,38.054634482951492,53.002992202770152,23.442559096946784,32.582102338700103]
[null,112.3115164267808,112.82820993122877,98.96877043556897,78.625638613972797,22.065881305328631,28.776394299749683,4.3065839022268131,59.077791177426938,46.685368989367383,1258.3065000663828,-473.01506311255901,-110.9578574486608,-10.36931424830626,-12.224481166379634,-437.74682392420112,96.538210227172385,73.752275720242324,120.14287493815655,114.04893784109306,103.76577167738947,82.835800863006327,100.51835119706577,29.203104343585366,40.272488468787472]
[null,428.55812990338768,340.60311029922872,629.5943437726097,5501.5512417005539,-72.040356034503574,48.449565723664861,11.579873353122114,91.41837034068395,74.096827561744789,-200.28378183945318,-104.89217738919531,-51.230747625141952,-11.104347253926317,2.0505987444659333,98.082720221667643,560.33610531874444,-1569.8034555943616,271.57710251607784,314.69279629436642,436.33733382757043,1082.1798093622319,495.01956444371757,37.926940206729476,52.231416788181264]
[null,5.862052469021453,7.2066335139564561,0.57933730871302447,-5.8182475068524706,-15.328728718005715,-4.1862063785406525,-12.594849994065427,7.7945458242793055,2.5791689698562807,6.8528964742246572,0.43848749785755309,-7.4782341552098561,-18.516095867899299,-13.249166089027582,-23.735997272935553,1.6284346311281122,-4.5130485507773095,13.372308749320572,7.7377579002438637,0.91701017656829098,-7.2398794172785985,1.2393056534370164,3.7026631794806053,9.0432795696896999]
[null,7.3254194780975244,8.7631333751264915,1.9119666302080758,-4.6479462151476225,-14.559142442557633,-3.0542407589766318,-11.674572741854599,9.1313006290102301,3.8513425465697848,8.6445987792232675,1.9722477847695998,-6.3358767499978459,-18.103459823288329,-12.797064722066837,-23.938846522272542,2.8825054533750656,-3.5210898740381191,15.070792103868873,9.3999175243601751,2.4804105575974669,-5.8262100532216152,2.6316720148816724,4.8047619284491754,10.176418757445713]
[null,9.0084341027191659,10.555637573109099,3.4188655199220706,-3.357499332592996,-13.775176228751372,-1.8476048687694429,-10.748212881698977,10.634987085583484,5.251231126717431,10.767648868817307,3.7729211976185759,-5.0267659275061742,-17.72052972129018,-12.359113790481475,-24.317447220053413,4.3137497717565623,-2.4164119505085879,17.049881839671123,11.302011665083196,4.2324288318420873,-4.2907047731559151,4.209264408735919,5.9846137835414854,11.427933190254544]
[null,10.987386199483659,12.664093080126701,5.1647473253058838,-1.8987770031243851,-12.962687338375289,-0.53599325677830445,-9.803790991383794,12.356474516924147,6.8219037110017142,13.350371660645337,5.9515619128495549,-3.475139112381278,-17.373786153237322,-11.936659765286777,-24.935151802255021,5.9846245357291057,-1.1565143633169042,19.399300830586878,13.528653917051397,6.2461704259629984,-2.5776487501022998,6.0390795117139966,7.2672058416003891,12.829497666737359]
[null,13.373559872080959,15.206479952273524,7.2445137339310435,-0.19903201781029067,-12.101621351121477,0.92125536519478357,-8.8262780310713289,14.366739928580989,8.6224867634848241,16.593036456936442,8.6847909816683693,-1.5561514328627932,-17.074818932465519,-11.532514836825801,-25.891159405671381,7.9875092748016874,0.32237112329870149,22.249416630031892,16.200287862338413,8.6275737618076445,-0.60607581099286711,8.2207048939121456,8.6861140628515283,14.424309709244278]
[null,16.33972529268987,18.361474586398604,9.8045657302853062,1.853920764918825,-11.159874882376981,2.5820747770362984,-7.7949533888462792,16.767533586702346,10.737084956149982,20.825878164575801,12.272241242260899,0.94869219899916757,-16.84536092293396,-11.152563702024429,-27.350004181687339,10.465135203566804,2.1202502992570089,25.795484922798181,19.502252102268006,11.539525302973423,1.7494167509998475,10.90666547943097,10.284811304916628,16.271883042640805]
[null,20.16422955544116,22.417269864590772,13.086245102678481,4.4468617809220499,-10.084553965337236,4.5336881633680672,-6.6799728787187984,19.710116047126533,13.292258276913437,26.636123538907096,17.267202654073273,4.4611838919726194,-16.730566270872817,-10.807602540241914,-29.604064690349233,13.651608743119885,4.4035485366704537,30.347176842803204,23.728779173618658,15.246064910213969,4.6957101855435113,14.34752220158229,12.124480804353146,18.45354428271272]
[null,25.333474255154261,27.871141428924336,17.514279219190648,7.9140326103914997,-8.7777091181613649,6.910822262922462,-5.4367132739791595,23.434112879605394,16.485320743631448,35.18411117275167,24.817916634473011,9.918357685480732,-16.844517306967209,-10.519330799824067,-33.229120728780522,17.960840394060583,7.4717512250420315,36.427498321973118,29.385065102637977,20.208901706209335,8.5991356018479159,18.982623216917411,14.291161802339515,21.089221227573891]
[null,32.779937293415664,35.658932258125063,23.920242133208944,12.924159048597597,-7.0355479959217258,9.9429642069248878,-3.9893058605463576,28.335792577808725,20.648603252442697,49.11474100960794,37.768146270289336,19.907029411056566,-17.576093392592316,-10.334364900652066,-39.531537596007269,24.197854103788359,11.927949767117882,44.991588566956992,37.414754081161796,27.314034082602316,14.185736090546442,25.661806040211182,16.919011516400204,24.362331765144514]
[null,44.543122962556517,47.782436268041778,34.180095701014075,21.037309929530913,-4.3424593955126598,14.043600788987234,-2.2027777683769361,35.134448162862704,26.380533898461138,76.081671212960927,65.621496104684169,45.158365114412192,-21.620885543526803,-10.378451552912974,-52.228973937011453,34.168330991193393,19.198287661885214,57.994362909258484,49.814643724836586,38.518023674657883,23.129549635065171,36.279997013243708,20.214715359119438,28.567482312869561]
[null,66.120797194097065,69.432726486716462,53.602833528440556,36.948851696542519,1.0785443174477169,20.064333514051384,0.20322622611962882,45.27323193861681,34.896205023981985,151.23161541463929,171.50294773956756,255.16863620998797,1.4100984628338162,-11.095577255026678,-87.765602279117161,52.951435912126591,33.652885232574455,80.164162099129157,71.660294968703909,59.15230473217958,40.347239045903436,56.088826264563203,24.534682578494142,34.210462504142214]
[null,119.17126836896546,119.5438920058961,105.47535552775264,84.312564187048082,22.561297147118736,30.072602812192017,3.9151207709675235,62.150480629971632,49.083930382785596,1547.2362161540129,-448.03498900970158,-109.72853587687179,-9.7567145252576406,-15.90525711033508,-548.98969281811981,102.43207951254202,78.39244397033616,126.62317492638738,120.82469364389891,110.76206752768262,89.286566853960764,107.07221639623756,30.535532518255756,42.245873574577452]
[null,465.82767609950889,365.34463418348651,726.28365729017082,-9473.3484275423743,-65.477243583168743,50.721627649098451,11.246164158416038,96.11975887661329,77.921861160313853,-206.27796561694558,-107.79960835139258,-52.413243574015539,-11.027853562898956,6.1265937770024781,103.39491236220287,623.97107682781302,-1201.5118187271978,286.25865206837631,336.85118083141646,488.56279487352299,1737.3032704385821,555.54663157052471,39.592116497831718,54.703235462792144]
[null,-4.5345495129462083,-2.4928437167837276,-4.0522151626394338,-3.10101102463998,-3.7186838282221424,-2.3604548107345793,-2.9214383637073356,-1.8592770128555729,-1.8353382602507782,-3.2031379819117802,-3.7954824026554914,-3.9204923403037357,-4.5961306512196982,-4.8102796784964923,-4.9724331621500859,-3.177158951220004,-3.2572879568521595,-1.7981402137986751,-2.3222094672074807,-2.8797554605448785,-2.9330681991328889,-3.0336381895423883,-1.2290410637360933,-0.78520180125621908]
[null,-4.2618437870697008,-2.2309466142292846,-3.7138116577388831,-2.6951813939584661,-3.2322815846389332,-2.0702294463039141,-2.5533507578824599,-1.7078688317697379,-1.6182098759494938,-2.8334645166842667,-3.3523572321603798,-3.4020218291853954,-3.9945573132534418,-4.3173198480165791,-4.399366939220287,-2.8322524603249883,-2.841951961652474,-1.6254142157486822,-2.0782870325032072,-2.5603520566720839,-2.5383489631291742,-2.7005784724763573,-1.1279030924575868,-0.75034260619908322]
[null,-4.0029912046803044,-1.9815205558706401,-3.3946827908960087,-2.3140751381711953,-2.7774969956360804,-1.8035445518435522,-2.2158575776879594,-1.567506973252353,-1.4180231769634546,-2.4775592076874733,-2.9289620688682074,-2.9093958277077774,-3.4255349506436672,-3.8549441029913565,-3.8629761140289314,-2.5058551251763177,-2.4506140559090555,-1.4576402427464288,-1.8459444834489849,-2.2594856289190299,-2.1690948834081629,-2.3861396412349514,-1.0422770168266808,-0.72454665273913388]
[null,-3.756883843826615,-1.7434872042075296,-3.093371122207782,-1.95593445452796,-2.3520846565243354,-1.5588288868795115,-1.9068711451596028,-1.4373985593107101,-1.233568377058101,-2.134180999446643,-2.523801829179201,-2.44069577690024,-2.8867458529140424,-3.4213024595529729,-3.3611275322842005,-2.1966781760409542,-2.0816584219730712,-1.2942258786761687,-1.6241006536850877,-1.9755849575565847,-1.8232835267866547,-2.0888941425038468,-0.9712469408320098,-0.70731986491524901]
[null,-3.5225882831827544,-1.5159602807815773,-2.8086098208420651,-1.6191896674751141,-1.9541724608193112,-1.3347104382651704,-1.6246959502818095,-1.3168330297881645,-1.0638411622307704,-1.80224039036579,-2.1354017807107892,-1.9941558698997786,-2.3760813856502341,-3.0146817524054326,-2.8918557591478473,-1.9036002378970271,-1.7337046068159501,-1.1346201987380478,-1.4118163712468244,-1.707284800664828,-1.4991256406718168,-1.8075714855470177,-0.91405334886768097,-0.69826068457415502]
[null,-3.2992117057162731,-1.2980911375693616,-2.5393321560776374,-1.3024293721435238,-1.5820371542965377,-1.1299529890751461,-1.3678141331607918,-1.2052183816840758,-0.90792293708646465,-1.4807298675502842,-1.762543042979974,-1.5682801000659619,-1.8917898171944003,-2.6336869470349589,-2.4534634650490492,-1.625618244185379,-1.4054916671540536,-0.97836357460623358,-1.2082527739011883,-1.4534016709533202,-1.195041956107926,-1.5410933389637487,-0.87006435752263722,-0.69704926425283453]
[null,-3.086034708672079,-1.0891682932964786,-2.2844941484619361,-1.0044110302680533,-1.2341947429551605,-0.94356226908921459,-1.134897348809023,-1.1020283512195461,-0.7650535745318191,-1.1687988951715684,-1.4040660032598637,-1.1616210999991419,-1.4321537673401721,-2.2770101599801431,-2.0444626416221547,-1.3618303538181773,-1.0959857316869361,-0.82501644042032374,-1.0126618621342167,-1.2128415506917283,-0.90964275486759771,-1.2884621987809204,-0.83877589257537988,-0.70343678935318665]
[null,-2.8823728452730273,-0.88853024732907049,-2.043277206379535,-0.72406391873748155,-0.90930211787536663,-0.77464733118065898,-0.92484431678784562,-1.0068116073265059,-0.6345833414668699,-0.86558291861644254,-1.0589282499307775,-0.77299503567822825,-0.99571574093871495,-1.9435836995432576,-1.6636106425416797,-1.1114823883367038,-0.80418431456720196,-0.67418285648279141,-0.82437784968701322,-0.98466986964511083,-0.6416790088990153,-1.0488237375218916,-0.81978724249366175,-0.71723860571646036]
[null,-2.6876274549211279,-0.69559327463105025,-1.8148870334699228,-0.4604207795727942,-0.60620158553873804,-0.62245393291379003,-0.73673257193225783,-0.91918593281135541,-0.51594790601851981,-0.5703567955754516,-0.72621531137000439,-0.40124791875586407,-0.58120393364375422,-1.6324805517386916,-1.309764504385456,-0.87388014647041057,-0.52931310559532685,-0.52549056472090172,-0.642789211183732,-0.76802078403432439,-0.39008071256354016,-0.82139250032856248,-0.81280651984964014,-0.73833249880592766]
[null,-2.5012652045642612,-0.50983514329271618,-1.5986485818518779,-0.21264401997227234,-0.32391680077112478,-0.4863581987149056,-0.56978048697916028,-0.83883299203910744,-0.408681317904182,-0.28243601758281228,-0.40509119818378919,-4.5373159649589878E-2,-0.1873925160328706,-1.3428794317127792,-0.98202464759927721,-0.64842090126319774,-0.27063799511916448,-0.37859885952319328,-0.46735989331985939,-0.56216781002554805,-0.15385000704033303,-0.60552123470381192,-0.81763297467746154,-0.76665205563452254]
[null,-2.3228111236157591,-0.33075018811255458,-1.3939831470471731,2.003831015629225E-2,-6.1559482414991006E-2,-0.36587425003771823,-0.42335031996646588,-0.76547715036791375,-0.31239498355061091,-1.1652243595055242E-3,-9.4790872675123039E-2,0.29559007053979752,0.18684143049381416,-1.074164749813652,-0.67963696032256904,-0.43460145532926736,-2.7544209628951453E-2,-0.23318421703757833,-0.29760549209395271,-0.36642741847483912,6.7882346115326092E-2,-0.40056984399414103,-0.83415869830012401,-0.80218608367503252]
[null,-2.1518471128952381,-0.15793329555193902,-1.2003574671599335,0.23817815166946257,0.18169499950340218,-0.26059016740855873,-0.29697609735259561,-0.6988925330803305,-0.22676487457967737,0.27406428681558931,0.20543855973598132,0.62231057833836267,0.5422722499495215,-0.82575476811701687,-0.40201762320069806,-0.23196420487637914,0.20052969801320703,-8.892650816409553E-2,-0.13304198459817354,-0.18020839390160956,0.2757870088812443,-0.2060359268125595,-0.8623672205709304,-0.84498012516077037]
[null,-1.9879853968968639,9.0382136598118421E-3,-1.0173277267191143,0.44236775665908823,0.40627882437892743,-0.17022668201663324,-0.19031662998811719,-0.63890978009139909,-0.15156931085115724,0.54372516762843737,0.49612935441576894,0.93560111647318223,0.87979305415777376,-0.59730456135886523,-0.14871645632149241,-4.0139508344028595E-2,0.41389975664338735,5.4489716193497406E-2,2.6741433885913834E-2,-2.9715560915584195E-3,0.47057741873241604,-2.1452896052035354E-2,-0.90232628131526127,-0.89512628840673969]
[null,-4.1517661080869717,-2.1058886757610882,-3.6984775067761482,-2.7774755360159995,-3.4302808233907065,-1.9887835788079322,-2.5840337737724615,-1.4259910061144037,-1.4313231762915402,-2.8611455495983327,-3.4854737471498551,-3.6434849626242429,-4.35508914525135,-4.5235371650559699,-4.720543614776898,-2.8262828849969215,-2.9372965950919965,-1.3718805581633218,-1.9275930646694628,-2.5184905012797283,-2.6052598122598858,-2.6779386191525192,-0.77623379490718958,-0.3026511819169696]
[null,-3.8740228053639396,-1.8394993581753341,-3.3529661732032889,-2.3624026889149312,-2.9320882967662159,-1.689363617739615,-2.2040778232919895,-1.2702654336835639,-1.2075802148781283,-2.4868437345349745,-3.0354397526692765,-3.1158639188232042,-3.7418736496891651,-4.0193623258247024,-4.1339672581524418,-2.4746367078790255,-2.5131832184198828,-1.1975836795710311,-1.6794436198372706,-2.192140300091487,-2.2008913965301655,-2.338033424118624,-0.6686663849130422,-0.26394939327759198]
[null,-3.6104423664373808,-1.5858598526941365,-3.0271312443485217,-1.9725933859677094,-2.4661011537422621,-1.4139543435888162,-1.8552642412630529,-1.1258435167761136,-1.0011209136679715,-2.1266396164064485,-2.6056136435572084,-2.6145961380006084,-3.1618314524511679,-3.5461989910571261,-3.5846664418857128,-2.1418601792091048,-2.113495927255773,-1.0283983950408824,-1.4432022818605321,-1.8847987837733045,-1.8226263877727877,-2.0171539582016305,-0.57689701627960199,-0.23447030878850142]
[null,-3.3598910019410009,-1.34392006306963,-2.7194708827847411,-1.6062136057107979,-2.0300698537922477,-1.1609381111642505,-1.5355153672501596,-0.99189095208061795,-0.81073495389762484,-1.7792975559253905,-2.1943668558054874,-2.1377181685476629,-2.6125448692810367,-3.1022017810929032,-3.0703351284520322,-1.8266106569871075,-1.7365371468694983,-0.86372043296667955,-1.2177718223400691,-1.5948557935392815,-1.4683200856495922,-1.7137896245112074,-0.49997810612033694,-0.21369527633461149]
[null,-3.1213899177447768,-1.112707774629949,-2.4287232516133201,-1.2616086697145936,-1.6219978587003632,-0.92885457371274882,-1.2429725669620457,-0.86767630543366725,-0.63532430158175868,-1.4436720732186767,-1.8002794326332883,-1.6834586673116196,-2.091906703093763,-2.6855934010043532,-2.5890174311683798,-1.5277260365058909,-1.3809191919479593,-0.70303760978519036,-1.0021613981243724,-1.3209131821229501,-1.1361860831203188,-1.4267096718200025,-0.43709831174873959,-0.2011959054903226]
[null,-2.8940565340608746,-0.89140265564271126,-2.1536859285218672,-0.93736420015318977,-1.2400915828397789,-0.71647207475112384,-0.9761166279091662,-0.7525715597040018,-0.47397321417631294,-1.1187689434538326,-1.4220379042595939,-1.2502381025389901,-1.5980746879255512,-2.2949413616724792,-2.1389618127532555,-1.2441812761705873,-1.0453511947858636,-0.54581765113234482,-0.79551549746890449,-1.0616961219889218,-0.82454230616608493,-1.1547452165674776,-0.38758426057120821,-0.196629281119931]
[null,-2.677124466713479,-0.67922702031757864,-1.893392033596452,-0.63217159810607504,-0.88288570303821401,-0.52270994776952917,-0.73357075008321182,-0.64602778511757608,-0.32588388201778606,-0.80365494154664019,-1.0584634192300837,-0.83658110307972067,-1.1293198094720713,-1.9288924409071484,-1.7186115249690959,-0.97504286567718135,-0.7287046347740026,-0.3916529793136273,-0.59705804600706081,-0.81611507049244192,-0.5319696681513304,-0.89691706965441187,-0.35090401254278109,-0.19972438121907149]
[null,-2.4698635819118238,-0.47552142100612194,-1.6469338322692046,-0.34493965629505974,-0.54895252071214207,-0.34664281895783478,-0.51417285439928051,-0.54758844408720486,-0.19036939902992853,-0.49750947314171312,-0.70853419371343396,-0.44130321950244122,-0.68418290194091358,-1.5863367546321512,-1.3266513350022298,-0.71954099243562852,-0.43001873573219884,-0.24010050582274972,-0.40609830716049472,-0.58319453624119144,-0.25720684491766072,-0.65227272912366385,-0.32662325326347191,-0.21027734743018206]
[null,-2.2716988449206212,-0.27967929283826032,-1.4135062391714579,-7.4669358824446572E-2,-0.23714064617397471,-0.18749990652357318,-0.31694727707129833,-0.45684432884425691,-6.6838331585513833E-2,-0.19952581920922374,-0.3712611488623076,-6.3167853906361079E-2,-0.26121125306547788,-1.2663020476601725,-0.96193945950003479,-0.476935860258207,-0.14844714194511069,-9.0807781970113535E-2,-0.22202973510435156,-0.36206700468417535,9.376797817614149E-4,-0.42007548764566316,-0.31441637591836896,-0.22814626193930279]
[null,-2.0820527619149569,-9.1158501886086832E-2,-1.1924211982254127,0.17956209200076725,5.3709132298366824E-2,-4.4624615083979344E-2,-0.14105268198629728,-0.37346030432789712,4.5235405619428182E-2,9.0994622177765341E-2,-4.5806998688083432E-2,0.29887423283418335,0.1407721152883504,-0.9679332994761447,-0.62351605353982054,-0.24663474251681985,0.11683265125693737,5.6608361393689278E-2,-4.4258816142444236E-2,-0.15192427585104801,0.24337369376771945,-0.19958897410014445,-0.31405301665275509,-0.25324488346529916]
[null,-1.9004497578903239,9.0572398782692645E-2,-0.98304520089068836,0.41842018131572811,0.32430357949298244,8.2561882884073151E-2,1.4187806090408492E-2,-0.29713905609362279,0.14620634057043888,0.37462006578154911,0.26866714422438948,0.64563849072659274,0.52274897741152671,-0.690541776194734,-0.31057357654252316,-2.8093044214807395E-2,0.3663333746592925,0.20242131589687715,0.12772353154059196,4.7926284321711261E-2,0.47102393513964563,9.8199400373780062E-3,-0.32539557547943215,-0.28554696281151032]
[null,-1.7264524098554268,0.26587944333108293,-0.78486622414265028,0.64260538742027606,0.57555395236188445,0.19441865463148164,0.14925729324587489,-0.22765349101090929,0.2364293228159573,0.65200840386505321,0.5727632934999749,0.97799146270570769,0.88575696706023133,-0.43355587277827573,-2.2472353686411265E-2,0.17922933056451817,0.60065594927422372,0.34696594469904657,0.29432047333055833,0.23804242637129358,0.68467687670016553,0.20863700427178261,-0.34839581977813183,-0.32507335046735081]
[null,-1.5596639197067199,0.43520697102011374,-0.59739405963132486,0.85270464444141914,0.80809132670815087,0.29130173282739585,0.26455038328547092,-0.16481474326706561,0.31617642733119455,0.92368321166810374,0.86721748495239526,1.2967389905039297,1.2306565145519615,-0.19655987487654289,0.24131875946921985,0.37558923588412385,0.82024667985879229,0.49054857720602363,0.45597455549900401,0.41901550279493155,0.88500484570561633,0.39738554109971047,-0.38309392427334876,-0.37190463642250693]
[null,-3.7710648715290409,-1.7208455881116371,-3.3477012308068153,-2.4577506912331484,-3.1467487241226251,-1.6210262711722363,-2.251618223306711,-0.99455573643979822,-1.0301425239732664,-2.5210575871949783,-3.1783281711036278,-3.3702425156204106,-4.1187375049695385,-4.241367560999362,-4.4741318769139182,-2.4782149250800996,-2.6209452373111426,-0.94633231848933175,-1.534768064821356,-2.1601635696166435,-2.2815191400693906,-2.3251476961007276,-0.3261980429353874,0.17823976552404799]
[null,-3.488184958675411,-1.4498542215453942,-2.9949756276035466,-2.033323538469189,-2.6365892663401969,-1.3122329234289103,-1.8596321553615707,-0.83444299003511357,-0.79965472104589552,-2.1420127771415007,-2.721268205510766,-2.8333046699407878,-3.4937414852299451,-3.7257971305802555,-3.8739465300282196,-2.1197323373517807,-2.187944528851145,-0.77036071593229583,-1.2822901533007764,-1.8267194291138811,-1.8673162153863441,-1.9782578350968167,-0.21209187111642147,0.22084974673310023]
[null,-3.2197879316850142,-1.1919326098803622,-2.6622937692244997,-1.6346655480694885,-2.1592505962952262,-1.0279771182506363,-1.4993527363133732,-0.6858742284721423,-0.58683397884509891,-1.7774320998046282,-2.2848373551872339,-2.3232631538304087,-2.9024931703006969,-3.2417929183243945,-3.3115292007633812,-1.7804666451949369,-1.7797555573320878,-0.59970810622018245,-1.0420649223704983,-1.5127707149773231,-1.4798263700456102,-1.6507662015735729,-0.11410022564757674,0.25405797766336574]
[null,-2.964713219020175,-0.94598089347098879,-2.3481989396735043,-1.2599095371695825,-1.7124067403377827,-0.7665181470686826,-1.1686461159120602,-0.54800786142642532,-0.39039614448996085,-1.4260380738820551,-1.8674285169942577,-1.8380978451637333,-2.3425768894855272,-2.7873131097336024,-2.7846471539604098,-1.4590455534541544,-1.3947201006320176,-0.43374040657338686,-0.81293861955610613,-1.2166488752108406,-1.1168758130007148,-1.341221477071076,-3.1209724901276496E-2,0.27842259790990082]
[null,-2.7219409890933108,-0.71102465667868897,-2.0513197280967548,-0.90733217421923829,-1.2940248822507048,-0.52637819432861255,-0.8656364147177632,-0.42007300306632517,-0.20923134759108158,-1.0866600155439845,-1.4675284828861745,-1.3759813156549598,-1.8118347541198898,-2.3606682268136443,-2.2911748641581124,-1.1542846823305357,-1.0313615564365368,-0.27190520417466857,-0.5939163402535762,-0.93691076100006621,-0.77658028698392934,-1.0482720921400153,3.7435284317320246E-2,0.2943940246100657]
[null,-2.4905734243165765,-0.48618829224939658,-1.770474385004146,-0.57547628242571081,-0.90227629468234627,-0.30626724335628414,-0.58870000181001092,-0.30142469687184725,-4.2389826236559035E-2,-0.75824848814328993,-1.0837857205996102,-0.93525794839878185,-1.3083359191780752,-1.960287113196207,-1.8293396805633333,-0.86510630236252484,-0.68832133545356722,-0.11368392107418818,-0.38410423183798442,-0.6722616840660548,-0.45725377241764376,-0.77073603566416615,9.2516859577757807E-2,0.30234117243510261]
[null,-2.2697912623294787,-0.27071124099499672,-1.5046298322874956,-0.2630394250926591,-0.53558438297067845,-0.10504764641343169,-0.33642311116677043,-0.19148882041498844,0.1110344101017518,-0.43989383583665653,-0.71504364240008245,-0.51452387483207584,-0.83035938856351854,-1.5848042756776874,-1.3975743001831609,-0.59057691991240902,-0.36451704635082877,4.139799058494377E-2,-0.18269791061938431,-0.42157569984707022,-0.15738750105149732,-0.5075866459428352,0.13462642172972633,0.30255607597223017]
[null,-2.0588935410186275,-6.3866308270338568E-2,-1.2528580609111533,3.1249195486925029E-2,-0.1925540722299563,7.825784013730569E-2,-0.10758919707535661,-8.9782789163373067E-2,0.25165846278128184,-0.13070877350870053,-0.36021702320247928,-0.11246389307986517,-0.37635635494833813,-1.2330547948777464,-0.99448172810731383,-0.32984837838125752,-5.886661292990622E-2,0.19368759493698465,1.1039652749618675E-2,-0.18379596519823452,0.12435225876618061,-0.25789710665389398,0.1642272098615021,0.29526303112573399]
[null,-1.8572549759839079,0.13497230509533709,-1.0143341261336762,0.30821428933498923,0.12815256298777888,0.24440381171342232,9.8874191089741659E-2,4.1319964920846705E-3,0.38013509869316564,0.17014975828020637,-1.8322590900413428E-2,0.27221248593373903,5.5175838918509176E-2,-0.90401354181434379,-0.61886968468318937,-8.22158683702396E-2,0.22951606219129314,0.34361452730073594,0.19767459824730588,4.1965134795585453E-2,0.38906463248108297,-2.0851575845623114E-2,0.18167705670441894,0.28062281884717472]
[null,-1.66428166676444,0.32630574705392013,-0.78832233720808842,0.56887267163668542,0.42747598311363405,0.39413001122369296,0.28373809923072535,9.0579304456979065E-2,0.49700038382271144,0.46321162830749313,0.31160461711940329,0.64034362223623598,0.46527721340817696,-0.59683696019241583,-0.26973446133241874,0.15302951425715497,0.50132374968614934,0.49153817742000649,0.37783139808295352,0.25644131498547473,0.63778562333667588,0.20432614267378071,0.18723585702463563,0.25874070264857457]
[null,-1.4794902743734211,0.51066711804612996,-0.57422312023565747,0.81400266669055399,0.7064065354398007,0.52798202753589263,0.44778654703859594,0.16988450849773545,0.60267515843540254,0.74926579985835373,0.63020071517605103,0.99303243642039907,0.85515207248332159,-0.31077376727134753,5.3843957213576751E-2,0.37635450248400865,0.75727342454995228,0.63777463969675119,0.55199934485721192,0.46040625203546182,0.87148686726582347,0.41819256797307741,0.18107128966656016,0.22966475466348113]
[null,-1.3024119126340807,0.68852262284079679,-0.37142002941654645,1.0442986370840728,0.96578331706005938,0.646446628554595,0.5915534083124333,0.2422907367163101,0.69752713848132186,1.0288996671572166,0.93830811254374347,1.3311084791509951,1.2258104322638628,-4.5212491046597969E-2,0.35241066936649323,0.58826460136090686,0.99791687184867817,0.78265207305352091,0.72069121567411953,0.65449514041233225,1.0909600345906643,0.6213272198997779,0.16326277775762985,0.19338717884328502]
[null,-1.1326577849968906,0.86026298473752172,-0.17946576568215292,1.2603521179741795,1.2062644675036998,0.74987140533852881,0.71549041125814317,0.30800674807673073,0.78183838933309058,1.3026602785253341,1.2365421905641882,1.6553715543481069,1.5781764069343731,0.20036335422320087,0.6265797022321804,0.78920423066787937,1.2237384226129786,0.92646320185949127,0.88431642296923607,0.8392521019596747,1.2968984063124267,0.81427818978426869,0.13379687499875095,0.14984440546778188]
[null,-3.3925120402314315,-1.3377743142349747,-2.9999640261103022,-2.1419445383067659,-2.868152711678428,-1.2572133754728017,-1.9242781746027475,-0.56500465188411308,-0.63186137375422202,-2.1829195787533013,-2.8740493094918511,-3.1007996718819286,-3.8872290342287359,-3.9638137721762314,-4.2332240148315368,-2.1329729990844042,-2.3082315826892699,-0.52151523150091339,-1.1438182268760333,-1.8048781977400705,-1.9619508050281436,-1.9752780922619189,0.12105052731152402,0.65742605880200167]
[null,-3.1043874952586719,-1.0620604950356149,-2.6398479626090516,-1.7080027706424259,-2.3458465275092011,-0.93893047899527926,-1.520040449486731,-0.40040906995754055,-0.39449856857002291,-1.7990501729085973,-2.4098399729623692,-2.5544333427887262,-3.2502171066169554,-3.436746872825938,-3.6192224880679111,-1.7675559737232416,-1.8662238086629401,-0.34383023223680759,-0.88688752723939501,-1.4641540386522638,-1.5376750663568883,-1.6212568501180895,0.24179233632046102,0.70400653452234685]
[null,-2.8310923747240224,-0.79976648243223081,-2.3002224920844054,-1.3003565812283204,-1.8569915687281413,-0.64565976042972817,-1.1481427986337811,-0.24762984480550995,-0.1751942018467682,-1.4300024116942371,-1.9667219788872567,-2.0354291925987256,-2.6476172944061913,-2.9417335499634993,-3.043654579403932,-1.4217122916380622,-1.4494935255953725,-0.17163475619584068,-0.64255506092159254,-1.1434317359929713,-1.1407911163777806,-1.2870760721119916,0.34610190275801245,0.74100561019213673]
[null,-2.5714005070297796,-0.54972312937642553,-1.97956875983197,-0.91707275390337384,-1.3992232773727415,-0.37564110039992843,-0.80635596604158788,-0.10578011929632303,2.7422619297609949E-2,-1.0744331323299825,-1.542994491849109,-1.541816755774871,-2.0769383101676668,-2.4767142003101421,-2.5040557375425707,-1.0940533471027132,-1.056265827925811,-4.3049501092387622E-3,-0.40964099418239114,-0.84101790893256601,-0.76900093321625518,-0.97122208992563264,0.43503529515868544,0.7690069944442165]
[null,-2.3242625700496471,-0.31092695037537837,-1.6764672202724948,-0.55639939011299355,-0.97038158289234322,-0.12733006290657656,-0.49271952653399897,2.5966779344912903E-2,0.21443396395962103,-0.73120305317117096,-1.1371834272784007,-1.0717020387145502,-1.5359259525632862,-2.0399115562011003,-1.9983489144437372,-0.78332989700150835,-0.68504312620572005,0.15876915784850115,-0.1871129841415721,-0.55535158566641252,-0.42042101178372293,-0.67229919233031654,0.50948670096410287,0.78849152022571622]
[null,-2.0887822478978841,-8.2493664725777668E-2,-1.3897267545272609,-0.21685556609495396,-0.5686378934089128,0.10065675879312996,-0.20559050025312955,0.14821725291468088,0.38687772170316959,-0.39921782975607367,-0.74785536662029717,-0.62343631856866621,-1.0226464829513602,-1.6297073922728771,-1.5247029751529064,-0.4884441723533387,-0.33451354478323186,0.31804603779718765,2.6004191123869553E-2,-0.2851415199419533,-9.3227310484015349E-2,-0.38910945172043115,0.57019965227051017,0.79984913274581848]
[null,-1.8641139428400932,0.13641891342613574,-1.1182482987255036,0.10303331521334438,-0.19239337180730745,0.30940994138767985,5.6568062137201114E-2,0.26159212482658567,0.54561231895340978,-7.7531743917023874E-2,-0.37385500596070531,-0.19552133629923685,-0.53533787460861326,-1.2447258588992034,-1.0814284316924245,-0.20843625686124895,-3.4256633425333665E-3,0.4740044108956612,0.23042127860074677,-2.9223782072777926E-2,0.21411888426671566,-0.12057467047114276,0.61778635859661968,0.8033976318384739]
[null,-1.649506618388799,0.34645108426545024,-0.86108287293865204,0.40431209973477522,0.15996020544641407,0.4999646774892616,0.29491820865135437,0.366607852908509,0.69139912420569494,0.23482482011084382,-1.4036046521646382E-2,0.21351596543574242,-7.238578796916216E-2,-0.88372690316373703,-0.66713138283413209,5.7611659438068792E-2,0.30929145058528346,0.62709514002271716,0.42692749027885835,0.21352340590919347,0.50283426607183135,0.13430201686075324,0.65274447663344126,0.79938113349926943]
[null,-1.4443213558936172,0.5482724549575041,-0.61739358934097022,0.68806730695917284,0.48950778725799632,0.6731836649206715,0.51059735566090436,0.4636945504794262,0.82488329881560674,0.53847805158438078,0.33264649481062125,0.60464092393335178,0.36775862958471667,-0.54566991816355215,-0.28056494540592436,0.31033140636981033,0.60443093055634134,0.77771272997085372,0.61618887692625768,0.44391606297645675,0.77424911213132941,0.37627228789116413,0.67546051450697242,0.78798133230531742]
[null,-1.2479851856206545,0.74245907212067352,-0.3864135838488354,0.95527507427887548,0.79744269144982072,0.82979718541405156,0.70451579331521008,0.55323885371065984,0.94660453491855256,0.83423455528314527,0.66698458129756721,0.97905720564450582,0.78613181512938113,-0.22965159835333326,7.9389462624264648E-2,0.55045688696478767,0.88286197262108057,0.92619563294294505,0.7987819605279316,0.6628332770991977,1.0293920335239326,0.60610623779966766,0.68622948573768638,0.76931876878693961]
[null,-1.0599456126376172,0.92953604257074596,-0.16749305779677212,1.206736803890349,1.0847701372531116,0.97039483831855533,0.8774132693187644,0.63554642339350575,1.057030158776137,1.1227883863774857,0.98983257597269625,1.3377415802942711,1.1839965791646783,6.518894087654499E-2,0.41348137014991593,0.77857882655590605,1.1452837886113159,1.0729113708169715,0.97525214734933729,0.8710132643815105,1.2692165569947962,0.82450745404996606,0.68524773667178951,0.74346238686863542]
[null,-0.87975756798959481,1.1099624239974801,3.9991613785163908E-2,1.4431944710470492,1.3523174156740929,1.0954984973906303,1.0299457684633948,0.71089783586341926,1.1565358117593882,1.4047144548666948,1.3019662943511516,1.6815935365940116,1.5624004869690002,0.33933817875739386,0.72253284885274027,0.99517513544147851,1.3922859287369054,1.2181443920027193,1.1460822192656275,1.0691282869669279,1.4945856239062691,1.0320412192871029,0.67262274856633075,0.71042210897983327]
[null,-0.70700375785868874,1.2841757300510521,0.23646688053292259,1.6652644283489892,1.6008290266107659,1.2054787148397081,1.1625370189659572,0.77950842245096508,1.2454354850289968,1.6806315987112832,1.6040622152212696,2.0114216222676347,1.9222394178074211,0.59337194598191534,1.0071175228021927,1.2007096017044694,1.624358034383351,1.3622260581293719,1.311716368561922,1.2577449074561173,1.7062156498490575,1.2292444096151622,0.64837435859082515,0.67015631938055098]
[null,-3.0161379997387461,-0.95669258379369049,-2.6552759560572454,-1.8301081298631583,-2.5945439896326739,-0.89743813598252797,-1.6020589450611213,-0.13741491119755483,-0.23652398102608063,-1.8468295682611506,-2.5727429336864218,-2.8352608597136513,-3.6605069552468179,-3.6909325698076771,-3.9978193764215324,-1.7906346302395748,-1.999270356267828,-9.7470123612841672E-2,-0.75479573305537673,-1.4526431669473054,-1.6465949470105814,-1.6284294505875121,0.56538427024089766,1.134880771587121]
[null,-2.7226735854153414,-0.67618265410124956,-2.2876319654332353,-1.3864651702877513,-2.0599230669741853,-0.5694925221571715,-1.1853898152778604,3.1820127917305686E-2,7.8809521992703243E-3,-1.4580010071351619,-2.1012058908354256,-2.2791924537591886,-3.0113939456898726,-3.1522575633823871,-3.3699433929773823,-1.4181569650385759,-1.5481232204705151,8.2061228131530342E-2,-0.49327847540968239,-1.1045043710745501,-1.2120665969609767,-1.2671433340929461,0.69288315226338937,1.1855048338736089]
[null,-2.4443446644641917,-0.40939172632723392,-1.9409762192161255,-0.96968552050600432,-1.5593840050612029,-0.2670757507376314,-0.80170243258609797,0.18888958493271349,0.2337899925121045,-1.084341007794988,-1.6512636945627022,-1.7511715994520118,-2.3972441775158448,-2.6460971819047239,-2.7810127537372913,-1.0656548664145302,-1.122674509131077,0.25584177676282249,-0.2447464390209336,-0.77685754882799007,-0.80555911211370756,-0.92612953406227105,0.80362114561195119,1.2263524234866356]
[null,-2.1799608251269542,-0.15516133185706668,-1.6136416345464402,-0.57775321255509515,-1.0904848539093399,1.1693361557724092E-2,-0.44865688825757261,0.33479573240620891,0.44261198610482883,-0.72453970961151071,-1.2211209321274383,-1.2489753792398144,-1.8156229402566326,-2.1704428521172479,-2.2286519796483391,-0.73165150317967831,-0.72115929057129313,0.42458475083413022,-7.9236359762960111E-3,-0.46797810696626252,-0.42478892740538682,-0.60384461362975639,0.89869307164738021,1.2580406122529233]
[null,-1.9283890728905404,8.7602912897551857E-2,-1.3042188543193227,-0.20887549839709157,-0.65108083827184982,0.26828449328199838,-0.12429284736265951,0.47036334734538005,0.63557067154223879,-0.37735219048611929,-0.80926314356483231,-0.77076932474090165,-1.2642598275635908,-1.7233772012189867,-1.7106019462295889,-0.41488769557224853,-0.34201883534446231,0.58888789803072672,0.21825557361488052,-0.17628683528795416,-6.7731113417441965E-2,-0.29883650283187779,0.97904205924914833,1.281077828452533]
[null,-1.6887150392238501,0.31969884186114206,-1.0114697568987219,0.13858437292803827,-0.23924650592572361,0.50417958143361652,0.17321142630910355,0.59626895992740248,0.81367318834595814,-4.168788481656447E-2,-0.41429961206005578,-0.31481155123941551,-0.74105114974904296,-1.3032666221474398,-1.2250296725649019,-0.11420800628892661,1.6202849398161519E-2,0.74926196261515599,0.43465365956324065,9.9668357472578961E-2,0.26750896159726634,-9.8868676272060047E-3,1.0454463413606871,1.2958805218798655]
[null,-1.4600777900369271,0.5420293296971963,-0.73429396573444805,0.46585674990566245,0.14680441484386775,0.72055629378644359,0.44525619146429929,0.71313932994105089,0.97785822963950075,0.28347613290604251,-3.4926566733955423E-2,0.12051714346806176,-0.24427034759078517,-0.90871333041959768,-0.77019129228238825,0.17138704011161812,0.3546109982530441,0.90619631170193926,0.64217197689769379,0.36090861672399027,0.58233256016521828,0.26416575591428543,1.0985560549295765,1.3027882776621198]
[null,-1.2417148348121887,0.75532508113761898,-0.47165684397121571,0.77426684166153947,0.50840980294566129,0.91846978152787273,0.69320653907320262,0.8215079105504991,1.1288680651148906,0.59892855696075009,0.33003939502589824,0.53639485881015037,0.22782977434341498,-0.53840935682636948,-0.34462846975591865,0.44272129346617078,0.67433650203795947,1.0601390361912628,0.84157158205487681,0.60865308033782473,0.87822389557087344,0.52421181731124278,1.13890944786321,1.3020666684812319]
[null,-1.0329381670935991,0.96021037562393585,-0.22272078478814081,1.0649061808970246,0.84693971179521021,1.0988244408446002,0.9182172178013378,0.92183551524787055,1.2674043280263203,0.90552644985328434,0.68148308362155652,0.93416367093428632,0.67657803036204833,-0.1912746124527511,5.3008242309789087E-2,0.70057900145775953,0.97632574677786521,1.2114653552338059,1.0335203678092082,0.84379537911606983,1.1564545964668003,0.77114342177154882,1.1669228337496051,1.2939168446395251]
[null,-0.83316688029508701,1.15730830637084,1.3339946369377001E-2,1.3387426393302049,1.1635839617103876,1.2623847094072145,1.121240526019277,1.0145015900575316,1.3940356953067934,1.20403774391399,1.020338836885528,1.314948521209848,1.103305127613766,0.13369614872763672,0.42367918903139784,0.94568014175656145,1.2614261586284157,1.3605633893311935,1.2186236226508864,1.0672323654297609,1.4181198168471494,1.0057725031702214,1.1829185132681723,1.2784801076341099]
[null,-0.64185701656737737,1.347160499211759,0.23712301885624459,1.5966207260621814,1.4593467271292961,1.4097829082156066,1.3030792181497333,1.099856577528215,1.5092425488229755,1.495117080290965,1.3475173794138859,1.6797182044702088,1.5092449920892745,0.43718511214856309,0.76840034183769501,1.1786159210953924,1.5303689732767263,1.5077777868864237,1.3974569855228929,1.2797127081367814,1.6641732785662482,1.2287756451480787,1.1871256293567829,1.2558408392741862]
[null,-0.458509213050662,1.5302087402733338,0.44926733801391394,1.8392745249663744,1.735150484909594,1.5415499126909871,1.4643747727485004,1.1781777289962962,1.6134430467683734,1.7794454052799467,1.6637737085132471,2.0294169215731119,1.8954354682470844,0.71996297413765598,1.0879506867150639,1.3999335814056268,1.7837443086198619,1.6534248836968526,1.5704689860805827,1.4819122205365118,1.8955240104264008,1.4407435306839083,1.1796794612592751,1.2260292192383242]
[null,-0.2827107753049512,1.7069234543819181,0.65030297464461551,2.0673860054740807,1.9917066526239577,1.6581179684194542,1.6056579931999588,1.249698878558785,1.7069396045792686,2.0575527554929294,1.9697820161836561,2.3648636102624097,2.2628229226317371,0.98253123590662395,1.3829282285063991,1.6100818805973292,2.0221061386765262,1.7978167056700785,1.7381713315671454,1.6744482402011061,2.1129096503832017,1.642233898327395,1.1606316240331112,1.1890222434733984]
[null,-2.6420023987795389,-0.57768854114746193,-2.3136990729679323,-1.5223061346634892,-2.3260186331545056,-0.5417472479472929,-1.2850545243590594,0.28823573436586825,0.15585757118870755,-1.5127989835566322,-2.2744003148715577,-2.5735975270338822,-3.4387014896885817,-3.4227617837008144,-3.7680341081738291,-1.4512301619316212,-1.6940674394125392,0.32580571891471116,-0.36776027099665054,-1.1035934762040802,-1.3355595981678685,-1.2846131378958587,1.0067737959076244,1.6105711595585694]
[null,-2.3430825316536801,-0.29222202684610721,-1.9384264898855965,-1.0688172790859549,-1.7789153318926132,-0.20395760933475776,-0.85574967228855647,0.46210643453609246,0.40736449853271023,-1.1189025202926937,-1.7954449368407368,-2.0077736004042483,-2.7772345067541671,-2.8722737257975726,-3.1260744887117973,-1.0715866300142511,-1.2336514048949265,0.50717506263842516,-0.10154286397738925,-0.74782832721090375,-0.89056174847245084,-0.91589824056490476,1.1411720810048702,1.665311086471579]
[null,-2.0596366980321927,-2.0850587198237666E-2,-1.5845578745343722,-0.64274975401322176,-1.2665005929142552,0.10781384082728843,-0.46007229287970014,0.6235749349951295,0.63997717029854739,-0.74054614537297458,-1.3385493618863431,-1.4705341144789521,-2.1514288743259473,-2.3549244753222141,-2.5237176707807389,-0.71229285663841557,-0.79939550976801654,0.6826200289858575,0.15140378478632527,-0.41310922451465948,-0.47425048784215923,-0.56797591681194326,1.2584354530249788,1.7100732732109689]
[null,-1.7904315283124397,0.23770363226317276,-1.2504444276603988,-0.2420070896293014,-0.78634828056753314,0.39533032061738715,-9.5662188166540499E-2,0.77362222950841142,0.85516079977125625,-0.37637977695153002,-0.90189121303536013,-0.95962304806089638,-1.5587282737095156,-1.8684669221684345,-1.9584478407580834,-0.37185669355690326,-0.38950823105632465,0.8528432307100059,0.39221314308026328,-9.7619432513912432E-2,-8.4302791528387849E-2,-0.23913781179960686,1.359738961356048,1.7455000472304507]
[null,-1.5343561289092282,0.48440427425411592,-0.93459800317912289,0.13527468335846998,-0.33620692185027362,0.66033973137629165,0.23965437292750294,0.91310408156671308,1.054144748249076,-2.5147834491326054E-2,-0.48386714412132237,-0.47317215055308498,-0.99682687628288125,-1.4110630474126675,-1.4279364696692571,-4.896116440586027E-2,-2.3499705489191834E-3,1.0184663675584058,0.6220347198886117,0.20031971843485721,0.28146974410221931,7.2114783758579978E-2,1.4460589237916124,1.7721353476084902]
[null,-1.2904284769903553,0.7202615767899907,-0.63576221582725112,0.49058505547568576,8.5968564368391329E-2,0.90425933896733923,0.54752346820858555,1.0427277394777223,1.2380131023797152,0.31432587403029144,-8.3104038018850621E-2,-9.421108281595935E-3,-0.46361154160923101,-0.98099367606641874,-0.93035705038765726,0.2576090589576463,0.36358010898853355,1.1799965377725901,0.84186925486619768,0.48198970455851642,0.6247712511976361,0.36693028009395501,1.5182196263273973,1.7904201472787609]
[null,-1.0577409008518506,0.94612561613734325,-0.35275952423084983,0.82544132381037227,0.48173073798378152,1.1283632586633625,0.82961543496992585,1.1631556316681761,1.407699394198598,0.6429247048768989,0.30179802742984785,0.4333402748878033,4.2864410439582119E-2,-0.5767810962551434,-0.46384463013680544,0.54875221860097523,0.70938383176083841,1.3379516965582998,1.0525710385078817,0.74868021496141879,0.94727929177744863,0.6464742179310089,1.576913622070192,1.8007152475073238]
[null,-0.83554968119157558,1.1627333908331345,-8.4590042792354284E-2,1.1410933038697009,0.85275824097970843,1.3337280777782641,1.0872906614975368,1.2749273158486356,1.5640300227691617,0.96162146295750728,0.67185283071571933,0.85626426232026154,0.52406521184536781,-0.1971163345441963,-2.6981410231646654E-2,0.82545370510033922,1.0362440485633191,1.4927730042803657,1.2549298907915267,1.0015396528254978,1.2504840687250354,0.91181257944880911,1.6227033741701777,1.8033099491493536]
[null,-0.62312756266895886,1.3707614305247384,0.16970181665464076,1.4387033581135122,1.2003748023057612,1.5212913944771482,1.3217308597412734,1.3785266912175662,1.7076740779127344,1.2712448808452939,1.0281334142591403,1.2607697204512038,0.9815778470299924,0.15922528737235553,0.38172579727151662,1.0885174453389905,1.3451744919542483,1.6448659434361554,1.449636971023375,1.2415496602631655,1.5356509504746785,1.1638192463241848,1.6560458224440837,1.7984250515374891]
[null,-0.41987062613375647,1.5708273501533474,0.41081247124357118,1.7192235366250193,1.5258162492404674,1.6918593986770141,1.5339158554801513,1.4743608202758398,1.8392592122137854,1.5725573035245475,1.3716376632716432,1.6479875191756108,1.4168113158893991,0.49304610103210739,0.76320545382343286,1.3386485257652392,1.636993119098713,1.7946199167711607,1.6373148593226547,1.4695944424455034,1.8039231854066553,1.4032872688508222,1.6772925516593524,1.7862212687601258]
[null,-0.22522485455406893,1.763489152618114,0.63949867850714615,1.9835740702418359,1.8301244555277412,1.8461003676587993,1.7247316565955069,1.5627899746338179,1.959295608613502,1.8662583302074411,1.7032187752923207,2.0189219215370606,1.8308811480439411,0.80530048312302394,1.1185563079637029,1.5764733307362788,1.9124724977207068,1.9423789762512207,1.8185439906594412,1.6864360983361291,2.0563158224118259,1.6309474739027412,1.6866993907636871,1.7668008274158469]
[null,-3.8690856910627937E-2,1.9492252807133434,0.85639960751026745,2.2325304768365224,2.114206650565468,1.984581544130301,1.8948486079622027,1.6441005638637902,2.0682024061312916,2.1530067102033579,2.023646473811227,2.3745584242309157,2.2249205532564318,1.0966919842564136,1.4485914338610366,1.8025400761816917,2.1722635022032168,2.088464140843457,1.993820519493962,1.8928161270910122,2.2937161711657694,1.8474041177632086,1.6844341878671407,1.7402104967307788]
[null,0.14023230625902913,2.1284846048053319,1.0620481711473089,2.4667178532674288,2.3788907709540177,2.1077641347865481,2.0448381963041102,1.7185532480621091,2.166346981121595,2.433380021007808,2.3336754615150954,2.7156799441583548,2.599954904131359,1.3678014900199795,1.7540023006910419,2.0173109766915078,2.4169269661681176,2.2332079249201735,2.1636343200662491,2.0893357906646091,2.5169528902460447,2.0532353826302345,1.6705751436855907,1.7064484883332216]
[null,-2.2701464622876473,-0.20076115975952771,-1.975305082664744,-1.2186044013167645,-2.0626297417039012,-0.19024443495022203,-0.97330730854854264,0.7118210973039335,0.54510355306484881,-1.1808869619241344,-1.9791625350492223,-2.3159733201295589,-3.221836153678042,-3.159286472542242,-3.5438329031719964,-1.1147922918848154,-1.3926813909160336,0.74821088050765538,1.7301581810655713E-2,-0.75777873651136873,-1.02892246947957,-0.94393291545332736,1.4451724480628718,2.0844571476153835]
[null,-1.9656303696593158,8.9788226900915757E-2,-1.5922606211988939,-0.75508833919236518,-1.502821497502252,0.15763081311672858,-0.53120885928034656,0.89047170967453182,0.80388514580103998,-0.78177733649930869,-1.4925975362760397,-1.7401671308536193,-2.5478583491148781,-2.5969498094938115,-2.8877156758045519,-0.72786958641540866,-0.92286683680761672,0.93151842867342249,0.28836971846365567,-0.39421767322185325,-0.57322901206652077,-0.56765382134460252,1.5865855029063509,2.1433950484778932]
[null,-1.6769755021172905,0.36583977761660769,-1.2310656308367185,-0.31956781639227599,-0.97837828632225099,0.47876960520722378,-0.12339906398511555,1.0564215967204942,1.0433643904696497,-0.39863261333470246,-1.0285986536562575,-1.1935495822853506,-1.9102267551131442,-2.068203094994959,-2.2717760777179001,-0.36170304228395411,-0.47970260366649342,1.1087060097068127,0.54571796813697171,-5.2264632387462283E-2,-0.14694153376459457,-0.21261967661854594,1.7104997216357714,2.1921336251616323]
[null,-1.4028873611501218,0.62872597022085885,-0.89002729217007803,9.0170566978514263E-2,-0.48681145502069856,0.77526504576031674,0.25266016452501716,1.2106886305414988,1.2650312641400157,-3.0001995252924272E-2,-0.58527491443518109,-0.67383296278372773,-1.3063242313473997,-1.570915144672768,-1.6934351762723501,-1.4759904027736276E-2,-6.1305778558134127E-2,1.2804753740996191,0.79062769737595828,0.27005575311446645,0.25246208821133503,0.1229490064967156,1.8181273149755433,2.2313609389652247]
[null,-1.1422056909793006,0.87951082300123318,-0.56766761048773895,0.47584213416889359,-2.5822739757431851E-2,1.0488028363811752,0.59894157194065911,1.3541553614459454,1.4701492685952902,0.32543943041295775,-0.16102719768932724,-0.17898105144690618,-0.73370968183535001,-1.1030403681567422,-1.1503963117628873,0.31444113881193236,0.33404146975943511,1.4474539162612046,1.024247924800135,0.5742350088454089,0.62695045442044617,0.44041243262767593,1.9105021691366946,2.2616421318456847]
[null,-0.89393305491860087,1.1192023911990916,-0.26263322034630215,0.83922641936148112,0.40674324879692014,1.3008943812574221,0.91738017704525054,1.487576482683562,1.6598576139381414,0.66868638406508385,0.2457192841511173,0.29279763660307984,-0.19033859505010514,-0.66291016762453414,-0.64068168542230974,0.62685495516848377,0.70768631523958514,1.6102072609699629,1.247598785192473,0.86181396411041722,0.97856153195270579,0.74118099885783095,1.9884928752361306,2.2834484451155617]
[null,-0.65713280940355767,1.3486577754205071,2.6310609365636391E-2,1.1817447753243828,0.81244937521897265,1.5328121580307854,1.2096470005660513,1.6116140511421702,1.8351346072407602,1.0008492581421966,0.63610062765674869,0.7429915931840988,0.32584781004034796,-0.24896048261502618,-0.16248933168206522,0.92367619486366603,1.0609467793374108,1.7692256165577116,1.4615597326180207,1.1340775267964103,1.3089188022283547,1.0263734250307814,2.0528263466194354,2.2971638838672694]
[null,-0.43103803381247896,1.5686543112530769,0.30011682088612068,1.504745767621307,1.1930092412271633,1.7457040184569146,1.4771196529703357,1.7268361192033117,1.9968199412998917,1.3228670080389864,1.0113802908799761,1.1730743306077887,0.81634666266128275,0.14021659352090304,0.2858853041324268,1.2058390093188514,1.3950317870859961,1.9249859725134686,1.6669559104272751,1.3921970927463028,1.6195306064069392,1.2970963343386326,2.1041054507783556,2.3030998692793343]
[null,-0.21492269503079608,1.7798825765285546,0.55972256038100854,1.8093919912200982,1.549829757498808,1.9405566717963321,1.7210487889951296,1.8337554056484529,2.1456457217292506,1.6355988402900552,1.3726415947972932,1.5844038140308669,1.2827441107168813,0.50564960464195441,0.70558952553511523,1.4741253135229411,1.7109109119767933,2.0778932123979486,1.8644981383814081,1.6371412752662189,1.9117453681917955,1.5542276401775399,2.1428129733701087,2.3014977440169653]
[null,-8.129304847693938E-3,1.9829861934290252,0.80599985603192725,2.0967060326772584,1.8841187931651915,2.1181979596537408,1.9424887316464912,1.9327959885421149,2.2822421500822876,1.9397979479565568,1.720858752261055,1.9781315564268074,1.7265089202790198,0.8484619732551052,1.0979533348415114,1.7293338120962767,2.0095097916916846,2.2283375665555423,2.0548170225540865,1.8698686786001828,2.1867404300003424,1.7986098724830824,2.1693362606667104,2.2925369857382356]
[null,0.18995578885908132,2.1785112525454848,1.0396688022814295,2.3675912176017149,2.1970296634514894,2.2793292807835059,2.1423411546800053,2.0243249433698458,2.4071538159800903,2.2361750848285409,2.0568981942100208,2.355319378284904,2.1488006946021363,1.16948953904105,1.4639567420494086,1.97206997935179,2.2916016366502965,2.3766813311916257,2.2385200920209001,2.0911716257567097,2.4455581484777844,2.030982428331304,2.1839597499180967,2.2763391937544433]
[null,0.3797356853266457,2.3669676771218247,1.2613791299154493,2.6228683545248392,2.4895030648186203,2.424567780577215,2.3213429048270888,2.1086602191791579,2.5208171243300521,2.5253919263501676,2.3815738439543059,2.7169263928815375,2.5508120907509562,1.4695272156618731,1.8045043065049056,2.202922424884227,2.5578330006303633,2.5232508100598752,2.4161050971610294,2.3017887140215918,2.6891371332229248,2.2519970611779399,2.1868806184834786,2.2529707627796074]
[null,0.56173001372480658,2.5488376278470364,1.4716822323352496,2.8632267053987368,2.7623461040779209,2.5543853482638359,2.4800616189251894,2.1860675481352452,2.6236243595925552,2.8080790008200625,2.6956360263285268,3.0638193124002342,2.9335420752852284,1.7491710284687469,2.1203110870778605,2.4223804444300558,2.808830703975508,2.6683631710769897,2.5880739826016437,2.5023646794408121,2.9182819197824736,2.4622124924971991,2.1782065619109607,2.2224457342633874]
[null,-1.9006364581825075,0.17404583077726829,-1.6401785108399567,-0.91909244925938072,-1.8044453377696135,0.15710568750404677,-0.6669448146532112,1.1333194962284687,0.9312335305007553,-0.8511780209725015,-1.6870142998161053,-2.0623685223014423,-3.0100010007076885,-2.9006531290938509,-3.3253397174131769,-0.78137952475940564,-1.0952059950848763,1.1697220917239015,0.40019315713609049,-0.41530320124475595,-0.72682854957173637,-0.60639243107588758,1.8805174765604191,2.5564959248840604]
[null,-1.5904120399107309,0.4697126720547643,-1.2491662873726399,-0.44538147564210556,-1.2317399169616394,0.51505854915923288,-0.21181830774419888,1.3168484800835849,1.1974275212031675,-0.44672531471548776,-1.1927292944355017,-1.4764554465182269,-2.3233338943805362,-2.3262413887652014,-2.6548459091462902,-0.38708235010058761,-0.61582599567557139,1.3550603972948463,0.67625822562205085,-4.3735680078691469E-2,-0.26017962078931556,-0.22243977934338799,2.0290809405413688,2.6197144540076085]
[null,-1.2964301996117971,0.75056056609904565,-0.88052188666500941,-2.0807162016831451E-4,-0.69510332166276012,0.84582557756935783,0.20841077867531249,1.4873822516662072,1.4438845917388956,-5.8654074779542993E-2,-0.7214794611455394,-0.9202779708127331,-1.6736934371331174,-1.7860472823300386,-2.025190984411525,-1.3916008010472304E-2,-0.1636260565566271,1.534053519990457,0.93816903691761611,0.30571021995566861,0.17638706474721677,0.13987765716753289,2.1597503526064545,2.6725072717293625]
[null,-1.0173569719750977,1.0179124362869665,-0.53246705625396662,0.41858464340865609,-0.19196796688962534,1.1514318195922557,0.5961021328469458,1.6459673754722801,1.672118266314097,0.31461406009087295,-0.27137073904320796,-0.39157042730385572,-1.0583837784389156,-1.2777456615217384,-1.4336955310659567,0.33974386560949671,0.26346279901531744,1.7074312444432012,1.1872977491179117,0.63487966488680037,0.58526898485390644,0.48217190696967027,2.2738154104519905,2.7155960723276586]
[null,-0.75197660553874268,1.2728642332515525,-0.20345827675138825,0.81285631620410714,0.28016200881461933,1.4336295593688049,0.95354937957742925,1.793495378302018,1.8835002331792474,0.67422106227130907,0.1593234281226632,0.11183790905385317,-0.47497167263411422,-0.7993417696958981,-0.87803927969201401,0.67512391728578713,0.66695657465353031,1.8758443625955399,1.4248243880399118,0.94551627564697416,0.96874575624603343,0.80605619425851904,2.3723359987924946,2.7495751050945469]
[null,-0.49926654135109305,1.5164743264043239,0.10793076468607753,1.1844074717605002,0.72313779309669501,1.6939901656547405,1.2827005319568991,1.9307602420284644,2.0791489347351706,1.0213903431088136,0.57199552005020415,0.59158021814108874,7.8814786618498708E-2,-0.34904498691707414,-0.35609376083547672,0.99356800643867138,1.0484441758859644,2.039856635542963,1.6518020968943556,1.2391159821612656,1.3287880026228434,1.1128548067992192,2.4562300111445889,2.7749466156036844]
[null,-0.25828637809417193,1.749604244474479,0.40279768635685986,1.5347023113566789,1.1388877602649328,1.9338260521697805,1.5852451886065682,2.058467239020823,2.2600963418926967,1.3572153479383593,0.96802261787556876,1.0493935876312768,0.6047088704594128,7.4786090112078249E-2,0.13401600114085815,1.2961387624359126,1.4092677680171604,2.2000035161015843,1.8691063057622594,1.5170557285727779,1.6671270951495183,1.4038068806927309,2.5262683275173421,2.7921178338069348]
[null,-2.8228848109630271E-2,1.9730535934093805,0.6823054242320552,1.8651540940580884,1.5290843504635028,2.1543606769732593,1.8626145874983038,2.1772075565977405,2.427233476304957,1.6826343486411992,1.3486245734608888,1.4867617356755554,1.1045826424403495,0.47338040234120421,0.59377495232241806,1.5837856028020498,1.750622759193561,2.3567423337647933,2.0776390950369725,1.7805132986817225,1.9853070565143067,1.6800026734433859,2.583086210815964,2.8014232348518178]
[null,0.19172494350276298,2.1875571449471867,0.94737651441888504,2.1769345798179831,1.8952112599060269,2.3565588565932227,2.1161465924272891,2.2874905830040495,2.5812995611845095,1.9985235067120066,1.7149341236150475,1.9049993440734281,1.5799941005146747,0.84806421274693244,1.0246166910322991,1.8573996569101243,2.0735544357152089,2.510505634557175,2.2780603840708675,2.0305151136100155,2.2847253462154327,1.9423278976427081,2.6272038600621039,2.8031248958356927]
[null,0.4021054158440372,2.3937344076250122,1.1988983286723192,2.4711182123974851,2.2384597821140764,2.5413407129716838,2.3469309362992323,2.3897764333812277,2.7229627967413075,2.3056692541385897,2.0679448149447679,2.3053469420919876,2.0323846223198814,1.1998645992044508,1.4278746850056034,2.1177238138672312,2.3789989950348613,2.6616873220405362,2.4710978882467822,2.2680226182834762,2.5665360446901206,2.1917021739758495,2.6590340610713419,2.797421953862405]
[null,0.6035662054483415,2.5921829835222252,1.4375896621917534,2.7486092805063995,2.5600444978436383,2.7094271835110435,2.5558773951989551,2.4844490877132799,2.8527912343010811,2.6047913712094077,2.4085346963626941,2.6888705319173449,2.4630222432744757,1.5297439898121166,1.8046117555331236,2.3654286287883242,2.6676943856003117,2.8106654720907254,2.6573340264007723,2.4938628827592333,2.8318995665857112,2.4288643390028368,2.6788957658363097,2.7844550395719647]
[null,0.7966444696671604,2.7834256081093369,1.6641580743857869,3.0103053454278847,2.8609530129617968,2.861470440843997,2.7437919832707771,2.5718339141177733,2.9712517182073679,2.8965937357104421,2.7375241281842215,3.0565397983548643,2.8730584540726336,1.8384435778714396,2.1556635550214032,2.6011118846026715,2.9404256575365348,2.9577449647060474,2.8372760259194152,2.7088033799150613,3.0816962213336798,2.6544683120709465,2.6870124967071911,2.7643080189260179]
[null,0.98180326928898609,2.9679253078245051,1.8791722415426484,3.256865279029828,3.1420210869013663,2.9979721236367949,2.9112951216567047,2.6522266732783621,3.0787573647043831,3.1816350273533955,3.0556684570048507,3.409247941378323,3.2635269053308389,2.1266535956655295,2.4818817980014178,2.8252602043213053,3.1977661360871017,3.1032875914449662,3.0114720659377761,2.9134993954540342,3.3168526791698612,2.8691272639978664,2.6835228089879282,2.7370121670449614]
[null,-1.5334786064369526,0.54660117426000709,-1.3083194053386653,-0.62378817169195599,-1.5515678566183766,0.50005017538411978,-0.36601103747124664,1.5526646037877798,1.3141359725007105,-0.52364895016604718,-1.3980539197841821,-1.8128545825800817,-2.8032564368927644,-2.6468445906505953,-3.1125345209045405,-0.45106678878346268,-0.80158049991348523,1.5903198041542861,0.78093362181881887,-7.6175389706098814E-2,-0.42928044550313538,-0.27211117869323903,2.3127257575581464,3.0266462394356068]
[null,-1.2174527013425156,0.8475320371214895,-0.90925045005775518,-0.13972016744355817,-0.96572181849244043,0.86835947834086158,0.10242355252575085,1.7412169939984767,1.5879021791663717,-0.11378314012225899,-0.8958714936046015,-1.2166682812706999,-2.1037024800028625,-2.0602693472785045,-2.4275922566230359,-4.9247631698299967E-2,-0.31259745023471969,1.7777702813180984,1.0620991073793515,0.30360890453546713,4.8588015271495907E-2,0.11980454262094335,2.4685769389549286,3.0942331080238406]
[null,-0.91802590532290385,1.1332892096906044,-0.53299674541957454,0.31528848896355272,-0.4167523733631478,1.2089043009861014,0.53508796171178463,1.9164173164455796,1.8414724685033239,0.27941735179817717,-0.41727994755922299,-0.65083096875357416,-1.4418993824282427,-1.508453139885872,-1.784048198436015,0.3310854195153472,0.14887013433172414,1.9586333024173339,1.3287392628316814,0.66059305893235254,0.49548142064241174,0.48938327059657638,2.6061455381669147,3.15115737075888]
[null,-0.63385397539072419,1.4051926167027595,-0.17780443164803167,0.74322399489727398,9.8258516085988554E-2,1.5237731836408273,0.93466782984316088,2.0793879109350706,2.0764277838290526,0.6572819162840472,3.9831273241288663E-2,-0.112973078894295,-0.8150419963695309,-0.98906951510030572,-1.1793041945030696,0.69139340217937251,0.58460327332116058,2.1336953789742372,1.5822029256966283,0.99680103794714581,0.91411143040412279,0.83857708496982897,2.7267466490008374,3.1981706506958023]
[null,-0.36369621126374807,1.6644348922073005,0.15802649637112912,1.1462333256591501,0.5814264625032084,1.8147551962091815,1.3034403679044591,2.231065445477785,2.2941447217373323,1.0212079389091611,0.4769600793735696,0.39905339322335048,-0.22068421353132514,-0.50000310534144732,-0.61086222395215328,1.0331758842687682,0.99639252063776329,2.3035955717187875,1.8237358618588204,1.3140295860084847,1.3067376871107386,1.1689720982711773,2.8315055071466078,3.2359064388628513]
[null,-0.10647454697463293,1.9120363473935749,0.47576559612877256,1.5260743138686341,1.0350546887855081,2.0835040245487293,1.6434352965676353,2.3722671563123634,2.4958494995966878,1.372417319505282,0.89569511044083494,0.88697331151851666,0.34356310813542268,-3.9460147569280103E-2,-7.6618613416958914E-2,1.3576859139652804,1.3858330732888564,2.4689367871670522,2.0544157953650339,1.6138149605508363,1.6754129106231459,1.481938308968326,2.9213950517670537,3.2648908158516678]
[null,0.13880797615420506,2.1489262832954115,0.77671657490598767,1.8842979887418749,1.4610054828615509,2.331377133212754,1.9563608598518369,2.5037035079199912,2.6825626836695435,1.7119927265632029,1.2974911603285111,1.3525440934597641,0.87942021273022386,0.39426101105605005,0.42539184081821757,1.6660912429488677,1.7543008666175108,2.6302519159029099,2.2751666637947725,1.8975523810071837,2.0218931082397975,1.7787290018736055,2.9972063927459818,3.2855579654430334]
[null,0.37291838005124489,2.3758983984670548,1.0620056890450216,2.2222759150766449,1.8609600808973872,2.5596168579204166,2.2437836641734275,2.6259982940688049,2.8552008999648901,2.0408822719463044,1.6835556548134678,1.7972642546292306,1.388779306620765,0.80247032942090124,0.89664508868445392,1.9593035966503858,2.1030248082048519,2.7880227142611811,2.4868928273048754,2.1664759293638456,2.3477558681690933,2.0604567435433916,3.0596182810357226,3.2982647013066657]
[null,0.59664234498688695,2.5937308533873167,1.3326236055014646,2.5412831119562567,2.2364514783006704,2.769280675311391,2.5069871816301017,2.7397045892547163,3.0145808745931473,2.360004953760213,2.0549755441630908,2.2225306188223901,1.8732945148245195,1.1864207523485455,1.338774610754776,2.2382746448383801,2.4330378336330409,2.9426971010251801,2.6902980600786925,2.4216351252477524,2.6544495872667375,2.3280982629772544,3.1091911697862264,3.303294101495621]
[null,0.81067786353206817,2.8030665353772246,1.5894304323032464,2.842409174796563,2.5887686255150948,2.9612586475102782,2.747158531277107,2.8452736512074717,3.1613718028024191,2.6701680772066156,2.4128323937512022,2.6295766861197523,2.334434645588761,1.5472807935047446,1.7529702405076284,2.503787184411419,2.7453601970957524,3.0946587607292959,2.886108994040224,2.6640069445907426,2.9432213383091828,2.5825303948857523,3.146364517553073,3.3008662205829609]
[null,1.0156342307015482,3.0044868756251839,1.8332330510879122,3.126591233124568,2.9191226724875587,3.136381163231361,2.96528023257921,2.9431251369541704,3.2961686066372584,2.9721160239015672,2.7580580922720555,3.0194813033971855,2.7734644809154436,1.8860339196456828,2.140392175441522,2.7564997645012652,3.0407518787013075,3.2442854095664377,3.0749237063953934,2.8944627548816761,3.2152037365840145,2.8245425344638297,3.1714889998496965,3.2911397434971139]
[null,1.2120405935801506,3.1985509350204531,2.0647181016881402,3.394736135703476,3.2285210829705848,3.2952515208923101,3.1621578200945013,3.0336068008898547,3.4194745539389704,3.2665149480340143,3.0914204552525915,3.3933007514099192,3.1916153594244672,2.2034138044781537,2.5020347772492313,2.9970301667566464,3.3200067498621806,3.3919371718205609,3.2573195547343139,3.1137939125300318,3.4713654416543727,3.0548003942626751,3.1848189888008909,3.2742181048708554]
[null,1.4004152362177495,3.385733798640211,2.2844943038385535,3.6475857377594556,3.5178818927438296,3.4384735811108413,3.3385075876318835,3.1169934287875347,3.5317147308047496,3.5539958075069742,3.4137551709990226,3.7519397951034565,3.5899037939260672,2.5002064292151713,2.8386645502352224,3.2259301148955544,3.5837324732928502,3.5379268979312659,3.4337745872596503,3.3226930810829716,3.7126195499954751,3.2739659559244805,3.1865190826999528,3.2501492914354002]
[null,-1.1687700057295816,0.91686435858836746,-0.97985255473731714,-0.33283460542165277,-1.30396436403676,0.83856698872540125,-7.0581648119878146E-2,1.9698262302441722,1.6937592006484619,-0.19844174483105231,-1.1122782472446808,-1.567538156636374,-2.6016513107110644,-2.3979055478859723,-2.9054574405787501,-0.12387254142345003,-0.51194062846498356,2.0099581221375264,1.1594219545249191,0.25952977457892334,-0.13646706403695075,5.8970871889596717E-2,2.7417430503559594,3.4948607907592888]
[null,-0.846799219812714,1.2231860785053543,-0.57252794927927442,0.16193271263813724,-0.70487738782232368,1.2174473500353611,0.41127255450123457,2.1634883203001705,1.9752584996035523,0.21711783965796069,-0.60211457820852021,-0.96089368696736577,-1.8890214154396778,-1.7990299382377741,-2.2058629684122786,0.28568186584638816,-1.3164072101717253E-2,2.1995839070224386,1.4458620209780495,0.64760759294532555,0.35283999805999217,0.45879054881793357,2.9050286641198011,3.5669099694196085]
[null,-0.54182542745790474,1.5139779534338744,-0.18854928648051128,0.62672848082062971,-0.14331996070063002,1.5679512200311601,0.85664648338899652,2.3434803333404202,2.2360972262860392,0.61538200587030434,-0.11598239401272391,-0.38521882889701031,-1.2148884469985994,-1.2354856572971404,-1.5483863966052211,0.67311853135039867,0.45758339008780186,2.3824211641472139,1.7173256761038547,1.0123201027283331,0.81034760733745304,0.83587593189237008,3.0496152514977664,3.6280499279520582]
[null,-0.25246189055723123,1.7905613960887701,0.17399328013469251,1.0640694548401533,0.38357140066812945,1.89219571098364,1.2682898027766245,2.5109325660597834,2.4778647662519138,0.99799869912552974,0.34814424163869989,0.1620256002125002,-0.57633779443690902,-0.7048613282818379,-0.93024163804034443,1.0402549613639542,0.90213813566157386,2.5592188228281154,1.9752547097977182,1.355763058972087,1.2389289144669253,1.1921123426014233,3.1768630623646907,3.6790579309727214]
[null,2.2653611674641503E-2,2.0541594409580832,0.51662489941776235,1.475955777955436,0.87808766007600247,2.1921179910840762,1.6485426448898797,2.6668376527455666,2.7020576366058324,1.3663723934945302,0.79187249083783506,0.68274968976556938,2.9272108761392631E-2,-0.20506414072555321,-0.34890671755650887,1.3885101233770132,1.3223620859355061,2.7306796112050993,2.2209102406941437,1.6797433701606479,1.6409084893971471,1.5291225634978718,3.2879704815021991,3.7206086227728949]
[null,0.28445351038518568,2.3058388119362738,0.84087419010765085,1.8641949278514394,1.3424589896248083,2.4693872585149186,1.9995287262610921,2.8120389730205191,2.9098962812642211,1.7216974608355022,1.2168245640881155,1.1789520401250413,0.60397823562709319,0.26592826510274359,0.1978114660393292,1.7191867392470588,1.7198304487448877,2.8973985772518818,2.4553841071165246,1.9858489228241389,2.0183311748201636,1.848356474260773,3.3839320702373392,3.7532565086046379]
[null,0.53403285969688175,2.5465667067872233,1.1480047958897708,2.2304220533967096,1.7787376860571171,2.7253920687730311,2.3229647194478051,2.947270694185617,3.1024561938693771,2.065083048683297,1.6244608141500176,1.6523669726383521,1.1498772625791753,0.70955147344722902,0.71171362463939858,2.0334716491443947,2.0960383134949327,3.0599448987895084,2.6796829829572233,2.27551482334637,2.3731073276860744,2.1511086422688175,3.4655929210361105,3.7774622667837638]
[null,0.77225053903314056,2.7771558811498189,1.4391809993857387,2.5760776320010681,2.188565702462328,2.9614480946438504,2.6205088813243194,3.0731950145774558,3.2807003764142935,2.3975615708754403,2.0160464323830602,2.1045726763014021,1.668872035713713,1.1273702422458298,1.1946222668131312,2.3323669820786948,2.4521443269581056,3.2187976837758954,2.8946841617724997,2.5500020975723854,2.7067927895235915,2.4384596555725491,3.5336711964680321,3.79360560508169]
[null,0.99986805210826968,2.9983710378535156,1.7154055407416984,2.9023961457342886,2.5735375642242948,3.1786451387680335,2.8935000303424943,3.1903714421863034,3.445465853909611,2.7199999873539156,2.3927037480822286,2.5369385906003998,2.162622058329756,1.5206830422247724,1.6479739919602552,2.6167407828013989,2.7893501951595292,3.3744167194843473,3.1011533647474105,2.8104257961214665,3.020917047903068,2.7114916232815229,3.5887459286318624,3.8019911464200562]
[null,1.2176139465347173,3.2109074263406878,1.9775953640128474,3.2105240736193972,2.935021314019274,3.3779165349299989,3.1431846979141067,3.2992713228009229,3.5974422045188548,3.0332615196026662,2.7555252182261003,2.9507482169771051,2.6325833855615683,1.8906839216977191,2.0732043068318586,2.8874840289909613,3.1085780379639054,3.5272032747751205,3.2998140187336373,3.0577560006613798,3.3167615285558703,2.9710384626317947,3.6313057718634223,3.8028593003204096]
[null,1.426118052304328,3.415365168276197,2.2265572826405768,3.5015079024738149,3.2742099198241124,3.5601081322955745,3.3705251912422329,3.4003421256561084,3.7372654075206895,3.3380577626218808,3.1054202611314836,3.3471632343164734,3.0800929038131444,2.2383093222715202,2.4714165539903066,3.1452285970442686,3.410725825100096,3.6775427684625481,3.4912945557902075,3.2929271792291659,3.5954749284337941,3.2179524623285851,3.6617267000822631,3.7963881779543733]
[null,1.6259236277266547,3.6123205823534064,2.4630180091486977,3.7761707191178284,3.5921773838271536,3.7258905858597826,3.5764552484419156,3.4939411641737945,3.8654625324733192,3.6351525199119976,3.4432295980297742,3.7272110481414629,3.5064371440735664,2.5644329788593225,2.8436279877509603,3.3906704635811091,3.6965447545569092,3.8257886104720034,3.6761745756614999,3.5167342354976765,3.8580869138756269,3.4529540288121425,3.6802876462931216,3.7826969766256289]
[null,1.8175344909012507,3.8022335499467852,2.6875956793137785,4.0353520687131148,3.8898929300716638,3.8758742772300145,3.7616437388477673,3.5803678676863631,3.982476636148427,3.9251118868054693,3.7697997951565179,4.091761483189063,3.912625245296478,2.8698112527141157,3.1906779437139994,3.6243656214754263,3.9666735968708222,3.9722681018217507,3.8549595632386096,3.7298867580072499,4.1055135651999306,3.6766572868248968,3.6871867997818724,3.7618553250245359]
[null,-0.80654490514611066,1.2847996742741234,-0.65478256450134842,-4.6194871350871608E-2,-1.0618349272571348,1.1726390434304779,0.21935491768123264,2.384740817913483,2.0700438667597689,0.12457024856737248,-0.8298602170134155,-1.3264342903478172,-2.405189739580825,-2.1539299405600918,-2.7042196505519152,0.20025207219634128,-0.22635375403592692,2.4285813569573635,1.5356105475386514,0.59159180342943696,0.15171767018955881,0.38658749968129258,3.1674861327799095,3.9610838982841159]
[null,-0.47849049116728321,1.5966502340603845,-0.23907938524312292,0.45926194029079664,-0.44925534767866998,1.5622407140105794,0.71473151772502019,2.5836267686099634,2.3594278332028074,0.54570560888062947,-0.31149967714386062,-0.70919563932279195,-1.679364154082567,-1.5425930756497628,-1.9898324751307375,0.61745517012949191,0.28246746526288169,2.6204889167930192,1.8274760656847955,0.98822746592587141,0.65249908564027714,0.79453771524513017,3.3383629768673657,4.037699455608954]
[null,-0.16786518072859904,1.8925755805332196,0.15284223896881624,0.93415985059180473,0.12519848486374024,1.9228445338729667,1.1730028405293442,2.7685116119625142,2.6276543042318634,0.94925579216067146,0.18237653986558985,-0.12348463897631355,-0.99267709506705637,-0.96717573554282421,-1.3182000259278586,1.0122238681680016,0.76252063594979547,2.8053617197273319,2.1039216369139733,1.3608906724176928,1.1208827265757997,1.1792796209601759,3.49009517987245,4.1031307241349184]
[null,0.12686356667147886,2.1739379883689756,0.52273422506686895,1.3810086163984776,0.66401756655270727,2.2566600300553326,1.5968765112138046,2.9405502043285137,2.8763907533141464,1.3367617396842451,0.65358844915296566,0.43317073676169032,-0.34230139111817665,-0.42519867943927031,-0.68655577104046073,1.386260520326011,1.2160170212305694,2.9839750084031103,2.3664163541625487,1.711723346854797,1.559608260129409,1.5426885723437251,3.6241344615744353,4.1582171218233519]
[null,0.40688611474345709,2.4419962524031336,0.8723537780813877,1.8019135314402688,1.1700052222663155,2.5656607446500574,1.9887817323420565,3.1007641833036614,3.1071588942594364,1.7096578539971303,1.1040409278996544,0.96275383542034576,0.27459091528850516,8.5563130545844523E-2,-9.2249613395780541E-2,1.7410927372788298,1.6447412685024112,3.1570401540593331,2.6162999539767009,2.0426070327437547,1.9711187154584069,1.8864908084975156,3.741675816067775,4.2036488341135074]
[null,0.67338649025179265,2.6978711286773298,1.2032050287324281,2.1986999743925684,1.645311452330577,2.8515424978621726,2.3508514352311036,3.2500420466649889,3.3212350005644566,2.0692161548520831,1.535323774562088,1.4673986156617704,0.85996852894682796,0.56691206213859402,0.46701532229394593,2.0780386548966869,2.0503646217074198,3.3252080295566619,2.8546802112809688,2.3551530410008912,2.3574885992024761,2.2120976924532023,3.8438043968085638,4.2400156824188464]
[null,0.92737705856512997,2.9424983505457276,1.5166100399008189,2.5730659740672843,2.0920125345796263,3.1158189738636857,2.6849773680891564,3.3891414456232485,3.5197471864420113,2.4165368926882538,1.9489154775680413,1.9487801751875904,1.4160789461218752,1.0205689622950398,0.99295907237824155,2.3982837255028451,2.4343721839231773,3.4890464083535573,3.0826112903380345,2.6508673579464865,2.7206788029511597,2.520851794077628,3.9313936720772502,4.2678077218410726]
[null,1.1697587391953925,3.1767655948848819,1.8137562531201934,2.9264567782128914,2.5118346192750023,3.3597998109266256,2.9927396288559738,3.518754486273191,3.7036756538862012,2.752618095314082,2.3461360293144007,2.408565689826589,1.9448547896058166,1.448091914558558,1.4875295615497268,2.7028625001366677,2.7980120110064868,3.6490270853314524,3.3009815442814676,2.9310266274571117,3.0623641630126635,2.8139611570624412,4.0051985406885855,4.2874255316687755]
[null,1.4013585171855627,3.4014310985134202,2.0957053085335358,3.2602028682758948,2.9064031567798474,3.5846060100187667,3.2756439032260314,3.6394470204601768,3.8738969849540577,3.0784582873778978,2.7281124156116445,2.8481497343328308,2.4478754395866491,1.8508484674947527,1.9522771555294423,2.9927422456922002,3.1424056545917587,3.8056337377899681,3.5105923249295361,3.1968009411844522,3.3840482716462326,3.0924152371628235,4.0658372957559283,4.2991991059773227]
[null,1.6228840951096883,3.6172595412871065,2.363328916696267,3.5754628985715371,3.2771290254843319,3.7912517343963548,3.5348847198288857,3.7517371434592897,4.0311291594395282,3.3948529214685861,3.0959401220097904,3.2688714518709454,2.9268002703307023,2.2300332828925864,2.3885222612697654,3.2687592211062224,3.4686367440778798,3.9592949605391343,3.7121756174709963,3.4492224039278208,3.6870703650678918,3.3571959725143148,4.1138288242189427,4.3033876429710975]
[null,1.8349811113283532,3.8248086539973229,2.6175360559826051,3.8732751252524817,3.6252462386942899,3.9805924352613848,3.7715579074559638,3.8560644537703417,4.176040502552838,3.7026091074443186,3.4505890349562098,3.671833539735132,3.382881405244385,2.5865710084512177,2.7975589524812032,3.5316398273344789,3.7775700299906423,4.1103818059685571,3.9063790465515078,3.6891996577367285,3.972639175994459,3.6090877556392429,4.1495802065191478,4.3001889581380128]
[null,2.0382282351590644,4.0246787070008248,2.8590208970806352,4.1545515925243466,3.9518821350314761,4.1533388739851604,3.9865660051720968,3.9528209024989427,4.3091686128218845,4.0024225461476517,3.7929419102516904,4.0581442250185944,3.8174627264928769,2.9214849617397256,3.1803917363242475,3.7820112955466136,4.0700057350658563,4.2592669162708754,4.0938049247750552,3.9175582397977533,4.2417859897989443,3.8488825916620235,4.1733994767648417,4.2897413117715111]
[null,2.2331500416464847,4.217395650120241,3.0884677219986512,4.4201269110598567,4.2579921185535801,4.3101446064107583,4.1807067594555862,4.0423195612157263,4.4309989746515832,4.2949501129642043,4.1238041259000378,4.4287629840997589,4.2316488856900474,3.2354629124156777,3.5378867393327957,4.0205005075778955,4.3466006506506512,4.4062909786551101,4.2749833558546841,4.1350509442163839,4.4955014057947551,4.0771912477741701,4.1855136537805153,4.2721328839558055]
[null,-0.4468466696341597,1.6503395853066654,-0.33321326493437065,0.23605700861000858,-0.82517169301361282,1.5021480924944668,0.50347772667888524,2.797351288821663,2.4428922223690734,0.44508272446951175,-0.55073041139839929,-1.0896196203460662,-2.2139829048129642,-1.914900624703376,-2.5087524106512098,0.52104670474469728,5.5278837481244111E-2,2.8461483326835118,1.9094122945509906,0.92000941798095515,0.43489799169010368,0.7107679276694332,3.589856351043724,4.4252615248586338]
[null,-0.11260602203100854,1.9678586502435003,9.1128998911478923E-2,0.75232353697822563,-0.19890988473333002,1.9026712945137836,1.0127702388538642,3.0015795798653873,2.7403235084220472,0.87204616457171147,-2.4043963288533199E-2,-0.46156523209830774,-1.4747547189233121,-1.290991983660857,-1.7794689041115592,0.94611823352485047,0.57406692746036858,3.0404283107335042,2.2068575097010386,1.3254056435163595,0.94755270807432357,1.1270363562456684,3.7684930688189477,4.5065427092032735]
[null,0.20385686035978914,2.2690279726870122,0.49098257085682256,1.2374993944658326,0.38843494137431345,2.2735517123307516,1.484083945748373,3.19145750342406,3.0160834253856463,1.2809829688223815,0.47761422544697363,0.13439383406795943,-0.77537585212280247,-0.70358397469500045,-1.0936038626537743,1.3483347090608555,1.0636619449794404,3.2273987799562311,2.488409833130647,1.7061970451321007,1.4270010488613782,1.5195597500876703,3.9275258087471214,4.5763713450632482]
[null,0.5039423973499082,2.5552865323209684,0.86841064400695933,1.6940217483747011,0.93955137699824121,2.6170943414053598,1.9203791074434655,3.3681823921859619,3.2719242952597565,1.6734947839369616,0.956109483490858,0.70049042269112183,-0.11299226270900777,-0.15016067721586901,-0.44825863912394576,1.7294045973474055,1.5261724277352264,3.4079021789712329,2.7556354400323406,2.0645973972583578,1.8760765644283177,1.890292995158469,4.0684517474601067,4.6356114344718753]
[null,0.78902775451087381,2.8278953252733885,1.2251657417751642,2.1240927390532116,1.4571457350666119,2.9353004441969119,2.3240674025059156,3.5327986619033886,3.5093998182587658,2.0510385266081679,1.4133918589547028,1.2391400572539668,0.51529234908693999,0.37162947076217673,0.15923767963123378,2.090879528416377,1.963542066466742,3.5826654164540721,3.0098657301294089,2.4025135097970516,2.2972756446690314,2.2409505405598207,4.1925614662715454,4.6849917018028142]
[null,1.0602971254520475,3.0880244086951119,1.562718787766364,2.5295385154329768,1.9435622525273035,3.2299765895774009,2.6974207109660742,3.6862385071135733,3.7298207426286254,2.4148682380882054,1.8511327049364599,1.7523129498531738,1.1115374755785969,0.86345706445581871,0.73097826525052145,2.4341632213134039,2.3774007224495648,3.7523477695468386,3.2522508990887471,2.7216761910430352,2.6927960854372572,2.5730467171146545,4.3009546614698113,4.7251381267829098]
[null,1.3188102907617192,3.3366570025529252,1.8825167895434747,2.9121655057384763,2.4007991982539894,3.5025966556183743,3.0423219267592745,3.8292719583217574,3.9343821678824762,2.7661820644415585,2.2707845087999985,2.241788404353076,1.6779843016270373,1.3272797152466755,1.2690994641742888,2.7604444552136926,2.7692824040630577,3.9175043125817846,3.4839062060583639,3.023552199637801,3.0645708551729376,2.8879503092623597,4.3945556200673153,4.7565668671405428]
[null,1.5654551627094133,3.5746790232392009,2.1857098820964316,3.273405628038462,2.8307584398272132,3.754586343781968,3.3604754719651595,3.9626300951518929,4.1240806772343381,3.1060241493588383,2.6736858054944377,2.7092498811835832,2.21656927789159,1.7646216491832389,1.7754311766706834,3.0708173371163601,3.1404962556200284,4.078677547576639,3.7057212088399321,3.3095240892161262,3.4143704054030444,3.1868674137326285,4.474162626812948,4.7797021565428741]
[null,1.801080112697373,3.802885785142478,2.4734304732811072,3.6146577502001018,3.2350139770464406,3.9871290639930157,3.6533545405926264,4.0869043971926882,4.299837211872835,3.4353347895071096,3.0610751197931783,3.1561830792362167,2.7290326135948124,2.1768673162164545,2.2515768651177912,3.3662534079236637,3.4922111928286004,4.236334953088746,3.9185552251835567,3.5807683110421937,3.7437659324405037,3.4708728752730993,4.5404324750136711,4.7948989317287465]
[null,2.0264488221973407,4.0220229537070873,2.7465940176149193,3.9371215922961569,3.6150569791393492,4.2012177516462552,3.9222651809072633,4.2026328855053059,4.4624050400920448,3.7549786006429526,3.4340255341788133,3.5838365153602294,3.2169665101693306,2.5652286418575878,2.698962757307461,3.6476028668640326,3.8254954169435984,4.39091234581874,4.1231363983238696,3.8383667960459946,4.0541037487811105,3.7409399517347866,4.5939062755902649,4.8024356297065838]
[null,2.2422033855266985,4.2327346212368546,3.0061032607278553,4.2418419917273864,3.9721883613127091,4.3977733968404573,4.1683426181696381,4.3102698575278744,4.6124449680029507,4.0657249922129726,3.7935072183841081,3.993464337974205,3.6817356156706595,2.9308041529474331,3.1188271542281347,3.9156284046446648,4.1412659735612793,4.5427932478499864,4.3201436641827984,4.0832351739879158,4.34661389340366,3.9978947077037148,4.6350249535010386,4.8025301771214055]
[null,2.4489586678558788,4.4356054254321391,3.2526875643178319,4.5298044529980288,4.3075425884701239,4.5775517740426244,4.3925046825166802,4.4102156833136688,4.7505676083400088,4.3683513486908989,4.1404655330107465,4.3861287336265287,4.124670382841173,3.2745193161529307,3.5123118918111635,4.1709989428535428,4.4403203175728727,4.6923621779156415,4.5101846555626226,4.3162184025682224,4.6224243401129614,4.2425330300155695,4.6641335583964603,4.7953407098112288]
[null,2.6472149564969474,4.6311529588113309,3.4870466435424059,4.8018370297837452,4.6221382113453977,4.7412298879681103,4.5956084210441572,4.5028231362328741,4.8772560117359154,4.6634668324534703,4.4757170169204761,4.7628743509619502,4.5468856353108071,3.597136214265074,3.8802584100804109,4.4143211339175661,4.7234062862408877,4.8399495163586286,4.6938104346783431,4.5381352034019029,4.8824583209694312,4.4755142644644685,4.6814844825644721,4.7809710900460178]
[null,-8.9781297459686785E-2,2.0134224026270489,-1.5194261350243042E-2,0.51370172734448183,-0.59401923379850063,1.8269853701029055,0.78184869728925577,3.2075515018275387,2.8122402948414456,0.76312203996017669,-0.27506860518164261,-0.85719006961806665,-2.0281178855994724,-1.6809278725639427,-2.3192025066390021,0.83857434522620999,0.33268235495196286,3.2626037956172835,2.2807843224875075,1.2446692674290598,0.71311387971937812,1.0314742489129209,4.0087960987919464,4.8873331643101903]
[null,0.25086610804607656,2.3367275508367733,0.41785049342910813,1.0410537198334577,4.6241393948333924E-2,2.2386637802321854,1.305211451162976,3.4172933535206584,3.1178776216895727,1.1960524422976917,0.26025193120039181,-0.21814890134321877,-1.2752664175033912,-1.0442327775844307,-1.5748509074752568,1.271627640665046,0.86168956771718774,3.4593558515558418,2.5839365164739774,1.6590598004112695,1.2378844812698506,1.4562128144251818,4.1953705107661072,4.9733982882920911]
[null,0.57318562418264041,2.6432701994295535,0.82588089012824828,1.5366704516867253,0.64654028440124667,2.6199944131672357,1.7898393240347388,3.6122828552156503,3.4013235591074822,1.6105016723264636,0.7697309173080954,0.38811576909623935,-0.56306776299557626,-0.44468769394480734,-0.87454240419548401,1.6813871417036217,1.3609388711015349,3.6485229771297556,2.8707554024856226,2.0481674388801512,1.7286243459980637,1.8566533134647119,4.3618354719026211,5.0477116763064949]
[null,0.87880356073567112,2.9345450094990828,1.2109875676330262,2.0030371233341131,1.2100596288273477,2.9734073693597756,2.2386983716026245,3.7937806073640257,3.6644104252242831,2.0081455940731692,1.2556934389970862,0.96396163256966505,0.11169807896300032,0.12042807164646067,-0.21547809186668324,2.069577852011065,1.8326414406640381,3.8309862804957491,3.1428189617952529,2.4143127856384781,2.1882473637508064,2.234807156673265,4.5097977266850302,5.1111887547419794]
[null,1.169057170216151,3.2118113767173928,1.5749649614839216,2.4423743659498682,1.7394625076728563,3.3009743167329306,2.6543877841624162,3.9628969017714106,3.9087030122202853,2.3903959918507298,1.7199069619830556,1.511760777848963,0.75142613638150968,0.65316123162441209,0.40528152388573302,2.4378241650178918,2.2787138606887676,4.0075107849458265,3.4015019769639618,2.7594345487584317,2.6193690445251407,2.5924744446589556,4.6405692091079143,5.1645966179396696]
[null,1.4451987202345908,3.4762893782697017,1.919363740498385,2.8566525557260438,2.2370927576460247,3.6045387939813498,3.0391471090924429,4.1205611574096519,4.1355866218056727,2.7586518720284303,2.1641858181779567,2.0335877857781997,1.35858710133719,1.1556240198904146,0.98974405911245089,2.7875437292694603,2.7009013860245288,4.1787566610130558,3.6480291979490365,3.0853144994799866,3.0241468001473732,2.9311740156974881,4.7553330653922261,5.208587447037333]
[null,1.7082853079429323,3.7289874651936969,2.245633090969207,3.2476120520294862,2.70502478751528,3.8856771182032359,3.3949431110198822,4.2676189071728503,4.3462993820165039,3.1140820932657691,2.5900039975983509,2.5313454814174414,1.9354877835619135,1.6297022602104057,1.5400746494452691,3.1199403705668471,3.1007569527064218,4.3453098567071695,3.8834936469524584,3.3935094274478459,3.4047027123340246,3.2523323830087953,4.8550369817930932,5.2437083599737138]
[null,1.9592593620322192,3.9708363058205332,2.5549927510318611,3.6168365133105422,3.1451859900738031,4.145786190573034,3.723593036631113,4.4047894208739482,4.5418519787863465,3.4577363761176891,2.9987560458602442,3.0065803408274312,2.4840954778407247,2.0769025782435513,2.0582468447673898,3.4361981826223089,3.4796131453934023,4.5077344368690246,4.10887005061051,3.6854013091833457,3.7627913527270556,3.5571607746048115,4.9405291742079633,5.2704088420135076]
[null,2.1990051382192872,4.2026793258343202,2.8485835163133033,3.9657036059265307,3.5592691493076334,4.3861220730341159,4.0265601267264142,4.5327130632872636,4.7232113129306521,3.7905618346337122,3.3916010073998391,3.46093441910473,3.0060673957194179,2.4987052147364741,2.5458622599181484,3.7372187671283594,3.8387058098065383,4.6664819811424216,4.3249979981008906,3.9622444143777571,4.0999862508195388,3.8468029565758757,5.0124826917325018,5.2890673195762083]
[null,2.428271854498059,4.4252108854857797,3.127352266535524,4.2954838972313416,3.9487860963967298,4.6077534046342468,4.3052291928247426,4.6519224372161485,4.8911760854051742,4.1135086841446649,3.7697344950218592,3.8956158866893391,3.503101799180639,2.8963449502329226,3.0044295430821228,4.023984857760162,4.1790829588418719,4.8220231351273277,4.5326475710085088,4.2250759671370357,4.4177460807517566,4.122228486039532,5.0714958392107086,5.299984798157781]
[null,2.647743945378886,4.639137400770708,3.3922283222953635,4.6072293027820344,4.3149911238055774,4.8116052609026125,4.5607840214797335,4.7629145382517386,5.0464324739328728,4.4273430622554404,4.1341815140467792,4.3119935686691164,3.9766726057807738,3.270986256167391,3.4352050649746593,4.2972161914319251,4.5017643118938366,4.9747463668172589,4.7325302199155166,4.4749225535197592,4.7173381036697384,4.3843120398225617,5.1180317789593612,5.3033972329147492]
[null,2.8580353437195392,4.8450468283070194,3.6439764337192013,4.9019088227018992,4.659148691345151,4.9984858626803126,4.7941827716323928,4.8661122366973073,5.1896120603972644,4.7328153202623984,4.4857815437726938,4.711109483201195,4.4279710509239925,3.6234926055931354,3.8393461278357992,4.5576099291923438,4.8075331899554037,5.1250228002282299,4.925245975732043,4.7126658837809563,4.9998785517044793,4.6338581203645512,5.1524688796160856,5.299483394762472]
[null,3.0596971467871237,5.0434890355275011,3.8833188357746384,5.1804642047157623,4.9822790564223967,5.169063938201619,5.0063140013269392,4.9618476531608255,5.3212015252184761,5.0306163354452904,4.8254311490811874,5.0939743184147881,4.8583442840025839,3.954797551123892,4.217801819614424,4.8058167768978368,5.0971292061642561,5.2732302284877886,5.1113801630490991,4.9390724606524579,5.266381981577557,4.8715567911796889,5.1750779184455418,5.2883640544112742]
[null,0.26472363915614305,2.374006892977595,0.29927654022326533,0.78673259242007532,-0.36852708556364111,2.1471013525127454,1.0543928635938244,3.6153203930088775,3.177998399979812,1.0786925886262264,-2.836593940865848E-3,-0.62913197807248233,-1.8475814554219028,-1.4520104175132367,-2.1355700739634673,1.1527053737301121,0.60590882697396076,3.6779128303294972,2.6496180679178059,1.5655294167473701,0.98624656025593793,1.3485260500984453,4.4242169669926241,5.3472264193892505]
[null,0.61176332189997584,2.7032266551789363,0.74112692660040969,1.3253717700416672,0.28579685194932047,2.5700758458218109,1.5920214546590912,3.8306731417318858,3.4920116103580172,1.5177013073784258,0.54110084526913549,2.1163079288367387E-2,-1.0809740346370491,-0.80244640056615468,-1.3759538232222588,1.5939459197775498,1.1452469113392454,3.8772078810010506,2.9586624107676207,1.9890808207488815,1.5234068760395012,1.7819480596231987,4.6188543492654475,5.4382017387446631]
[null,0.94009965152004393,3.0152674064716494,1.1574637266756214,1.8316042283209126,0.89941868845639472,2.962074049749543,2.0901375073120523,4.0308940320861248,3.7833052704911325,1.9378014839517024,1.0586839080042396,0.63778507573574461,-0.35570298691130814,-0.19059458132421261,-0.66113377132524509,2.0113558913276552,1.6542843086164656,4.0686661344163246,3.2508803525662069,2.3867113800750861,2.0256386092301653,2.190473213713255,4.7929366111881917,5.5170996025577965]
[null,1.2513535298965053,3.3116266556754677,1.5503802307573167,2.3079462670083699,1.4755321087687872,3.3255413126582289,2.5517713769468497,4.2172835729412022,4.0537641732020164,2.3406349872837691,1.5521555790992656,1.2235024028269288,0.33139046458067978,0.38620226633668614,1.2002055723861493E-2,2.406783550725176,2.135261271482372,4.2531841862554467,3.5279159741020854,2.7607560846862191,2.4960533945779519,2.5762173288609858,4.9480536549845553,5.584905165389527]
[null,1.5468879257948212,3.5936837005740285,1.9216969072330905,2.7567226105645122,2.0168624292210717,3.6626173367628492,2.9796086398727906,4.3909903736915794,4.3050158162547882,2.7277651704420935,2.0235236784752724,1.7805926515162946,0.98276238536952154,0.93012771836806574,0.64593522350154142,2.781887222393495,2.5901965207350206,4.4315249498396545,3.7911755373987575,3.1132593729223883,2.9372140083147507,2.9410138768047336,5.0856394129766,5.6424216295022287]
[null,1.8279902141100071,3.8626041424297171,2.2730783406264674,3.1799550723301917,2.5258324445443914,3.9751993412848488,3.3758942171705701,4.552990958146153,4.538475188507225,3.1005035895152018,2.4744671672575125,2.3112211193341952,1.6011127442911663,1.4433441314739908,1.2431603998281748,3.1381022337573912,3.0208371456878789,4.6044042045789828,4.0419474161986724,3.4460221716490076,3.3515060343455567,3.2864116093282818,5.2068689770056125,5.6903260358184964]
[null,2.0957593631695182,4.1194705108281751,2.6059237522693124,3.5794304502261216,3.0045997968494649,4.264950897351425,3.7427830880214996,4.7041404531115338,4.755421026002689,3.4601078062601163,2.9065440377517575,2.8172774145950683,2.1886137342419221,1.9277296556746606,1.8058784164361299,3.4767156256775711,3.4287159117844812,4.7724193678483875,4.2813356622389431,3.7606536418155683,3.740998283641392,3.6139198714273735,5.3127811420900057,5.7291969717164397]
[null,2.3511496916078252,4.3652540770991335,2.9215475744692792,3.9567202978624425,3.4551401810629789,4.5333089321327105,4.0820050627539217,4.8451884985188487,4.9569303873052331,3.8076457132668069,3.321183280257705,3.3004673646534921,2.7472424113918437,2.3848845962391891,2.335959737629643,3.7988901100376609,3.8153144751337504,4.9361283376190617,4.5103711130794713,4.0586142814833988,4.1074591752583256,3.9247764610831246,5.4042284529936753,5.7595166125695911]
[null,2.5950776059484739,4.6007479844476897,3.221076629737039,4.3133013508985867,3.8791591572381403,4.7815559509102572,4.395196037969642,4.9768162826776789,5.1439880048351192,4.1441407632285339,3.7196626581832053,3.7623008576405472,3.2789076275616371,2.8163263456702703,2.8351531257925831,4.1056320200373646,4.1818227139655173,5.0960241735852945,4.729860880549392,4.341118118285217,4.4526420439754277,4.2201454316171709,5.4819514888808154,5.7816807663662146]
[null,2.8283148275194314,4.8267621971781782,3.5055431201478076,4.6504237909476895,4.2781576052003194,5.0108173851563604,4.6837448558514945,5.0995742349132698,5.3174203244254974,4.470435555159721,4.103072147673414,4.204155935719105,3.7851644249342935,3.2233288948535934,3.3049195049839439,4.3978247003373561,4.5294051153272932,5.252575745896725,4.9406769777413775,4.6093484175148918,4.7779799993656349,4.5010012406201065,5.5465631075085771,5.7960125226227657]
[null,3.0515796709176977,5.0439592880355235,3.7758830797950922,4.9692678823043535,4.653618028121457,5.2220314011801516,4.9488554621961258,5.2139748023460273,5.4779627358311158,4.7874443030595089,4.4724662237255055,4.62736811682786,4.2675696196214776,3.6070093750701178,3.7466381531110589,4.6762863715960714,4.8589958697693918,5.4061880770604072,5.1434825307816716,4.8642832621424503,5.0847392268054206,4.7683032433033983,5.598569548541823,5.8027725629131268]
[null,3.2654690830360966,5.2529702805827982,4.0328501838619228,5.2707752767309506,5.0066282830118034,5.4160778826399492,5.1915612168821408,5.3204456638943345,5.626234753221679,5.0958559335640876,4.8288175314718931,5.0329871582684902,4.7273640351153876,3.9684151804782655,4.1614969528982666,4.9417887594041039,5.1715030397390693,5.5572228700920379,5.3389581662222145,5.1068365524886241,5.3741338734405417,5.022823794309633,5.638367639451646,5.8021552572356354]
[null,3.4705740083606225,5.4543478149869378,4.2772153104842952,5.5559279350770385,5.3383594643007033,5.59363007513962,5.4127876908303936,5.4193672851067243,5.7628091203488268,5.396372132929125,5.172986898091767,5.4221020722872728,5.1658915036369759,4.3084301457705028,4.5504576757343234,5.1949213395827396,5.46767466449369,5.706075853977568,5.5276626799739761,5.3377976977908244,5.6471979533851435,5.2653330263683706,5.6662731622761218,5.7943008570984267]
[null,0.61644038923439959,2.7319555011527039,0.60998025663850164,1.0551531513891215,-0.14873270809222031,2.4624313409466159,1.3209888310342046,4.0205702207731893,3.5400696096802564,1.3916458692770046,0.26593086425353485,-0.40556115239793267,-1.6724832485519574,-1.2282106945430049,-1.9578953547862832,1.463464503829409,0.87486397809572947,4.092002622394034,3.0158397700787885,1.8824239524391158,1.2542311876598893,1.6619771409114461,4.8359852591597869,5.8048823734813206]
[null,0.97008302486851228,3.0672680459524542,1.0608580843864743,1.6052078364695301,0.51990491340715306,2.8969119266146608,1.8731201250596141,4.2416708496318716,3.8626435103469903,1.8369153311774749,0.81857026962025137,0.2560833006451777,-0.89189494370919842,-0.56560764554687959,-1.1829013240401289,1.912984211295145,1.4247199865921911,4.2939464642645824,3.3309353816415497,2.3153912750940622,1.8039696119210631,2.1041997311639737,5.0389138579398898,5.9008732920475708]
[null,1.3045879103507019,3.3849331802737765,1.485696682834478,2.1222141214032861,1.1470433700600828,3.2997409371329218,2.3849580378615194,4.4472511551746452,4.1619503297534655,2.2627581367313097,1.3443851738300598,0.88332313591889067,-0.15342661504076016,5.878240498537346E-2,-0.45339977198670761,2.3381616139010726,1.9436763666021986,4.4877843228620442,3.6287193024550883,2.7217323336914823,2.3179728011178868,2.5209749501983154,5.2207443692834357,5.9844826358537127]
[null,1.6215729273312627,3.686527110625196,1.8865494423180533,2.6087222618197567,1.7358788138134682,3.6733975751780901,2.8595616798852874,4.6386467042626283,4.4399177310890128,2.6709452069241175,1.8455693542038203,1.4790367235969706,0.54618060200091423,0.64729952783727673,0.23380110126637224,2.7409499563141506,2.4340595451612024,4.6744202114235218,3.9108494574650718,3.1038671417151615,2.7993587465582457,2.9144394572276591,5.3831791930737252,6.0567163219122726]
[null,1.9225004751224282,3.9734452631129638,2.2653622187291407,3.0670707293335089,2.2893276373965552,4.0201719503179607,3.2996585710440813,4.8170384738507908,4.69823438192451,3.0630413704102404,2.3241427441649902,2.0455790520582218,1.2094048565849675,1.2025065019057897,0.88120264498461531,3.123000299662495,2.8979145290656887,4.8546681368783,4.1788196455151665,3.4638939767049592,3.2508292454706091,3.286480487189678,5.527690550064861,6.1184230317665129]
[null,2.2086619068283611,4.2469218313177155,2.6237858950754318,3.4993638332182155,2.8097725373245397,4.341891134030015,3.7076733902086763,4.9834446449108194,4.9383974065031975,3.4403906415409251,2.7818555919506252,2.585164343574446,1.8389956477768137,1.7265818386845544,1.4913102666444913,3.4858299878230299,3.3370668338589646,5.0292416168903253,4.4339489989994387,3.8037144876405575,3.6747430947140485,3.6387250558194535,5.6555053531499171,6.1703125276825759]
[null,2.4811794147096946,4.508043842085554,2.9633438901744849,3.9074489437617848,3.2995304834688026,4.6403902852445391,4.0857351613521917,5.1387775823008566,5.1617043527566375,3.8042521745541547,3.220339267264118,3.0996749075361802,2.4372070773761592,2.2213666252513757,2.0664623804230193,3.8307529495172745,3.7531453918074527,5.1987810922074322,4.6773803321034899,4.1249384073219426,4.073305387271537,3.9726829892102398,5.7677216261700623,6.2129994350202802]
[null,2.7410900597102956,4.7577975942024002,3.2853215402137441,4.2929628632750303,3.7605321538932821,4.9171095127850579,4.4356999147077749,5.2837833864562462,5.3692772753049836,4.1557702659205207,3.640990679831261,3.5908524589688682,3.0060649110103896,2.6885423870957683,2.6085797114683262,4.158899325304688,4.1475201464338234,5.3638312941093842,4.9101288875282734,4.4290491970007508,4.4483851684882012,4.2896647910876622,5.8652147853848744,6.2469927118618953]
[null,2.9892672181820656,4.9970797350465253,3.590887138564935,4.6573478729934203,4.1945684211412955,5.1733586974472132,4.7592215175767576,5.4191818669016882,5.5621192249100355,4.4959592216001392,4.0451468804996766,4.0603154335539955,3.5474459930259474,3.1296799006730649,3.119381671751019,4.4713759081280742,4.5215559837976436,5.5249433651508015,5.1330945952691058,4.7173818612046183,4.8016642259585316,4.5908245265000192,5.9487805359850778,6.2727062281444388]
[null,3.2265372475431957,5.2266023437862614,3.8811405875959912,5.001970447023985,4.6032135677464243,5.4103283341339834,5.0577234981026979,5.5455391280397217,5.7410842718934516,4.8257238846307384,4.4338895555783511,4.509412659780196,4.0630604687845837,3.5460964368450476,3.6004275127576211,4.7690864607834031,4.8763533788348044,5.6825385172482346,5.3471512656369864,4.9910677408383943,5.1346563098991842,4.8772264019533198,6.019061290188886,6.2904958656371202]
[null,3.4536302858638583,5.447151952030227,4.1569749518964523,5.3279531723386571,4.987911449048112,5.6290018659916239,5.3324689741162263,5.6633907399465198,5.9069724235409549,5.1459163928790144,4.8083612450186326,4.939504061247856,4.5543661044031172,3.9389138603994924,4.0531080620388868,5.0528689174719847,5.2129635772574163,5.837073915978972,5.5529715694960498,5.2511976606007504,5.4487518328471101,5.149789798269568,6.0765890765677923,6.3006343303005741]
[null,3.67119687671339,5.6593227622835478,4.4192569406067959,5.6363696480767587,5.3499105312380255,5.8302621064257414,5.5845806124327675,5.7731958756982209,6.0604278334818202,5.457308562703397,5.169532092210412,5.3517298391540811,5.0227731274428971,4.3092341633835893,4.4787199312657853,5.3234998797255901,5.5322316838522658,5.9889403352704349,5.7512641819996597,5.4986335482895443,5.7450969858203962,5.409388483876465,6.1218033762250279,6.3033399800963421]
[null,3.8798035397058088,5.8636952514788021,4.6687177360115131,5.9281780472301291,5.6903211144929893,6.0148722587933401,5.8149593387602563,5.8753450529386138,6.2019893730590088,5.7606193530581615,5.5182517220113709,5.7471383241595122,5.4695575738810147,4.657941055159549,4.878177458517901,5.5815989423361181,5.8350046048709512,6.1384799906539076,5.9425904276821369,5.7342767953627165,6.0248218136685168,5.6566917798775052,6.1550329954322649,6.2987700628107532]
[null,0.96535938374223207,3.0872890937275326,0.91690757503044618,1.3187691527785108,6.5469133958632075E-2,2.7728285332162468,1.5815975571099128,4.4232184403335282,3.898385573013285,1.7020065438706671,0.53100590271420323,-0.18656219222930351,-1.5029311349690888,-1.009592050146451,-1.7862355179680098,1.7708081817732952,1.1395497450337424,4.5048276528629767,3.379329510884487,2.1953191566649757,1.5169022596967228,1.9717030022560322,5.2440442608113988,6.2602135687758009]
[null,1.3257681937263393,3.4287923087469832,1.3770143624615243,1.8805011312027642,0.74848748310969626,3.2190480304596281,2.1484401322609541,4.6502197918791017,4.2297172354261159,2.1536342760985119,1.0926213285174835,0.48660693588155679,-0.70812322583718745,-0.33377108219497237,-0.99567051389344874,2.2286811289608739,1.7000397024780627,4.709527373892997,3.700691247898372,2.6379387933963963,2.0795112472462147,2.4228967541221738,5.4554250633499946,6.3613557013661444]
[null,1.6665455529245341,3.7522110864536149,1.8104378172445794,2.4084466190312139,1.3892290886905028,3.6328788381974504,2.6741546352476986,4.8612804269319332,4.5371713354533858,2.5853823537807656,1.6268093953922926,1.1246806254183701,4.3864778417515772E-2,0.3031299333895433,-0.25137647236440247,2.661793389783456,2.229047792794117,4.9058139594501666,4.0042004596080405,3.053162267249748,2.605534941532524,2.8480660074200985,5.6451751545412563,6.4497897733637934]
[null,1.9893901388489852,4.0591493877468983,2.2194102645984937,2.9052670556019189,1.991050097571611,4.0169150276706613,3.1618885389546345,5.0577978545122395,4.8227925038433952,2.9990163521269615,2.1358289483029305,1.7305416667684301,0.75598306432096107,0.90362035241154315,0.44999526530697315,3.0720389419384508,2.7289577328910162,5.0946685752464624,4.2915793208235549,3.4435610996392745,3.098106336970742,3.2493946855823843,5.8150773519315493,6.5265502698106861]
[null,2.295820874594463,4.351054379222032,2.6058421581910252,3.3733768301997902,2.5567296472899059,4.3734811936487228,3.6144753419324642,5.2409822128165384,5.0883304350777729,3.3961650482852259,2.6217356922006982,2.3066735297845109,1.4312440783678089,1.4702687933170895,1.1109459434877849,3.4611418171194486,3.201877351664173,5.2768819468710237,4.5643851235241657,3.8113012004324052,3.5600485490787501,3.6288220306519285,5.9666480691348429,6.5925375301417528]
[null,2.5871332825594306,4.6291774226467757,2.9714880608022307,3.814864927606425,3.0888577703440738,4.7045477279577508,4.0343628917595327,5.4119012455884565,5.3353095196982006,3.778229233147993,3.0863602744050027,2.8553054559597126,2.0722336330127051,2.0052689953651415,1.7341456251780629,3.8306701968415204,3.6496688579913701,5.4532353147586177,4.8239674225757874,4.1582787113083279,3.9938232938137541,3.9880456510399998,6.1011836496061091,6.6484930750363738]
[null,2.8645137741116597,4.8946284616510685,3.3178167843591111,4.2316733937103361,3.5896731775614272,5.0118838875774214,4.4237834339580715,5.5714653396416054,5.5650723726728097,4.1464712942256936,3.5313339401570767,3.3784050069598353,2.6812710733341354,2.5105425167092723,2.321791062546728,4.1819189704454249,4.0739466231458721,5.6243391284093827,5.0715181899746575,4.4862492456449203,4.4016424946932586,4.3285496397088261,6.2197942178271175,6.6950706399446576]
[null,3.1290057045484452,5.1484594027008725,3.6462379309801354,4.6254810070410901,4.0612713374167022,5.2970713908691955,4.7846039670789802,5.7205243883038053,5.7787813387794476,4.5020336104254097,3.958073446971722,3.8777438984632004,3.2604745645851625,2.9878594243076622,2.8759627387064648,4.516188585925776,4.4762227766435068,5.7908107312584933,5.3080947765728999,4.796667594533913,4.7854233612607402,4.6517699940357415,6.3234286297423443,6.732792003748286]
[null,3.3815244904018225,5.391580627764621,3.9579835191855874,4.9977888388021317,4.5054503896372493,5.5614389727971423,5.1185285796418905,5.8597523128655542,5.9775047215931396,4.8460175074586447,4.3679657746895675,4.3548572310250986,3.8117285114580408,3.4387408055940871,3.3984724326179627,4.8344458614367039,4.8578376056050407,5.9531704628816469,5.5346514193058054,5.0909401217712418,5.1469394056921027,4.9588165963761304,6.4129192930278371,6.7621155055820772]
[null,3.6229027455338629,5.6247229116872317,4.2540416157901353,5.349980647940372,4.9238555536406166,5.806209689666443,5.4271133530648443,5.9897787803156097,6.1621059860745531,5.1793054583463043,4.7621961516619589,4.811319418580517,4.3367720375365089,3.8646154650713047,3.8908496314177197,5.1377431854481657,5.2199329846071088,6.1118805372435725,5.7520042335019363,5.3702307936579938,5.4877560705855064,5.250822117359534,6.4889440907810769,6.7834024688892782]
[null,3.853902095225882,5.8486571316158535,4.5354992838852199,5.6832313394865874,5.3179067615473361,6.0324281088756546,5.7116044494580018,6.111146202381077,6.3334127814259844,5.5027787518751134,5.141830839698299,5.248432787655477,4.8370803331099443,4.2666242767860636,4.3545935371220894,5.4268982002789805,5.5635494142898221,6.2673908858964964,5.9609233896707092,5.6355950535367949,5.8092545712466075,5.5287310180607037,6.5520528018243409,6.7969581317510928]
[null,4.0751848710778988,6.0640535642378408,4.8031294280738823,5.9986206700879938,5.6889721223919896,6.2409987866587695,5.9731527400112352,6.224324407447396,6.4920845175527573,5.8172365350308395,5.5078830119109767,5.6672939408015459,5.314161924359853,4.6458897019446059,4.7909336890965468,5.7026969885015344,5.8896698331506094,6.4201014883049892,6.1620957654387931,5.8880448511698793,6.1126717473611585,5.7934298502746548,6.6027313836196111,6.8030164111664364]
[null,4.287353259873532,6.2714683321867906,5.0577575245887001,6.2971313970710003,6.0381262943192802,6.432715447742364,6.2127653652268489,6.3297350567478388,6.6387297696500704,6.1233692312923687,5.8612061668177491,6.0690613697491091,5.7692219383676315,5.0033651871565841,5.2009871731570829,5.9657954058100691,6.1990725417031349,6.5703679716175003,6.3561455857784948,6.1284245839182185,6.3991547929862191,6.0456849407381368,6.6413330309122633,6.8017547789324757]
[null,1.3114267158535837,3.4398820340240932,1.2200192677693029,1.5775476667414225,0.27368940352283483,3.0781934877956418,1.8360894817795037,4.8232040857351786,4.2528443523345327,2.0096221577058553,0.79241372217396788,2.802739764138875E-2,-1.3387879477212228,-0.79618376521377932,-1.6205937070028225,2.0745733434836477,1.3998645462209185,4.9162906271865534,3.7400643892036491,2.5040804575107574,1.7741936198869634,2.2776615624237144,5.6482605334910225,6.7131305274273894]
[null,1.6787272599269594,3.7877376475155931,1.6895231099153865,2.1511815310921585,0.97139334172867942,3.5363606349695207,2.4178675100920448,5.0562450338743892,4.5930637571026294,2.4677963837558101,1.3631671655925288,0.71270863457341194,-0.52969251830163955,-0.10700815247038344,-0.81432041964450808,2.5409843550933702,1.9711171450900364,5.1238616905016503,4.0678206813872935,2.9565462124024497,2.3499649817180956,2.7379659560112732,5.8682777047109251,6.8195750632373846]
[null,2.0259226681513542,4.1170655089688477,2.1316996208420842,2.690229714250993,1.6260168061560514,3.961372589013477,2.9576967133440646,5.272903213632282,4.9088725866276484,2.9055690196978454,1.9058488128345712,1.3617390469415664,0.23585367589824294,0.54257183913260465,-5.5083265604931486E-2,2.9821076961837814,2.5103646244079965,5.3227210588221068,4.3772125119982022,3.3809008050523124,2.8881859024857781,3.1717128396818843,6.0661543768913573,6.912946292228936]
[null,2.3547845277517054,4.4294365403619533,2.5489219156069067,3.1975379903922057,2.2409693649745437,4.3559772171838924,3.4587782108175782,5.4746607688047844,5.2023260873854182,3.3248091685507783,2.4228600439397638,1.9779254540758913,0.96083403138869095,1.1551551060836405,0.66066192789025624,3.3999371693461913,3.0199191646155237,5.5138577630094305,4.6699703018460106,3.7797502916391177,3.3921900010739598,3.5810248202834503,6.2436470748574466,6.9943453439374395]
[null,2.6668029307940535,4.7264182574366691,2.9431174742056987,3.6755508278066427,2.8190931350853208,4.7225059690423326,3.9239796514852534,5.6627307896807606,5.4751782165296312,3.7270812596524396,2.9162437599567417,2.5638198793882485,1.6482267792128249,1.7333346493488846,1.3352566399485699,3.796214973180887,3.5020020851852505,5.6981421799232246,4.947754564048517,4.1553539289485331,3.8648073979429109,3.9679708631892256,6.4024111848832082,7.064707405066307]
[null,2.9633915914946347,5.0092782866518641,3.316038086494081,4.126364548453572,3.3630011530210999,5.0630392966788387,4.3558952783700997,5.838261073461835,5.7291125825912799,4.113946908051676,3.387912816855462,3.1216447262877924,2.3007976825362015,2.279376313311356,1.9715241984991021,4.1725466276078267,3.9584612818928218,5.8763242901084567,5.2119249914532464,4.509720407912071,4.308630882672956,4.3342855952346007,6.5437911962666675,7.1248232284186148]
[null,3.2457044730500786,5.2791951328867226,3.6692936802269234,4.5520332716760068,3.8750431619293324,5.3793808130230358,4.7567678365206936,6.0021788062311856,5.9654344214747059,4.4866539981324847,3.8394562092953501,3.6534073485991216,2.92076617202305,2.7952460937577865,2.5718287399404995,4.5302462910936194,4.3911067257135592,6.049091181175692,5.4637270568243137,4.8445260317624355,4.7258324338007611,4.6814877602902802,6.6689032458622961,7.1753587476568317]
[null,3.5148555360190299,5.5371942069813329,4.0042796423031852,4.9542765991198872,4.3573471430777904,5.6731646031351328,5.1285970362035824,6.1553369205656336,6.1854103707576398,4.8464006392032903,4.2724203960883429,4.1609634135102125,3.5104184268866878,3.282777217280656,3.1381701993302533,4.8706271129606415,4.801339921129383,6.2170151541573109,5.70425293583284,5.1613829197168721,5.1185200430822642,5.0109818720286778,6.7787988761992954,7.2168774731115004]
[null,3.7717939985939317,5.7841826351592971,4.322245938259794,5.3346027796335491,4.8117798580707634,5.9457356936926162,5.4730702474343964,6.2984790267757305,6.3900866262441465,5.1942283081602563,4.6881830506364928,4.645943071911514,4.0716386497850117,3.7434940652649908,3.6724138548333038,5.1947987849331376,5.1906166028563927,6.3806781300806765,5.9344357382641757,5.4616956634771752,5.4884235636269283,5.3240433260187485,6.8743054549447162,7.2498635706410086]
[null,4.0173536321105328,6.0210214859412092,4.6242500918006959,5.694423456601605,5.2400201278501735,6.1984158590395584,5.7918103028233805,6.4322304173533764,6.5804086048498354,5.5311031448234314,5.0879485321566316,5.1098350857075374,4.6061488574808234,4.1788387143323433,4.176221958488628,5.5037245794089245,5.5600478038229495,6.5405634615263288,6.1551952060353878,5.7466746289280035,5.8371846175752298,5.6217257163236036,6.9561347807257592,7.274700829634142]
[null,4.2523328728307845,6.2484320288757793,4.9113559516315117,6.0350138575726264,5.6435113338204701,6.4322651183431372,6.086123014222383,6.5571652736371515,6.7572151014093507,5.8579256704957867,5.4727981588009111,5.5539884342171773,5.115606825472252,4.5901146459764002,4.6510649001066433,5.7982987811983593,5.9107995378453895,6.6970805028267808,6.3672889898719616,6.0174296837165731,6.1662506248188738,5.9050909444156083,7.0249057699150521,7.2917143226087466]
[null,4.4773842832941604,6.4671003487859631,5.184439634896056,6.3574617990697169,6.0236537367299832,6.6482080217864956,6.3572209386498075,6.6737825601694425,6.921179501183234,6.1754895932376268,5.8437751236535309,5.9795926888252939,5.6014080085410392,4.9783776172570944,5.0981841249140141,6.0793119165490639,6.2437862986199262,6.8506892784834479,6.5714259029741919,6.2749771761926372,6.4768174162189895,6.1749532077971248,7.0811062447059729,7.3011600782556458]
[null,4.6931582271595422,6.677619094567981,5.4442992353884261,6.6627510188657277,6.381628158999276,6.8470901012496919,6.6061280175269692,6.7825009604448621,7.0729570595126114,6.4845335793459364,6.2018015718872199,6.3878116052444502,6.064876760997195,5.3446523859134221,5.5187968341641644,6.3474865365881579,6.5598740393806807,7.0017334439334329,6.7682061730125165,6.520177490149778,6.7701424057691177,6.4321798675678528,7.1251259119611463,7.3032340692331488]
[null,1.6545947939376104,3.7896418505176044,1.5192394659144559,1.8314811625616738,0.47605180902180072,3.378507431603504,2.0843950441793511,5.2204412195204393,4.6033229299994511,2.3145374793366602,1.05009866529434,0.23780266495030428,-1.1802835452145457,-0.58802827965905247,-1.4610785479268094,2.3747939745676248,1.6557705629122732,5.3263774442951624,4.0979111738160841,2.8086300962393373,2.0260548436744963,2.5796612238232828,6.0485359101801102,7.1635533967394016]
[null,2.0289295874501105,4.1440357403351209,1.9982532453258119,2.4171462168514002,1.1886290972204649,3.8488032091386679,2.6813850132766119,5.4596453971847057,4.9526620335567371,2.7793571723454531,1.6301280033633523,0.93430327122841172,-0.35665229397423426,0.11477875376212622,-0.63890639016143302,2.8498612887172876,2.237979913969808,5.5369296985348377,4.4322615046793619,3.271147004500381,2.6151799071415405,3.0493322539365364,6.2774052402059652,7.2754401467732608]
[null,2.3826866279807382,4.4793499913745602,2.4494383712360142,2.9675013757175774,1.8573042153240982,4.2852194847039948,3.2355055544754725,5.682055560852187,5.2769634606432705,3.2232674422929271,2.1815167504031816,1.5945200036415383,0.42265510957736718,0.77708301411148051,0.13565761006490892,3.2991587427675237,2.7874811872216858,5.7384299287558838,4.7476810576367745,3.704841838287487,3.1659056620938206,3.4917765209643905,6.4835138047919747,7.3738832343328946]
[null,2.7176525159568499,4.7973299465031385,2.8750071894212312,3.485466693187385,2.4855062521743534,4.6905511355903364,3.7500703037152254,5.8891531221173556,5.5783921707375139,3.6481654983109379,2.7066646832041057,2.2211771790470189,1.1606005638823294,1.4018291084622581,0.86555977240876836,3.7246744504787954,3.3068401844025823,5.9319485668877521,5.0460115181429588,4.1123442147688216,3.681513828488268,3.9092686824406426,6.6688241809099518,7.4600381635005926]
[null,3.0354085437141549,5.0995003308368601,3.2770748924512834,3.9734603850077179,3.0762145016303908,5.0672107209384025,4.2280906787437287,6.0822463166118128,5.858747569506745,4.0558034665869469,3.207617712886262,2.8169493460350021,1.8603190044280431,1.9916576733968188,1.5540167274165229,4.1281863701427044,3.7981819516908177,6.1183616733591375,5.3288820528663541,4.4960468634533903,4.1650475842402805,4.3038829263018847,6.8349120798854353,7.5348768374670758]
[null,3.337334118139899,5.3872001713910409,3.6574421077376065,4.4337777977257282,3.6320634740223396,5.4173224145885142,4.6722137614117649,6.2624743380404331,6.1197321909407689,4.4475472289313087,3.6864451699897178,3.3840624915201691,2.5245297962439452,2.548844219014593,2.2035325525348126,4.5113853781939612,4.2635399220938739,6.2984561649294966,5.5977701262111328,4.8578527567623571,4.6190235880547652,4.6773370074309417,6.9832368039666006,7.5992322238992465]
[null,3.6247152850195126,5.6616574727721138,4.0177357689513657,4.8684193399354871,4.1555416208087248,5.7427893985212535,5.0846913054405238,6.4308206303584505,6.3627343468637925,4.8247989083852767,4.144675547466151,3.9246559959516074,3.1556232518923344,3.0754210053399866,2.8165395694514759,4.8756390158675043,4.7045313985839599,6.4729286393357688,5.8539285913467092,5.1996753313701198,5.0458352688344013,5.0313318262988549,7.1150024916542005,7.6538080742203265]
[null,3.8986116277383216,5.9238936430264708,4.3593815971431837,5.2791945015878738,4.6486849287012344,6.045256826864315,5.4676103276890631,6.5881784791137878,6.589066305921496,5.1887731461928714,4.5839655155616903,4.4405440099505569,3.7558433850158588,3.5732010096532827,3.3951343129798701,5.2222693030892993,5.12283964663105,6.6423998942442726,6.0984744768287236,5.5231242434736947,5.447547649808091,5.367268815736236,7.23124930235024,7.6991995597508156]
[null,4.1600268405185723,6.1748765989784689,4.6836257248953066,5.6676771268123041,5.1134667715792252,6.3261759478910555,5.822769634599875,6.7352989653004371,6.7998099610334224,5.5405339017337631,5.0056665571159034,4.9334399465331513,4.3271202024263333,4.0438615046391204,3.9412274055076635,5.5523938121289769,5.519799231157636,6.8074395167613817,6.3324117192044858,5.8295896242103433,5.8260093470481351,5.6863962047437679,7.3328565496017513,7.7359083619253024]
[null,4.4098420722180665,6.4154752975367542,4.9916759566582174,6.0352498734561992,5.5515975190575864,6.5868556024159473,6.1517926796087279,6.8728507805418362,6.995923882437058,5.8810899391719174,5.4110190868830976,5.4048357361386481,4.8712658467545999,4.4887995171043578,4.4564981345427155,5.8670174470816159,5.896702751632378,6.9685025698784386,6.5566646428056359,6.1203982764476192,6.1828461812458526,5.9898892955036223,7.4205905899354523,7.7643523299256119]
[null,4.6488596646446867,6.6464112398695985,5.284542015742792,6.3832633929224212,5.9646587455976769,6.8284066627838023,6.4559995160333852,7.0014295057628448,7.1783011625416027,6.2113525929145377,5.8011898461252951,5.8561265319707241,5.3899239733275568,4.9093570931952053,4.942441098096154,6.1670636374478631,6.254574134417374,7.1261207826265194,6.7720061911891216,6.3966319812945525,6.5195136830076184,6.2787525955440859,7.4950838037884671,7.7848684534844903]
[null,4.8777694173770696,6.8684107662173242,5.5631330109786843,6.7128225493291085,6.3540062055218938,7.0518244046304286,6.7367084626937039,7.1215239735682818,7.3476225996998776,6.5320831896856122,6.1771748204840193,6.2885642042673302,5.8845216132626001,5.3066849890233305,5.400403989529023,6.453346611971722,6.5944707240050358,7.2806460300137772,6.9791500237528146,6.6593467128634893,6.8374249143664523,6.5538823409801168,7.5568651953693076,7.7977426840917259]
[null,5.0972240534161264,7.0820960189225666,5.8282519018199013,7.0249549926069674,6.72084966274224,7.2579083496982983,6.9949877978054849,7.2335977147976864,7.5045999218096968,6.8440726275007329,6.5399556295185564,6.7032864464270112,6.3564340499728438,5.6817298964536773,5.8316003491572701,6.7265737101275311,6.9172711245065051,7.43250415869446,7.1787666038428526,6.909484808096126,7.1376658111306579,6.816156966064292,7.6063600452822122,7.803183237628267]
[null,1.9947695945985666,4.1365192142440907,1.8144153049844249,2.080407502064157,0.67238540706475636,3.673602085266205,2.326429741047908,5.6147824311837224,4.9497595817301701,2.6165692758681063,1.3039694577739738,0.4428386212282599,-1.027418638653667,-0.38514601238029916,-1.3075896523604607,2.6713958604218795,1.9072582421065301,5.734979174107278,4.452806831834482,3.108854006523837,2.2722521181979101,2.8777496955834203,6.4447003793620485,7.6113681930736252]
[null,2.376319776807291,4.4975661498563815,2.3031938575188566,2.6783542185818665,1.4000810646854966,4.1562375822378739,2.938823241256141,5.8603554722272841,5.3084042485286966,3.0881648335221104,1.8934907929106015,1.1513998655628033,-0.18906700443281674,0.33133858551253759,-0.46944460641916574,3.1552751526751077,2.500529622835439,5.9486190188156582,4.7939221189161447,3.581680847868518,2.8750953981743042,3.3569405720951138,6.6826396868884048,7.7288518189785718]
[null,2.7367470781922179,4.8390482398357699,2.763451434929348,3.2402291288845584,2.0830250504705696,4.6042707049531781,3.5074352794709589,6.088657749488406,5.6413776112687106,3.5384142901012363,2.4537123419961544,1.8228598597593975,0.60416638274103529,1.0065382765351849,0.32039074698001008,3.6128080824929718,3.06049560031816,6.1528931110443921,5.1155631499659791,4.0249442409135687,3.438473375989632,3.8082481623243685,6.8972216895817597,7.8325044877417875]
[null,3.0779524017116575,5.1627393796571797,3.1975838638073144,3.7689139326101837,2.7247088599520444,5.0205055471555564,4.0357150609242751,6.3012188932549824,5.950906267313723,3.9691316389041233,2.987063575763766,2.4601720284859883,1.3552791306940697,1.6436322474987999,1.0648359459886965,4.0461052227510654,3.5897343506248309,6.3488790037919678,5.4195666659425861,4.4412593158316067,3.9659804142824187,4.2340572040950599,7.0904411822910145,7.9235298638415612]
[null,3.4015331550149175,5.4702441790294314,3.6076870506960863,4.2671424572886751,3.3281333901127992,5.4074308813018712,4.5267519017790141,6.4994278373070244,6.2388923753203018,4.3821131596146632,3.4957995319483235,3.0659454692466115,2.0674296716264249,2.2452256840545926,1.7672375243434795,4.456998350079747,4.0904267973596919,6.5375089069977737,5.7076701882241565,4.8331345128366712,4.460591141361121,4.6364082184991222,7.2640350629367454,8.002965617210192]
[null,3.708968215743067,5.7628802158658408,3.9955998455679338,4.7370605613418233,3.8961103143418221,5.7672989806948074,4.9831893953155273,6.6844566334186544,6.507052771644986,4.7788826860894158,3.9818204521152056,3.6425326578822603,2.7434636554846703,2.8136631987335607,2.4300663122105211,4.8471726557510095,4.5646889407281259,6.7195849211726335,5.9814017846442011,5.2026473977562375,4.9249800362502887,5.0172212769530411,7.4194591748519967,8.0716545308542056]
[null,4.001459200341297,6.041956291912622,4.3630337505268519,5.1808426030859929,4.431104166361636,6.1020132098668576,5.4074269564393402,6.8573410855783932,6.7568785789595971,5.1608006605404144,4.4469364678753154,4.1920606536645506,3.3858284362770594,3.3510434229297368,3.0558877118396062,5.2180500720544067,5.0142189069308509,6.895832081359095,6.242012692665095,5.5516421988890734,5.3615710063946755,5.3781300680284891,7.5579823826783787,8.1303592364213149]
[null,4.2802071906398123,6.3085244308559849,4.7114081650461506,5.6002540351138821,4.9351571778755288,6.4133133563532017,5.8015866487678966,7.0189728349859504,6.9896722656951287,5.5291115769384902,4.8925944023017802,4.7164213288058408,3.9966962533256831,3.8591829985679365,3.646836832440195,5.5709750732457683,5.4406438980791885,7.0669071248813333,6.4907073618740601,5.8817872762110923,5.7724400832550051,5.7205697568109564,7.6806949745273663,8.1797006817041407]
[null,4.5461865636217853,6.5635722749406202,5.0421060284575656,5.9969044276657462,5.4104447284228234,6.7026601503639505,6.1675135853028564,7.1701527306925978,7.2065649497276905,5.8848857222511315,5.3203673158928453,5.2173347999801596,4.578154733613033,4.3397967808525522,4.2048385129578296,5.9071300524638399,5.8454336957563164,7.2333551579965585,6.7284870459549175,6.1945573789121093,6.1596052520684283,6.0458950439577137,7.7885109070872502,8.220202078531571]
[null,4.800337536434002,6.8079757264191034,5.3562663418243019,6.3723420012939931,5.858634460709113,6.9714451024747293,6.5068716403868994,7.3115744274184093,7.4085788839066709,6.229184953074709,5.7314036442352361,5.6963244214430988,5.132034262513284,4.794381101931255,4.731579246655115,6.2274808250001392,6.2297533498627047,7.3956822011486203,6.9562976791313176,6.4912683968865856,6.524619982531779,6.3552460358006142,7.882225948177827,8.2523075245989546]
[null,5.043456328181958,7.0425141364966466,5.6549538601660592,6.7278496504650187,6.2812940293017601,7.2207838680971719,6.8211249925089685,7.4438327223599785,7.5965776629501791,6.5629066823536011,6.1269322741330976,6.1548489723986446,5.6599422550294394,5.224297904807325,5.2287507662607,6.5330544330729232,6.5948719228379629,7.5544015121746284,7.1749649830872846,6.7730784575638392,6.86909026531485,6.6496841064730576,7.9625216614524188,8.2763824464818203]
[null,5.2762657767158876,7.2679383757474572,5.9391137234830707,7.0646059674811292,6.6798967015240658,7.4517101789727054,7.1115327987943981,7.5674713855888944,7.771363348900759,6.8868797259798828,6.508029512779526,6.5941727121036298,6.1634282225372203,5.6306764010984294,5.6975561593554449,6.8246474685849607,6.9417444081702655,7.7099311665868466,7.3852127201460593,7.0410798263236227,7.1943751639986395,6.9301322318757865,8.0299569286569472,8.2927258244659932]
[null,5.4994305911279779,7.4847982603444994,6.2095924897441082,7.3836997381563858,7.0556852614833607,7.6651504188032531,7.3792450015916184,7.6829681265081815,7.9335992409215468,7.2018914709011614,6.8756367710740873,7.0154464679120947,6.6439321563141389,6.0145870037826663,6.1393821698864048,7.1030261947026814,7.271245887835212,7.8626336610509204,7.5877385572134317,7.2962182583682802,7.5016844689105042,7.1974667329881736,8.0849860659307353,8.301573016492398]
[null,2.3319105650867469,4.4804612705141205,2.1055754547322705,2.3243213694365075,0.86275176008556709,3.963427324296191,2.5620746038686883,6.0062221228960766,5.2920273445987016,2.9156883355054877,1.5540267983860441,0.64311207185207797,-0.88028645816629914,-0.18764810125055859,-1.1602772122139171,2.9642623264932975,2.154190927580053,6.142038301133824,4.8045810686102124,3.4046338749341483,2.5128367865197787,3.1718008747149842,6.8366797158404786,8.0564735570882196]
[null,2.7207775729220582,4.8483178528564732,2.6042810319063494,2.934653116426488,1.605730540299378,4.4586275215810538,3.1900936020503963,6.2582968221993491,5.6601587755067415,3.3942826604063341,2.1531064282019425,1.363895424155612,-2.6987764106304837E-2,0.54259026254988785,-0.30596634734797867,3.4571032254305623,2.7586448441811151,6.3588639756941001,5.1527001905040324,3.8880064352099444,3.1295620699802136,3.660666849252054,7.083853616330944,8.1797064725741322]
[null,3.0880830639931167,5.1960834840957562,3.0738049954711353,3.5082128541761426,2.3031323963948958,4.9184143020124313,3.7734297327309814,6.4925813009657141,6.0020147332603475,3.8509265641411203,2.7223110749554009,2.0468416295305549,0.78031010534095835,1.2309529979802971,0.49923045895066748,3.9230349586573428,3.3292385092560139,6.5660117979392361,5.4806756459428625,4.3410204509679939,3.7059361251180927,4.1210254814313663,7.3070920829577632,8.2887100389679347]
[null,3.4356127377848744,5.5255804172814589,3.5165961990239247,4.0479024686705642,2.9584388400556549,5.3457285477672336,4.315628989475421,6.7107590433243791,6.3197955738858962,4.2876192516095468,3.2640836243099112,2.6949652704887233,1.5447089193939674,1.8805473071457226,1.2583899892159589,4.3642291788620522,3.8684419031031627,6.7645716366308219,5.7905645208849306,4.7664041222141522,4.2454610681549045,4.55527311990119,7.5084331799871222,8.3847440980194623]
[null,3.7651539101518416,5.83849723357004,3.9348450524802896,4.5563998291919798,3.5748123130324831,5.7431192800499975,4.8198427754102964,6.9142127087898011,6.6155426822429568,4.7060941200147912,3.7806848462168881,3.3108709513484889,2.2695067504884832,2.4939802021378563,1.9748015650288167,4.7826026910293846,4.3786765835605692,6.9555180593718342,6.0840796437872919,5.1666978954304819,4.7513699610295372,4.9655742487114143,7.6896794066373753,8.4688736463178529]
[null,4.0781652174815681,6.1362125098687841,4.330445684423335,5.0360974410172465,4.155018141954181,6.1128670050421183,5.2887626931172731,7.1041588333431829,6.8910344525003566,5.1080207802080828,4.2741123780237444,3.8970628516390344,2.9575240057447916,3.0737584212594093,2.6510891217078028,5.1798480142721806,4.8619477727884037,7.1396490997968725,6.3627442655954702,5.544012476976298,5.2263467338711287,5.3538104407615288,7.8523475891317513,8.5420178804036375]
[null,4.3758865611281346,6.4200205462570166,4.7051587101993837,5.4890849781242315,4.701612757105317,6.4569802754147947,5.7249461911956407,7.2816537983798275,7.147792585132108,5.4946540245740429,4.7461240390880475,4.4556090698792206,3.6112118184367819,3.6219837447591523,3.2898570647638334,5.5574200566151832,5.3200735483417612,7.3177514825715706,6.6279311204448765,5.9002933934629249,5.6728758032820554,5.7217493309022096,7.9977551399893558,8.604943764266995]
[null,4.6595669934668011,6.6909975949699563,5.0603960742777376,5.9172684608431272,5.2168071121060064,6.7772034213802721,6.1304293248022166,7.4476560857804639,7.387129897921791,5.8673532186479127,5.1983116133502723,4.9885048161675236,4.2329238729385379,4.140601397990463,3.8931893288918498,5.9167265833114566,5.7547350241417794,7.4904525122420536,6.880863652068677,6.2372927184547189,6.0931222985056168,6.0707916014274126,8.1270226059201303,8.6583103260757213]
[null,4.9302110519641653,6.950199942147897,5.3975999520942413,6.3222690083121389,5.7026124949156189,7.0751227683457891,6.5072604671927721,7.6029691800394383,7.6103016035128217,6.2272393826069417,5.6321893688395734,5.4975181326979206,4.8246915562250496,4.6312727070367847,4.463187958603271,6.2589442169315923,6.167325097302232,7.6583786068749875,7.1225972561048767,6.5564709833806765,6.4890553031885112,6.4023784932368901,8.2411468289992751,8.7026804866140903]
[null,5.1887669873771411,7.1984723013914484,5.7179574618627864,6.7056712114029464,6.160928167751254,7.3520836900500166,6.8570877826303755,7.7483278371436057,7.8182728552656089,6.5753547023515733,6.0490245095808861,5.9842375895732607,5.3883436919982728,5.0955781085789278,5.0015403470494455,6.585160171954044,6.5592047167499858,7.8220437996099985,7.3540600228899864,6.8592180915706669,6.8624486303045149,6.7176914820278411,8.3409520801737127,8.7385131554068405]
[null,5.4360630704277835,7.4366857974922569,6.0225641994364274,7.068763841982399,6.5933189516542345,7.6092967731988921,7.1814206014360593,7.8843402353408507,8.0119856361939519,6.912638938684049,6.4500216780632753,6.4500746673310694,5.9256074150780691,5.5348762814361372,5.5098664706398868,6.8963016711257188,6.9315685869241683,7.9819298636689275,7.5761424892103282,7.1467351475261713,7.214804680530233,7.0177804433854138,8.4271399777575908,8.7662043517873283]
[null,5.6728594153981469,7.6655508032116986,6.3123728637870471,7.4127860583573613,7.0012367247878453,7.8478635576062636,7.4816052308870953,8.0115987844181653,8.1922834375946021,7.2399088562780518,6.8362756787001411,6.8963383369016098,6.4380693234109767,5.9503625825956652,5.9896474064361058,7.1932465647781392,7.2854336521600098,8.1384600094703217,7.7895635874766986,7.4200813656963147,7.5475687726094494,7.3036362740441927,8.5003042828935111,8.7860709638365044]
[null,5.8997964797250848,7.8857039220668428,6.5882565938940942,7.7388138098135393,7.3860465503971726,8.0686309815758541,7.7588186000834698,8.130546165567285,8.359837305123186,7.5579627430444258,7.2087319878533584,7.3242348637508696,6.9270999898043248,6.343193230849475,6.4420660460221555,7.4768058337462859,7.6217625715426278,8.2920648839326034,7.995046412940412,7.680295161924132,7.8620306946360623,7.5761379999053835,8.5609302911025971,8.7983665679117991]
[null,2.6659022872331595,4.8213190825580661,2.3926161452686561,2.5631157937970364,1.0469683307004976,4.2478545230177822,2.7913502657376164,6.3945754922157398,5.6300513784644162,3.2118563508355145,1.8001188754018824,0.83848946187402273,-0.7388523822107661,4.6206860121292296E-3,-1.0191712748735022,3.2533675184624626,2.3965242695991225,6.5474668193688039,5.1532378454869212,3.6958872622212966,2.7475442165169062,3.4617500037373299,7.224336832205938,8.4987117362661575]
[null,3.0622864246234864,5.1961362648398746,2.9013757853016404,3.1860784475285207,1.8055131518350391,4.7558873378089972,3.4352081291992183,6.6533122082904539,6.0078624511376075,3.6975371701932276,2.4090287508353887,1.5716785168771121,0.12968924214607103,0.74866983970420098,-0.1485339481430544,3.7552756047892997,3.0123850385300814,6.7676255180453424,5.5084732767437767,4.1900447343693425,3.3784364069596675,3.9605194346413399,7.4809686775420792,8.6278798161852137]
[null,3.4365419630009191,5.5503273139357674,3.380344245073148,3.771435708747489,2.5175039155869761,5.2276440162978801,4.0334531107021903,6.8937860452410717,6.3587026106660014,4.1607413061799337,2.9873393324886561,2.2662611620240245,0.95109299726321228,1.4502644117803098,0.67222286917780627,4.2297369196005832,3.5936481313300619,6.9777419175210458,5.843033962337409,4.6530327496356447,3.968020505831598,4.4300473800293245,7.7130315818748336,8.7423870348267574]
[null,3.7905937317399672,5.8858313665928632,3.831984626365188,4.322277294472042,3.1866296897825546,5.6661809016096703,4.5897572008183545,7.1176949458722483,6.684922373717086,4.6035036582687283,3.5376544974971007,2.9253030989524507,1.728970850131677,2.1124233723710888,1.4461873026038681,4.6789820189656677,4.1430374860401784,7.1789669323009706,6.1588900182991226,5.0876265658995568,4.5199278384221584,4.8728806354514189,7.9226820759011858,8.8435614132782039]
[null,4.1262064925610114,6.2042703634387282,4.2585308572328255,4.8413107711785779,3.8160970441983566,6.074169215784889,5.1072594877585535,7.326499487378773,6.9885884573257018,5.0276171182986538,4.0622692402507452,3.5515864465741158,2.4665548133593869,2.7378953650079461,2.1767345523003234,5.1049278709574235,4.6628785826265267,7.3722741683604767,6.4579405722778347,5.49650219320496,5.0373450201921202,5.2912154294252414,8.1117193149137528,8.9325355530012622]
[null,4.4448830119099503,6.5071467538730499,4.6619665309575424,5.3309003209921491,4.4086618580758836,6.4539635614719453,5.588878393804924,7.521465174671409,7.2715427557969132,5.4347141483963783,4.5631615152013847,4.1474309679571997,3.1666588172055605,3.3291163463767259,2.8666375914565787,5.5093228364759277,5.1552942350706168,7.558550178215822,6.7416981378446801,5.881800858804036,5.5230947620666972,5.6870623837778629,8.2817595875688621,9.0102208689794665]
[null,4.7479544256294828,6.7957628975480846,5.0439892962025406,5.7932280860360112,4.9670117321320069,6.8075754776587551,6.037029054672864,7.7036992629243422,7.5353250380209937,5.8262502046107407,5.0421947165652741,4.715175861692348,3.8318562940348744,3.8883129300574342,3.5183533484490646,5.8937286103993509,5.6220499245539921,7.7385783251164932,7.0116059499310088,6.2455672128055379,5.9796941774036974,6.0621072949302057,8.4341740710221771,9.0774689660873999]
[null,5.0366685701716865,7.0712374024283866,5.4062359319943889,6.2302581735011957,5.493416226175956,7.1368803438684836,6.4540811674390479,7.8741320470185183,7.7813647284211145,6.2034325313554222,5.5010139709939283,5.2567641186271228,4.4644551402596884,4.4174793417928528,4.1342275806822419,6.2594768614550045,6.0649817462433893,7.9130110436253389,7.2688907044109383,6.5895239527415645,6.4094621924583812,6.4178768846581349,8.5701676663297484,9.1349576514274027]
[null,5.3120512699434093,7.3346538678711406,5.7500641240119128,6.6436883298603862,5.9899812583464973,7.4434124600072691,6.841874502592006,8.0336693342254843,8.0108457663669004,6.5675120260240591,5.9411165737439067,5.7739761369431521,5.0666158966299681,4.9182590765618937,4.716235850503038,6.6078005116179899,6.4855438877944263,8.0824685055512848,7.5146520896107223,6.9152576158335961,6.8144029809925426,6.7558404910237853,8.690692014884144,9.1832743831859052]
[null,5.5751000057613114,7.5869190201356886,6.0766725576940592,7.0351068204783589,6.4584573158421259,7.7286721099531057,7.2022995535726029,8.1830336468132074,8.2248980744191016,6.9195017212168564,6.3638312982159784,6.2684985682049446,5.6401759138729197,5.3923173374407751,5.2662267542786187,6.9398932537844473,6.8850335728910066,8.2475097294323074,7.7498459267909254,7.2241348333571302,7.1962187710433492,7.0771578066216447,8.7966827754623829,9.2229112912793241]
[null,5.826624367891192,7.8288565559493213,6.3872783045168049,7.4058522342841027,6.9006444051238374,7.9938751614853283,7.5367930736142297,8.3228811387616872,8.4244405784287757,7.260373355588186,6.7703308916307483,6.741692429241037,6.1869074600149876,5.8410466040252409,5.7858235966804061,7.2566902290028601,7.2646495411221359,8.4085928380045214,7.9754155933827695,7.5174628055041515,7.5565755540584245,7.3829840116206764,8.8888499762231028,9.2542827368001035]
[null,6.0674239797173248,8.0612407116163034,6.6828200960545852,7.7571992597692851,7.3179885202641746,8.2400759500373724,7.846840365093291,8.4537833548964549,8.6103247732348542,7.5909891191880554,7.161791683246963,7.1950091069122539,6.7084193905311924,6.2657547022290192,6.2765298656467987,7.5590406391679208,7.6255704064070615,8.5662164595486416,8.1920853176408954,7.7963029722502437,7.8969563542304808,7.6743353341950247,8.96782455502691,9.2777238949746881]
[null,6.2982338329040628,8.2847073695662488,6.9641800550392468,8.0903011515499461,7.7118770042312565,8.4683246377982915,8.1335889719518359,8.576255653852094,8.7832466851276774,7.9121820547668085,7.5392053586750718,7.6295677781262583,7.2060571943405014,6.6674210949200443,6.7396221918476868,7.8477878380018113,7.9687107360585498,8.7207646253695152,8.4005841343883265,8.0616407260734082,8.2186312176013807,7.9520260907608957,9.0341124411369034,9.2935196582045254]
[null,-4.5345495129462083,-2.4928437167837276,-4.0522151626394338,-3.10101102463998,-3.7186838282221424,-2.3604548107345793,-2.9214383637073356,-1.8592770128555729,-1.8353382602507782,-3.2031379819117802,-3.7954824026554914,-3.9204923403037357,-4.5961306512196982,-4.8102796784964923,-4.9724331621500859,-3.177158951220004,-3.2572879568521595,-1.7981402137986751,-2.3222094672074807,-2.8797554605448785,-2.9330681991328889,-3.0336381895423883,-1.2290410637360933,-0.78520180125621908]
[null,-4.2618437870697008,-2.2309466142292846,-3.7138116577388831,-2.6951813939584661,-3.2322815846389332,-2.0702294463039141,-2.5533507578824599,-1.7078688317697379,-1.6182098759494938,-2.8334645166842667,-3.3523572321603798,-3.4020218291853954,-3.9945573132534418,-4.3173198480165791,-4.399366939220287,-2.8322524603249883,-2.841951961652474,-1.6254142157486822,-2.0782870325032072,-2.5603520566720839,-2.5383489631291742,-2.7005784724763573,-1.1279030924575868,-0.75034260619908322]
[null,-4.0029912046803044,-1.9815205558706401,-3.3946827908960087,-2.3140751381711953,-2.7774969956360804,-1.8035445518435522,-2.2158575776879594,-1.567506973252353,-1.4180231769634546,-2.4775592076874733,-2.9289620688682074,-2.9093958277077774,-3.4255349506436672,-3.8549441029913565,-3.8629761140289314,-2.5058551251763177,-2.4506140559090555,-1.4576402427464288,-1.8459444834489849,-2.2594856289190299,-2.1690948834081629,-2.3861396412349514,-1.0422770168266808,-0.72454665273913388]
[null,-3.756883843826615,-1.7434872042075296,-3.093371122207782,-1.95593445452796,-2.3520846565243354,-1.5588288868795115,-1.9068711451596028,-1.4373985593107101,-1.233568377058101,-2.134180999446643,-2.523801829179201,-2.44069577690024,-2.8867458529140424,-3.4213024595529729,-3.3611275322842005,-2.1966781760409542,-2.0816584219730712,-1.2942258786761687,-1.6241006536850877,-1.9755849575565847,-1.8232835267866547,-2.0888941425038468,-0.9712469408320098,-0.70731986491524901]
[null,-3.5225882831827544,-1.5159602807815773,-2.8086098208420651,-1.6191896674751141,-1.9541724608193112,-1.3347104382651704,-1.6246959502818095,-1.3168330297881645,-1.0638411622307704,-1.80224039036579,-2.1354017807107892,-1.9941558698997786,-2.3760813856502341,-3.0146817524054326,-2.8918557591478473,-1.9036002378970271,-1.7337046068159501,-1.1346201987380478,-1.4118163712468244,-1.707284800664828,-1.4991256406718168,-1.8075714855470177,-0.91405334886768097,-0.69826068457415502]
[null,-3.2992117057162731,-1.2980911375693616,-2.5393321560776374,-1.3024293721435238,-1.5820371542965377,-1.1299529890751461,-1.3678141331607918,-1.2052183816840758,-0.90792293708646465,-1.4807298675502842,-1.762543042979974,-1.5682801000659619,-1.8917898171944003,-2.6336869470349589,-2.4534634650490492,-1.625618244185379,-1.4054916671540536,-0.97836357460623358,-1.2082527739011883,-1.4534016709533202,-1.195041956107926,-1.5410933389637487,-0.87006435752263722,-0.69704926425283453]
[null,-3.086034708672079,-1.0891682932964786,-2.2844941484619361,-1.0044110302680533,-1.2341947429551605,-0.94356226908921459,-1.134897348809023,-1.1020283512195461,-0.7650535745318191,-1.1687988951715684,-1.4040660032598637,-1.1616210999991419,-1.4321537673401721,-2.2770101599801431,-2.0444626416221547,-1.3618303538181773,-1.0959857316869361,-0.82501644042032374,-1.0126618621342167,-1.2128415506917283,-0.90964275486759771,-1.2884621987809204,-0.83877589257537988,-0.70343678935318665]
[null,-2.8823728452730273,-0.88853024732907049,-2.043277206379535,-0.72406391873748155,-0.90930211787536663,-0.77464733118065898,-0.92484431678784562,-1.0068116073265059,-0.6345833414668699,-0.86558291861644254,-1.0589282499307775,-0.77299503567822825,-0.99571574093871495,-1.9435836995432576,-1.6636106425416797,-1.1114823883367038,-0.80418431456720196,-0.67418285648279141,-0.82437784968701322,-0.98466986964511083,-0.6416790088990153,-1.0488237375218916,-0.81978724249366175,-0.71723860571646036]
[null,-2.6876274549211279,-0.69559327463105025,-1.8148870334699228,-0.4604207795727942,-0.60620158553873804,-0.62245393291379003,-0.73673257193225783,-0.91918593281135541,-0.51594790601851981,-0.5703567955754516,-0.72621531137000439,-0.40124791875586407,-0.58120393364375422,-1.6324805517386916,-1.309764504385456,-0.87388014647041057,-0.52931310559532685,-0.52549056472090172,-0.642789211183732,-0.76802078403432439,-0.39008071256354016,-0.82139250032856248,-0.81280651984964014,-0.73833249880592766]
[null,-2.5012652045642612,-0.50983514329271618,-1.5986485818518779,-0.21264401997227234,-0.32391680077112478,-0.4863581987149056,-0.56978048697916028,-0.83883299203910744,-0.408681317904182,-0.28243601758281228,-0.40509119818378919,-4.5373159649589878E-2,-0.1873925160328706,-1.3428794317127792,-0.98202464759927721,-0.64842090126319774,-0.27063799511916448,-0.37859885952319328,-0.46735989331985939,-0.56216781002554805,-0.15385000704033303,-0.60552123470381192,-0.81763297467746154,-0.76665205563452254]
[null,-2.3228111236157591,-0.33075018811255458,-1.3939831470471731,2.003831015629225E-2,-6.1559482414991006E-2,-0.36587425003771823,-0.42335031996646588,-0.76547715036791375,-0.31239498355061091,-1.1652243595055242E-3,-9.4790872675123039E-2,0.29559007053979752,0.18684143049381416,-1.074164749813652,-0.67963696032256904,-0.43460145532926736,-2.7544209628951453E-2,-0.23318421703757833,-0.29760549209395271,-0.36642741847483912,6.7882346115326092E-2,-0.40056984399414103,-0.83415869830012401,-0.80218608367503252]
[null,-2.1518471128952381,-0.15793329555193902,-1.2003574671599335,0.23817815166946257,0.18169499950340218,-0.26059016740855873,-0.29697609735259561,-0.6988925330803305,-0.22676487457967737,0.27406428681558931,0.20543855973598132,0.62231057833836267,0.5422722499495215,-0.82575476811701687,-0.40201762320069806,-0.23196420487637914,0.20052969801320703,-8.892650816409553E-2,-0.13304198459817354,-0.18020839390160956,0.2757870088812443,-0.2060359268125595,-0.8623672205709304,-0.84498012516077037]
[null,-1.9879853968968639,9.0382136598118421E-3,-1.0173277267191143,0.44236775665908823,0.40627882437892743,-0.17022668201663324,-0.19031662998811719,-0.63890978009139909,-0.15156931085115724,0.54372516762843737,0.49612935441576894,0.93560111647318223,0.87979305415777376,-0.59730456135886523,-0.14871645632149241,-4.0139508344028595E-2,0.41389975664338735,5.4489716193497406E-2,2.6741433885913834E-2,-2.9715560915584195E-3,0.47057741873241604,-2.1452896052035354E-2,-0.90232628131526127,-0.89512628840673969]
[null,-4.9193956628299311,-2.8816661351162067,-4.408843181979047,-3.4283595268360614,-4.0118934613182526,-2.735967558623392,-3.263730202621816,-2.2943880236232084,-2.2421349074410726,-3.5470453306015823,-4.1082657348968539,-4.2011824544633605,-4.8418201858884728,-5.101562103334544,-5.2297256110356001,-3.5308001547970123,-3.5808726634420447,-2.2250540355042765,-2.7186029113497217,-3.2438919910853192,-3.2648634541795736,-3.3921309854069088,-1.684583969196259,-1.2693894450879106]
[null,-4.6516297181600175,-2.6241669782688191,-4.0774404931947528,-3.0315671139594502,-3.5370994489051575,-2.4547654441437494,-2.9073673297946052,-2.147199970907272,-2.0315082703397787,-3.1818753049052813,-3.6718741330549634,-3.6917363229603843,-4.2517486721381799,-4.6197225845083301,-4.6700184449980116,-3.1925096332983167,-3.1741951906178172,-2.0538648752012048,-2.478798076073637,-2.9312769003758556,-2.8795978424741726,-3.0658317671074165,-1.5897729402808103,-1.2383190572613754]
[null,-4.3974191408526835,-2.3788347860691608,-3.764877100862337,-2.6590315017428514,-3.0933425208538519,-2.1966817997700505,-2.5810031928867847,-2.0108245711072437,-1.8374710403117687,-2.8301245113778699,-3.2548559070290612,-3.2075998243429034,-3.6935929025345473,-4.1680136832051167,-4.1464614076076964,-2.8724149083883366,-2.7911051814349599,-1.8874449487679017,-2.2502199789413253,-2.6367235639829549,-2.519174540464403,-2.7577341513946219,-1.5101989221978389,-1.21615710118284]
[null,-4.1556574282288903,-2.1446532190289238,-3.4698030302771952,-2.3090277021230734,-2.6784518663687429,-1.9601721919828279,-2.282691285720893,-1.8844930868842338,-1.6588703278687729,-2.4906092572383125,-2.8556257595603842,-2.7469382274826697,-3.1651196654542151,-3.7445850966858858,-3.6569687801487842,-2.5692421393475016,-2.430038974153522,-1.7252075561865625,-2.0318858353671683,-2.3587294821716949,-2.1816904718809189,-2.4664637957059585,-1.44499012169286,-1.2024382055080169]
[null,-3.9254675757316759,-1.9207092979714895,-3.1909954946331873,-1.9800200252225673,-2.2905899033673958,-1.7438853293794967,-2.0107601085265081,-1.7675266018852904,-1.4947223704075256,-2.1622603930657105,-2.4728331348727615,-2.3080267643370274,-2.6643402757035264,-3.347887145036192,-3.1996510604558916,-2.2819047472880007,-2.0896729082442933,-1.5666538107933246,-1.8228338683170795,-2.0959840656728623,-1.8653697046731852,-2.1908372053138039,-1.3934264911720722,-1.1967887925267584]
[null,-3.706008061666239,-1.7062288202416211,-2.9273376120914403,-1.6706483020456571,-1.9280802050148826,-1.5466869881132981,-1.7637105933006658,-1.6593507647111498,-1.3441661978817911,-1.8441181178920836,-2.105249473714192,-1.889367923207429,-2.1894459342002279,-2.9764621850437698,-2.7728564181342037,-2.0093975440125198,-1.7687588973475949,-1.4113055867690758,-1.6222835980114367,-1.847310655406696,-1.5687117671543946,-1.92974435545328,-1.3549114393587365,-1.1989093883253417]
[null,-3.496535960665383,-1.5004884460307302,-2.6779019658516794,-1.3796994693626308,-1.5894722877911818,-1.3675877526904199,-1.5403498473628134,-1.5594580509673788,-1.2064656907743987,-1.5352607632786746,-1.7517559755711061,-1.4896031832547767,-1.7387948369484434,-2.6290913033191683,-2.3751567002500722,-1.7509190259122307,-1.4662893991215569,-1.2587419169682661,-1.4294789363421723,-1.6116783811865134,-1.2903609730642984,-1.682239666486997,-1.3289749574362584,-1.2085734824689764]
[null,-3.2963991324675832,-1.3028659350199947,-2.4418508165784463,-1.1061553777561199,-1.2735213015537914,-1.2057381660933886,-1.3395721597256587,-1.4674299335169214,-1.0809918116721182,-1.2349251415397646,-1.4113578378071301,-1.1075532293655541,-1.3110202325354878,-2.3047767014325014,-2.0053297638070697,-1.5056595936606707,-1.1813473151265508,-1.1085721712772174,-1.2438061999190466,-1.3881561142912486,-1.0290779169920128,-1.447511146712255,-1.3152557297298941,-1.2256151173403549]
[null,-3.105026433688963,-1.1127723229848472,-2.2184360850925056,-0.84906750069918446,-0.97907392836691287,-1.0604348916815294,-1.1605182335862378,-1.3828937506563057,-0.96721692713946816,-0.94237009385785397,-1.083141536986848,-0.74209293062748438,-0.90480746308499582,-2.0025659487490359,-1.6623124866478147,-1.273001685248484,-0.91312281956804842,-0.96043802354028562,-1.0646449043900241,-1.1759318466528768,-0.78386902216442444,-1.2248118994493469,-1.3134877533394331,-1.2499332937085641]
[null,-2.9219008606793371,-0.9297200842615948,-2.007017092950083,-0.6076392997162956,-0.70518607924510235,-0.93109284872032727,-1.0024417012254445,-1.3055437676511685,-0.86468579090404218,-0.65693453476416641,-0.76628313355377486,-0.39224634272378317,-0.519016775493922,-1.7217150627333078,-1.3452407883995561,-1.0523666365575339,-0.66094657368829757,-0.81399331299026945,-0.89148975992495449,-0.97428876171696599,-0.55376401709242318,-1.0134622759351237,-1.3235015757593165,-1.2814781528335262]
[null,-2.7465458709184216,-0.75320833021440003,-1.8069860604293499,-0.38115776583779931,-0.45101041092285166,-0.81724403885628449,-0.86476587764961821,-1.2351242589938758,-0.77303898026377715,-0.37798138041405721,-0.46003226773294081,-5.7155118500232235E-2,-0.15261805001000145,-1.4616247953445374,-1.0534148379667081,-0.84324263488531703,-0.42423539193005733,-0.66892314324377133,-0.72384655739696369,-0.78254912280322042,-0.33794495770122263,-0.81289498194360821,-1.3452200326374066,-1.320256154816599]
[null,-2.5785762995251345,-0.58284465787558271,-1.6178813336607827,-0.16902035968462109,-0.21587366086831569,-0.71852709279601956,-0.74706478846461799,-1.1714268151198359,-0.69199534177443933,-0.10493132401551418,-0.16372058107127141,0.26405972253592769,0.19535838966137684,-1.2218010025068322,-0.78626881424869888,-0.64520339560047546,-0.20248802473291541,-0.52492717586869519,-0.56128575205965492,-0.60016439025218649,-0.13570674350701209,-0.6226057727000629,-1.3786546463897396,-1.3663342510728029]
[null,-2.4176161998105541,-0.41825169247408672,-1.4392711188916283,2.9336373976453931E-2,8.9634897691785763E-4,-0.6346710131648704,-0.64903496873388433,-1.1142944303265239,-0.62133478037050227,0.16280053515185652,0.12334091773447084,0.57198692751405222,0.52557363726666562,-1.0018934621851163,-0.54344177236643854,-0.45790417006838585,4.7033043192813749E-3,-0.38171048947465297,-0.40340658913410565,-0.42660559852189872,5.3652927664635419E-2,-0.44214503447604059,-1.4239057069914518,-1.419821969204891]
[null,-5.3062560998252017,-3.2723127618786605,-4.7683460022552362,-3.7594230227736039,-4.3098614173630603,-3.1152404656510111,-3.6108995621887332,-2.7312779960621754,-2.6516694957168543,-3.8927493630404046,-4.423784608735728,-4.4855015833705858,-5.0921672866636385,-5.3973240700562295,-5.4923914049004674,-3.8871602135293011,-3.9079837408038665,-2.6526186032690977,-3.1167151294252124,-3.6108558312273398,-3.6005742678002304,-3.7534185332351608,-2.1428107685146749,-1.7551910578617864]
[null,-5.0433273715111087,-3.0191138506388651,-4.4437876152577598,-3.3715389096669441,-3.8465191656926838,-2.842953427662922,-3.2660652175970442,-2.5882362419875271,-2.4474143410981575,-3.5319832221002123,-3.9940256099761653,-3.9849169604486532,-4.5133561068551922,-4.9264969696835417,-4.9458993119767696,-3.5553998080607343,-3.5098653498636483,-2.4828970802403565,-2.8808896699999602,-3.3048702402031527,-3.2245393033332763,-3.433723146102341,-2.0542393430928882,-1.727853448602926]
[null,-4.7936502344575205,-2.7777941654307203,-4.1377164345234245,-3.0074426417859197,-3.413619049178275,-2.5933273546803117,-2.9507129606535636,-2.4557708383258605,-2.2594348999818967,-3.1843269290732388,-3.5832251143906113,-3.5091777445451826,-3.9659500554657146,-4.4853400035429631,-4.4350848369117291,-3.2415041490027785,-3.1349114871513764,-2.3177602194332141,-2.6560023228424838,-3.0164906987713973,-2.8728013119645204,-3.1318603475277103,-1.9806304633942768,-1.7092809060411014]
[null,-4.5561887327573753,-2.5473542296810572,-3.8487728859144772,-2.665443797826252,-3.0091051899502119,-2.3648932746130629,-2.6629075782441114,-2.3331531566794421,-2.0866114207126136,-2.848597665561821,-3.1898387323462751,-3.0563973469230947,-3.4476726897822272,-4.0720727180952299,-3.9578640570835462,-2.9442481650178838,-2.7816672559748654,-2.1566722953883795,-2.4410659476211563,-2.7442971311553834,-2.5434682176717933,-2.8464764373789841,-1.9211759936031554,-1.6990363174827232]
[null,-4.3300375869665908,-2.32694630327018,-3.575782438239953,-2.3440461034579729,-2.6311490520390834,-2.1563604905713798,-2.4010733865947502,-2.2197268335310292,-1.9279631224443641,-2.5237462351744728,-2.8125675445716913,-2.6249964803089396,-2.9566169298667186,-3.6851566740897042,-3.5124013348308818,-2.6625551325304144,-2.4487734987421077,-1.9991019491163544,-2.2351763089248227,-2.4869664279184196,-2.2348527007701069,-2.5764214187160266,-1.875185060600147,-1.6967681799212129]
[null,-4.114406906789954,-2.1157741282986895,-3.3176933735402829,-2.0419524722367526,-2.2781511271162955,-1.9666282756736713,-2.1638012594027716,-2.1149406895950027,-1.7827014390462088,-2.2088483791748912,-2.4501632949174033,-2.2134578280979245,-2.4909738860651642,-3.3232424793264372,-3.097141004013932,-2.3954963421150639,-2.135097484182944,-1.8446111308344397,-2.0375447708442826,-2.2434037671493838,-1.945479985717556,-2.3206303060258446,-1.8421017076718242,-1.7022011531969639]
[null,-3.9085748306700334,-1.9131680493229286,-3.0735826241897155,-1.7580055702979707,-1.9487059637879613,-1.7947371315757861,-1.9498839169710627,-2.0183079160148911,-1.6501082009709367,-1.9030230999205908,-2.1015864445437384,-1.8205008301679808,-2.0492411479142989,-2.985137132175562,-2.7106520412057757,-2.1422364923976689,-1.8396196056845595,-1.6927904456140033,-1.8474875294723836,-2.0125961810529462,-1.6740279803690967,-2.0782030852477837,-1.821491421271652,-1.7151281548786323]
[null,-3.7119173873433211,-1.7184939699194901,-2.8426360191820201,-1.4911746785930717,-1.6415823828341258,-1.6399072809460706,-1.7583118385944934,-1.9294322852211936,-1.52957437994041,-1.6054887978249659,-1.7658265014100212,-1.444917411307189,-1.6300200240404918,-2.6698616203156411,-2.3518237081956825,-1.9020483725364719,-1.5614579906169157,-1.5432453766368157,-1.6643349138694326,-1.7936361908703231,-1.4193479378806011,-1.8483201893140846,-1.8130198759020431,-1.7354051865645159]
[null,-3.5238717866329639,-1.5311976693687943,-2.624141884755776,-1.2405807923954142,-1.3557148387395523,-1.5014410276147567,-1.588261833055931,-1.8479472111354753,-1.4206041973394565,-1.3155426628852127,-1.4420007443036624,-1.0856636072563108,-1.2320210300567398,-2.3765163707090191,-2.0195821924635893,-1.6742962096411951,-1.2998616087550992,-1.3956243400756227,-1.4875542988093962,-1.5857535188249992,-1.180418838403686,-1.6302742830170536,-1.8164554091225686,-1.7629477293958777]
[null,-3.3439246339793067,-1.3507928695746003,-2.4174598221234858,-1.0054370042154777,-1.0901512927460191,-1.3788042622898944,-1.4390179212081644,-1.7735753597760229,-1.3227815404722978,-1.032530083059886,-1.1293256490155541,-0.74176652303247115,-0.85415364047907272,-2.1044043746551035,-1.7131586537584635,-1.4584323586855104,-1.0541432008781753,-1.2495985982401197,-1.3166076385776579,-1.3882280484419147,-0.95634504328801739,-1.4234000172631724,-1.831657401276634,-1.7977255847004812]
[null,-3.1716437709347596,-1.1768163269550069,-2.222045213609849,-0.78505220470385007,-0.84411975708042275,-1.2715617095540983,-1.3100792140094912,-1.7060753740797736,-1.2357577728059865,-0.75581454402464099,-0.82707583560464604,-0.41239864908431689,-0.49545315132101309,-1.8529402909247006,-1.4318817910059025,-1.2539709652472313,-0.82378225438550146,-1.1048408048520804,-1.1510476018434621,-1.200437988975227,-0.74632749862168479,-1.2271642043433069,-1.8585795127876013,-1.8397626670850546]
[null,-3.0066303084538055,-1.0088659553183947,-2.0374208186344074,-0.57887687046225866,-0.61695126223887697,-1.1793864073728764,-1.201029551933178,-1.6452506385640384,-1.1592773743914793,-0.48485380345938534,-0.53455337217980647,-9.6751159183791624E-2,-0.15500363894912064,-1.6217021186373317,-1.1752429119311525,-1.0605132328449343,-0.60830909110265186,-0.96106735772212359,-0.99043208431759788,-1.0218300329532686,-0.54967686096481749,-1.0410755390482724,-1.8972661437703464,-1.8891461672432606]
[null,-2.848544782383934,-0.84657799824898217,-1.863177011548268,-0.3863875559181999,-0.40807794194652325,-1.1020454869284129,-1.1116341194681334,-1.5909557634662723,-1.0931473668224043,-0.21910460040360252,-0.25118362412793166,0.20588948378675798,0.16801680332438565,-1.4103460531558587,-0.94291471022623197,-0.87772279733488801,-0.40737104352107822,-0.81798206432531995,-0.83436007030539405,-0.85189524141146122,-0.36576571468286212,-0.86469843750949571,-1.9478474599572659,-1.9460033685805926]
[null,-5.6950962132801832,-3.6647417959578457,-5.1306596767559478,-4.0941752931389415,-4.6124804558892727,-3.4982416756306312,-3.9628463361459723,-3.1699149670574776,-3.0638718549498947,-4.2402657967334347,-4.7419887583991933,-4.7734409109951974,-5.347006211724187,-5.697535120824349,-5.7604021640106371,-4.2461799594728218,-4.2385805841510562,-3.0807990083028405,-3.5164864166862553,-3.9805563761799161,-3.9401076480722352,-4.1174383345739729,-2.6036827421071504,-2.2425811619980429]
[null,-5.4369100510795487,-3.4157481285571021,-4.8128328758981977,-3.7150304120885536,-4.1604223993045606,-3.2347112463127563,-3.6293906689950655,-3.0309308232386041,-2.8659098384802029,-3.8837995080043513,-4.3187590621107841,-4.2815736866352392,-4.77938635712023,-5.2375779398670117,-5.2270142860170932,-3.9208732234107671,-3.8489091544072114,-2.9124706350341567,-3.2845465255680706,-3.6810461097537552,-3.5731344625268782,-3.8042265431854831,-2.5212491180746373,-2.2189276147813977]
[null,-5.1916841346161045,-3.1783487542490048,-4.513130660049371,-3.3592255744399266,-3.7382509321584991,-2.9934316314504557,-3.3248713663849387,-2.9023195977631562,-2.6838825328288443,-3.5401086332158935,-3.9140259535161466,-3.8140361838695651,-4.2425171783276259,-4.8068590300706218,-4.7287901904398151,-3.6130972994939792,-3.4820192554630158,-2.7485729908122676,-3.0632496321376665,-3.3987308391323325,-3.2298992992755369,-3.5084811892235965,-2.4535434819372348,-2.2039035733940109]
[null,-4.9584191429612963,-2.9515901546865044,-4.230237933835026,-3.0251118083550881,-3.3439862752481067,-2.7729643487631375,-3.0474757739744951,-2.7833471317234251,-2.5167212539329387,-3.2080742672753249,-3.526395910898219,-3.3690522519873429,-3.7343232021115544,-4.4036916256406817,-4.2637229644972212,-3.3216653683976678,-3.1364773372357551,-2.5885553417513023,-2.851618379723206,-3.1321763117783914,-2.9085685965333865,-3.2288983151130979,-2.3997778441628093,-2.1970999829567068]
[null,-4.7362527213731784,-2.7346270206291661,-3.9629830119389347,-2.7112380428675085,-2.975820682769891,-2.5720897804972793,-2.7956400489861131,-2.6734128411215798,-2.3635143248537474,-2.8866438692809973,-3.1544970349352011,-2.9450285086501715,-3.2528249881057572,-4.0265173293182297,-3.8300524641186611,-3.045584075602485,-2.8110279057824084,-2.4319374821119535,-2.6488023705306465,-2.8801776839583217,-2.6075084207893071,-2.9643180179269737,-2.3593108524789526,-2.1981890556305279]
[null,-4.5243855753832856,-2.5267034154627663,-3.7103812279710295,-2.4163328494926977,-2.6322126649573998,-2.3897273398426724,-2.5680164148004843,-2.5719643723800694,-2.2234774536621735,-2.5749137189114957,-2.7972096007907132,-2.5405214629013897,-2.7963962221621528,-3.6740338084408219,-3.426232312374712,-2.7838874890269136,-2.5044930450432656,-2.2782698683438749,-2.4540270756834994,-2.6416367078363425,-2.3252911506399654,-2.7137580200776825,-2.3316236225236562,-2.2069170582240814]
[null,-4.3221434306571842,-2.3271595028599563,-3.4715045969024372,-2.13928378372063,-2.311816740274772,-2.2249873550210846,-2.3634845731474883,-2.4785566520395466,-2.0959308523742655,-2.272053579044238,-2.4534426060999035,-2.1542596396285187,-2.3634381773442406,-3.345134944575249,-3.0509288004741553,-2.5357995321328102,-2.2159531273153132,-2.1271368773525032,-2.2666192514950914,-2.415537012785824,-2.0606373045841773,-2.4763136069500868,-2.3163104397675558,-2.2230971212876454]
[null,-4.1289128765632164,-2.1353790839282669,-3.2456031345962,-1.8791023618580052,-2.0134559460873551,-2.0771016431015412,-2.1810422874777573,-2.3927906628912612,-1.980295572097456,-1.9772544639993355,-2.1222599258104502,-1.7850686631803927,-1.9526311896822319,-3.0388386765013209,-2.7030446152838605,-2.3006270993589704,-1.9445272741470772,-1.9781751810665305,-2.085953892934608,-2.2010688146397244,-1.8124304052870379,-2.2512092546351599,-2.313071967365568,-2.246606011343534]
[null,-3.9441376980293743,-1.950847985543561,-3.031956417150409,-1.6349047881831313,-1.7360754152769919,-1.9454358193120584,-2.0199296964910789,-2.3143346876461384,-1.8761078630484083,-1.6898435208325784,-1.802777250355569,-1.4319174210238383,-1.5627769697183751,-2.7543187957617969,-2.3815758825833564,-2.077734262161774,-1.6894894442742847,-1.8310352123560099,-1.9114778664176546,-1.9974448676477536,-1.5797084666434011,-2.0377436511652269,-2.3217056240236946,-2.277374291466741]
[null,-3.7673293543484014,-1.7730422569425117,-2.8299731994427701,-1.4059816052327205,-1.4787992978837619,-1.8294778880524509,-1.879497292498753,-2.2429237964576343,-1.7829517532945243,-1.4091839125738836,-1.4942129316820338,-1.0939166665972446,-1.1927786421820703,-2.4909188491939132,-2.0857784116941849,-1.8666075813603056,-1.4502212603820128,-1.6853814418851474,-1.7427000699671891,-1.8039835880571817,-1.3615704052099962,-1.8353087516540851,-2.3421041054208454,-2.3153963835776494]
[null,-3.5980760040031452,-1.6015564433660296,-2.6391243034725553,-1.1916549472690967,-1.2408471821239118,-1.7288170658741842,-1.759258852930818,-2.1783202946038256,-1.7005301339784653,-1.1346731593894688,-1.1958907852726417,-0.77017234260056144,-0.84166606034903368,-2.2480995422000412,-1.815046529579071,-1.6667865869080165,-1.2261777890617145,-1.540903637411086,-1.5791552656593422,-1.6200610856783904,-1.1572659682982638,-1.6433515190468435,-2.3742477535442075,-2.3607130087675268]
[null,-3.4359911053400705,-1.4359694317191849,-2.4589385574167744,-0.99138853123530057,-1.0216189338242285,-1.6431658588917688,-1.6588608194626713,-2.1203525556367144,-1.628596525214006,-0.86571156961190199,-0.90709886193521294,-0.45998954106362627,-0.50860798945583308,-2.0254328515500855,-1.5689272954584876,-1.477897465115187,-1.0169563149253338,-1.3973121826146973,-1.4204348182860511,-1.4451702140579938,-0.9661269930196732,-1.4614259650472685,-2.4182126895614013,-2.4134244708188377]
[null,-3.2807309596396159,-1.2759519200518383,-2.289036695791228,-0.80470647624331493,-0.82056431112950801,-1.5723367024780111,-1.5781089799338712,-2.0688927147559846,-1.5669826338233699,-0.60184313107400889,-0.62730245848247679,-0.16267614061600899,-0.19285645209589028,-1.8226642654025833,-1.3471391897597815,-1.2995978434294766,-0.82220290233883342,-1.2543245826904197,-1.2661468013724735,-1.2788100610825968,-0.78757759859048959,-1.2890947381725661,-2.4741680056607565,-2.473684302067257]
[null,-6.0858670468868521,-4.058917791788951,-5.4957162004796878,-4.432489667433412,-4.9197253678848609,-3.8849028607257337,-4.3195233129766244,-3.6102541835662514,-3.4787167533987442,-4.5895202604863767,-5.0628407328621918,-5.0648713108542802,-5.6063578149234452,-6.0021801581775822,-6.0336831192313021,-4.6078563099693781,-4.5726504428163786,-3.5095639596801309,-3.9178715896029339,-4.3529571489323633,-4.283396654053889,-4.4841285105104172,-3.0671523457672092,-2.7315377714852254]
[null,-5.8323266244871252,-3.8140319744399065,-5.1845234342362749,-4.0619817398216478,-4.478816778867051,-3.6299938922553086,-3.9972716384617604,-3.4752615962444771,-3.2869261437685462,-4.237259556577599,-4.6459668228675675,-4.5815747229274519,-5.0497066082663604,-5.5529782322223156,-5.513273213367758,-4.2888946639082031,-4.1913118765576858,-3.3425762578580933,-3.6897178242146516,-4.0597684743890605,-3.9252952298334738,-4.1772888766939449,-2.9907830393573351,-2.7115209366718491]
[null,-5.5914786793567135,-3.5804864671359162,-4.8910849090972031,-3.7143604846372389,-4.0672002492081072,-3.3969311038255796,-3.7034687642460944,-3.350428433317663,-3.110757368490388,-3.8974449201470147,-4.2472442679100357,-4.1221625521583025,-4.5232897390672653,-5.1326041340027624,-5.0275468542303656,-3.9871434512482571,-3.8323690320560382,-3.1798636022802445,-3.4719110043191979,-3.7833601127102701,-3.5904093559756425,-3.8875480806585787,-2.9289056734129537,-2.7000090502813903]
[null,-5.3623401468939216,-3.3573195359559258,-4.6141272933791209,-3.3880148463929118,-3.6830138188669559,-3.1843489343444662,-3.4363426288639767,-3.2350568237778625,-2.9492042514493408,-3.5690093546358019,-3.8652233166534771,-3.6848396986380685,-4.0249950665787155,-4.7393838002462294,-4.5745675579932801,-3.7014762943007371,-3.4944756143363214,-3.0208713528840603,-3.2635205279267758,-3.5223619277045493,-3.2769223977879762,-3.6136456332705729,-2.8807753237179821,-2.6966177065470465]
[null,-5.1440728431000826,-3.1437361579135761,-4.3525313906406016,-3.081560961403047,-3.3245185526068579,-2.9910206600354998,-3.1943848755027471,-3.1285599929816557,-2.8013572078958897,-3.250933628392505,-3.4986462785729628,-3.2680779114758285,-3.5529844321891377,-4.3718852980582987,-4.152610992712864,-3.4309034057407257,-3.1763433498227722,-2.8651462198059279,-3.0636984991175398,-3.2755768968812364,-2.9832858952682053,-3.354481017308252,-2.8457875028707575,-2.7010422925454631]
[null,-4.9359221988940432,-2.9389938090250349,-4.1053247631025842,-2.7937488724862023,-2.9902141422909549,-2.8159644148504901,-2.9763349155322891,-3.0304074116286865,-2.6664772560343066,-2.9423012040773293,-3.146368143441443,-2.87048084784964,-3.105600074781973,-4.0287678481111255,-3.7601515479753997,-3.1745267464745255,-2.8769176304684128,-2.712248571700425,-2.8716975239602847,-3.0419312307405955,-2.7080852168118921,-3.109060616618053,-2.8234610062501173,-2.7130505897029167]
[null,-4.7372005277091338,-2.7424501136182831,-3.8716490950385976,-2.523496960041947,-2.6787938677308367,-2.6583024327174285,-2.7810989892980014,-2.9401793697829666,-2.5439195183130181,-2.6422903975762235,-2.8073268022868132,-2.4908127853873094,-2.6813368964151358,-3.7090167029712431,-3.3959762226446522,-2.9315707627929299,-2.5952451350346064,-2.5617683865902667,-2.6868755866998786,-2.8204841034201196,-2.4501300154306733,-2.8765444639912721,-2.8134238060122017,-2.7324771121637501]
[null,-4.5473430470422977,-2.5535159005507118,-3.6507137056513614,-2.2698814929205935,-2.3890908202956722,-2.5173183929366787,-2.607731724989351,-2.8574951862945159,-2.4331429707573395,-2.3501633378368361,-2.480614498973694,-2.1279193976277639,-2.2788652956971593,-3.4116777036578201,-3.0589897385577749,-2.7013573998530234,-2.3305015333680661,-2.4133492116690149,-2.5086292190908321,-2.6104113491410352,-2.2083039469797665,-2.6561537949094722,-2.8154069674037538,-2.7592172974313831]
[null,-4.3657913372109336,-2.3716633043674471,-3.4418703240982094,-2.0320395335886539,-2.1201480180506618,-2.3924055473763368,-2.4555186054609455,-2.7820457653675423,-2.333687102845353,-2.0652364737982847,-2.16540081045166,-1.7808376323199919,-1.8970501671142095,-3.135974018956345,-2.7482624867497187,-2.4833022689738868,-2.0819969181794722,-2.2666436309129034,-2.336406605259103,-2.4109658013784765,-1.9816625627023359,-2.4472169829804997,-2.8292406728362334,-2.7932220689979381]
[null,-4.1920908431393231,-2.1964353057147656,-3.244537592924988,-1.8092691790663193,-1.8710753649006351,-2.2830848561405723,-2.3238567678585449,-2.713566396891252,-2.2451844437011146,-1.7868746928235151,-1.860898580181461,-1.4486188242428444,-1.5348538678076975,-2.8812712238536129,-2.4630901260940736,-2.2768804940009573,-1.8491341181858743,-2.1213256112625651,-2.1697436728703368,-2.2214929176745795,-1.7693829921730859,-2.2491531274785252,-2.8548456689922985,-2.8345003124177364]
[null,-4.025831231105288,-2.0273829426693237,-3.0582076135185052,-1.6009633888353483,-1.6411600994534661,-2.1889968103486033,-2.2123054439651013,-2.6518502330289588,-2.1673434673234016,-1.5144763755820481,-1.5664199395339968,-1.1304817832460139,-1.1912712931807745,-2.6470717547979223,-2.2029229526765142,-2.0816706143185022,-1.6314058429612741,-1.9770969527805435,-2.0081666969355538,-2.0413925263483228,-1.5707285472497592,-2.0614385327004134,-2.8922359785512364,-2.8831152407495373]
[null,-3.8666342425353801,-1.8641361096260116,-2.8824300687899673,-1.4065591271323326,-1.4298184338740541,-2.1098675532664202,-2.1205572685565972,-2.5967292915603166,-2.0999470545389967,-1.2474998964831292,-1.2813253929836317,-0.82566945181899709,-0.8655424994779134,-2.4330119194379591,-1.9673415200491229,-1.8973147701687392,-1.4284133443293177,-1.8336588534234528,-1.8512972097293892,-1.8701628668665859,-1.3850397407584936,-1.8836261764641149,-2.9415171659536901,-2.9391868247574071]
[null,-3.7141798996463384,-1.7063528949316897,-2.7168474601527137,-1.2256396836091683,-1.2365620110615672,-2.0455499703228983,-2.0484646888560749,-2.5480901465424672,-2.0428489717539891,-0.98543123165202029,-1.005060486923139,-0.53356868627542431,-0.5569436242300061,-2.2388725184978049,-1.7561366556213751,-1.7235057968114273,-1.2398625932148499,-1.6907225797298857,-1.6987422517010353,-1.7073295198340659,-1.2117837920978143,-1.7153175288717764,-3.0028876340661892,-3.0028868856762472]
[null,-6.4785426957545749,-4.4547973868243096,-5.8635062971898053,-4.7743887497660182,-5.2315483304277777,-4.2751535412014556,-4.6808440480957429,-4.0522741524754444,-3.8961523392116089,-4.940485133646475,-5.3862674737302338,-5.3598216551939508,-5.87014526190932,-6.3111567026576463,-6.3122407923048627,-4.9721199955733084,-4.9101157487851204,-3.9388709453802186,-4.3208466925822666,-4.7279803772234033,-4.6303762682024976,-4.8534548523656769,-3.5331977692232868,-3.2220406826480943]
[null,-6.2295621271073189,-4.2139333955167286,-5.5588229522818473,-4.4123609466781124,-4.8015870128292715,-4.0287519393544677,-4.3696665899830966,-3.9212055108316264,-3.710436956140045,-4.5923124866029479,-4.9756458282640104,-4.8849388441283956,-5.3243503988663079,-5.8726274962234726,-5.8046794272362279,-4.6593988998624329,-4.5369975734987547,-3.7731722366734406,-4.0963619826085527,-4.4409895341881311,-4.2809730378760475,-4.5528706680604225,-3.4628131085684108,-3.2056187473252353]
[null,-5.9929976655039194,-3.9841312207703408,-5.2715394586395075,-4.0727857144378028,-4.4004125304494179,-3.80379762312013,-4.0864205322124922,-3.8000859809987766,-3.5400400033679644,-4.2562959853999383,-4.5828059471067775,-4.4334636913790115,-4.8081962159215532,-5.4625037877555815,-5.3313497648348953,-4.3636074707269019,-4.1859339088394201,-3.6115887056809033,-3.881948681204709,-4.1703755843142014,-3.9542535424086007,-4.2690438367852215,-3.4066926253977319,-3.1975846114685131]
[null,-5.7679160255101278,-3.7644950961247492,-5.0004375530801335,-3.7540947284339166,-4.0261930332172771,-3.5989768754788489,-3.8294455849568583,-3.6882544563007782,-3.3839898548255518,-3.9313663222138824,-4.2063108075608131,-4.0037139852560326,-4.3196760977460027,-5.0791947855887107,-4.8903296870202402,-4.0836448812908515,-3.8555798436739379,-3.4535873814099434,-3.6767010935057551,-3.9147960304032745,-3.6484698907186517,-4.0007286879391897,-3.3641444702991543,-3.1975792543592982]
[null,-5.5534906326780673,-3.5542277870161665,-4.7444195892429768,-3.4549252452337402,-3.6772444503206922,-3.4131361856660734,-3.5972894903052461,-3.5851371096308191,-3.2414427825186269,-3.6165468817170829,-3.8449410888078064,-3.5941114786244546,-3.8570082602297306,-4.7212409597289939,-4.4800030586657051,-3.8185357674856477,-3.5447215039345723,-3.2987022631929697,-3.4798024212069261,-3.6731076803701352,-3.3621096582344081,-3.7468744590567469,-3.33459677027012,-3.2053211892350095]
[null,-5.348976488120389,-3.3526054909670688,-4.5025344278063404,-3.1741214715626125,-3.3521355533758683,-3.2453035674988229,-3.3887202025565522,-3.4902507338586211,-3.1116746074399453,-3.3109204098287828,-3.4975703758649095,-3.203339416422319,-3.4185527888140523,-4.3874784448208199,-4.0988759654913709,-3.5674133030595612,-3.2523311144381992,-3.1465353166937833,-3.2905133079037774,-3.4442694757553012,-3.0938234826280007,-3.5065225037691192,-3.3176029570186261,-3.2205998519202481]
[null,-5.1537370639111657,-3.1590129250601073,-4.2739573103111317,-2.9106094857576026,-3.0495772296919008,-3.0946614466350999,-3.2026937200228129,-3.4031670998036967,-2.9940588826532499,-3.0137296434386962,-3.163185229056376,-2.830154725103275,-3.0028687527985736,-4.0768273501266643,-3.7457560589678063,-3.329533253831233,-2.9774728709329623,-2.9966609524241909,-3.1082201106013021,-3.2273855123909798,-2.8424332055111745,-3.2788603672026033,-3.312824003045002,-3.2432690024405213]
[null,-4.9671960291593829,-2.9728684311648275,-4.0579468275978208,-2.6634734658823507,-2.768466255218518,-2.9605297932799397,-3.038352466348536,-3.3235379748805505,-2.8880945620868714,-2.72422053651789,-2.8408915726845372,-2.4734801552030667,-2.6086633654380629,-3.7884018902053147,-3.4196317168910912,-3.1042417252391217,-2.7193854911572131,-2.8487480156304543,-2.9323158374245892,-3.0216323587230622,-2.6068832043498942,-3.0631211046445279,-3.320022714154844,-3.2732426640711201]
[null,-4.7888328384063072,-2.7936624903205463,-3.8538585656597011,-2.431926565543427,-2.5078627786332186,-2.8423289317919891,-2.8950037995730087,-3.2510638635214639,-2.7933424554799995,-2.4416910723655838,-2.5298599564629409,-2.1323420466835135,-2.2348302709205323,-3.5214898046123966,-3.1196364635482974,-2.8909717096512071,-2.4773717446110801,-2.702438284482354,-2.762304083226224,-2.8262974401527328,-2.3862551966728915,-2.8586611970086655,-3.3390600537693351,-3.3104910011161532]
[null,-4.6181978918168447,-2.6209455611250574,-3.6611304906289126,-2.2152707703395516,-2.2669457695438355,-2.7396289246554613,-2.7720830414422024,-3.185500460396137,-2.7094632177535654,-2.1655595504713063,-2.2293441212550995,-1.8058541291353776,-1.8802954692991301,-3.2754660830231233,-2.8451075362920371,-2.6892310518183686,-2.2508884271049583,-2.5574244148240277,-2.5976833267146029,-2.6407432356311684,-2.1797528951240563,-2.6649155926038213,-3.3698885336161983,-3.3550444094950405]
[null,-4.4548892987333071,-2.4543040973737766,-3.479281568529315,-2.0129088683013818,-2.0450356229866249,-2.6520850236261686,-2.6692058531230916,-3.1266526680982634,-2.6361870853898877,-1.895247025984778,-1.9386653841498731,-1.4932357867476935,-1.5442029899693295,-3.0498920495675361,-2.595492038125061,-2.4986133100899073,-2.0394577608933204,-2.4133964939586354,-2.4380375737454192,-2.4643991670524463,-1.9866686803575468,-2.4813992796727065,-3.4125511868431624,-3.4069828964518205]
[null,-4.2985525129940116,-2.2933524096174955,-3.307877895038609,-1.8243502527603299,-1.841565109488956,-2.5794803798096892,-2.5861182140775694,-3.0743718607062078,-2.573323077969031,-1.6301836428130387,-1.6572053044942705,-1.1937858601527787,-1.225760152047513,-2.8444489890587752,-2.3704926001221085,-2.3187855058111415,-1.8426996831843379,-2.2700755666679098,-2.2829675582767317,-2.2967822041176538,-1.8063776790063033,-2.3076605838074515,-3.4671882037101964,-3.4664408115837251]
[null,-4.1488764556148805,-2.1377705673705836,-3.1465847487027196,-1.6491727971830019,-1.6560758667173674,-2.521686655545194,-2.5227061787891452,-3.0285552079068987,-2.5207409472618285,-1.3698882802865042,-1.3844051844361212,-0.90684388689909079,-0.92425375836514267,-2.6589494752112919,-2.1699227273773976,-2.1494474409237387,-1.6603372211837706,-2.1271594561662774,-2.1321106468882953,-2.1374137587434063,-1.6383542012286343,-2.1433412980991045,-3.5340308359147281,-3.5336233548768345]
[null,-6.873082475678622,-4.8523348454759025,-6.2339522193220445,-5.1197886327053173,-5.5478634473671695,-4.6689643964490717,-5.0467809785493865,-4.4959431267792649,-4.3161410411812211,-5.293103365697613,-5.7122344444868629,-5.6581369800127037,-6.1383023794573548,-6.6244815257286414,-6.5960049951690669,-5.3389645389392992,-5.2509709887118126,-4.3687256630996076,-4.725340989994895,-5.1055804104236122,-4.9809579054311248,-5.2253500927376546,-4.0017723125498081,-3.714071091976336]
[null,-6.6285744595703111,-4.6154072824701462,-5.9356844842837564,-4.766097754490799,-5.1286838057187731,-4.4309380721563842,-4.7464989877902868,-4.3687254203355677,-4.1363835627076933,-4.9489284112074499,-5.3077621315113213,-5.1915616895332271,-5.6031562406713453,-6.1965034565994186,-6.1011955142872818,-5.0324073025895455,-4.885968202126671,-4.2042491666519304,-4.5044348132283689,-4.8246451631295013,-4.6400890969882749,-4.9309244789881026,-3.9372954814350902,-3.7012044840891338]
[null,-6.3962224633994476,-4.3892960505683627,-5.6544610852521444,-4.4344358320014932,-4.7378311909683459,-4.2139871555508357,-4.4737086974561127,-4.2512584380533562,-3.971683176237863,-4.616630514844104,-4.9206783781164898,-4.7479365032791456,-5.0971687012527251,-5.7965361552720678,-5.6401412238826945,-4.742489863111353,-4.5426804141678048,-4.043734771869274,-4.2933386690684561,-4.5596873479838145,-4.3213847864567523,-4.6528895310084524,-3.8868833764487278,-3.6966177085642635]
[null,-6.1751217134822394,-4.1731052450328665,-5.3891134470068698,-4.123289168132187,-4.373443691905389,-4.0168406386399855,-4.226770721795555,-4.1429123830444299,-3.8210747001907674,-4.2951093810900938,-4.5496156474396123,-4.3255886030327071,-4.6183161024802422,-5.4230373447186881,-5.2110188058637705,-4.4681478152753327,-4.2197951269421159,-3.8866578090352673,-4.0911499548462071,-4.3094166660287589,-4.0231666853048198,-4.3900845518733673,-3.8498683361595183,-3.6999758231882209]
[null,-5.9644703847117997,-3.9660738500738293,-5.1385824854585405,-3.8313382532855433,-4.0339422275634123,-3.8383853571520365,-4.0042993961086921,-4.043140272696558,-3.6837574358353598,-3.9834521143812682,-4.1933505660005501,-3.9230639272574548,-4.1648853160989736,-5.0746072808574159,-4.8122113299298901,-4.2084245283307649,-3.9161521850948837,-3.7325878316937775,-3.8970931813289886,-4.0727279446806435,-3.7439512303795945,-4.1414636983114708,-3.8257253698278375,-3.7110200337105885]
[null,-5.7635382835256674,-3.7675251880582086,-4.9019584119126272,-3.5574413123527986,-3.717914920236228,-3.6777191574770662,-3.8051295305246065,-3.9514722166387806,-3.5590388216566313,-3.6807876442275758,-3.8508101706606594,-3.5390084259247829,-3.7352353741625968,-4.7500937338198819,-4.4423674005690996,-3.9625015169757023,-3.6307099654235233,-3.5810908380035871,-3.7104570452318435,-3.8486186545613195,-3.4824492169261894,-3.9061104178096282,-3.8140398051293283,-3.7295605589212326]
[null,-5.5717290572903391,-3.5768084827245752,-4.6784267286550811,-3.3005872882723053,-3.4241314775724652,-3.5340389334098958,-3.6282661782990568,-3.8675023003436162,-3.4463270938133079,-3.3863300117788961,-3.5210043738587036,-3.1722458792805375,-3.3280408975303821,-4.4484988364513764,-4.100282231380036,-3.7296549122873022,-3.3626275223588804,-3.4317948087420111,-3.5306106484133206,-3.6362037539714169,-3.2375251263577671,-3.6832115057648722,-3.8145063138001745,-3.755471072912445]
[null,-5.3884507103014929,-3.393402559482293,-4.4672828038347321,-3.0598811412885403,-3.1515487101895494,-3.4067057664459304,-3.4728910388238616,-3.7909008697375497,-3.3451329188301577,-3.0993407173899103,-3.2030467475933579,-2.8217033536001752,-2.941987430235991,-4.1689717408571259,-3.7850005123386308,-3.5092399723600787,-3.1111416050483456,-3.2843410249568898,-3.3570096475457754,-3.4346929853519477,-3.0081542591532995,-3.472064042681628,-3.8269189640108943,-3.7886838075308864]
[null,-5.2132241879630135,-3.2168060855190843,-4.267894780074605,-2.8345602917778208,-2.8992424039031808,-3.2951902071845374,-3.3383586327009134,-3.7213797885822721,-3.2550590695926132,-2.8191775286614491,-2.8961278054176915,-2.4864496251825878,-2.5760155831299971,-3.910812473093245,-3.4957216814067444,-3.3007269915495687,-2.8755925083216547,-3.1383966988670444,-3.1891349300354341,-3.2433924599486565,-2.7934559151972671,-3.2720473692038676,-3.8511693115997763,-3.8291906457659359]
[null,-5.0456222658277596,-3.046560730973733,-4.0797188718712158,-2.6239684470292231,-2.666413121285748,-3.1990805448858084,-3.2241685218014231,-3.6587144020790929,-3.175782023559623,-2.5452229021940709,-2.5995494711895253,-2.1656131445105964,-2.2291307966602845,-3.6734903891407304,-3.2318020667486684,-3.1036563871334053,-2.6554597465425727,-2.9936509500025217,-3.0265243950232219,-3.0616938547525692,-2.5926527203161189,-3.0825791575623835,-3.8872420905007838,-3.8770390217368913]
[null,-4.8852246679223938,-2.8822776060955948,-3.902307548116982,-2.4275140153696619,-2.452452967358266,-3.1180824955337401,-3.1299616351516173,-3.6027259439344688,-3.1070577022742598,-2.2769089623779251,-2.312600506160797,-1.8584446008405313,-1.900441939492532,-3.4565546210896145,-2.9927803657705714,-2.9176030156952573,-2.4503042773505093,-2.8497964093228094,-2.8687610151831966,-2.8890530527611271,-2.4050611059852463,-2.9032099282311314,-3.9352107885131087,-3.9323236686054241]
[null,-4.731718174933973,-2.7235902620584511,-3.7352631285768108,-2.2447523705937824,-2.2568027185136836,-3.0519980426082265,-3.0555423474639656,-3.5532782113355039,-3.0487171709129135,-2.0137051036873026,-2.0347123309756481,-1.5642679496042691,-1.5892273765645568,-3.259751922403638,-2.7784010658656553,-2.7422817019369825,-2.259772860702062,-2.7065413420432449,-2.7154447303245055,-2.7249854039575818,-2.2300983498096389,-2.7335242310266432,-3.9952496523337184,-3.995209989800601]
[null,-4.5847984132501143,-2.5701717792942351,-3.5782269884841198,-2.0752864764652763,-2.079084176423418,-3.0007472776193285,-3.0008429677941173,-3.5102815139945069,-3.0006578155427168,-1.7551126466843723,-1.7653330438649435,-1.2824525326598555,-1.2947773694173386,-3.0829339699920073,-2.5885209956498452,-2.5774127966067124,-2.0836170710081445,-2.5636208253132402,-2.5662422814998038,-2.5690508592916625,-2.0672672476211797,-2.5731678716628457,-4.0676287072404334,-4.0659154097573227]
[null,-7.2694360552687867,-5.2514952732169622,-6.6070341223507736,-5.4686142505886597,-5.8686222983181313,-5.0662829525222088,-5.4172542403860398,-4.9412238665744947,-4.7386310915185694,-5.6473518150807269,-6.0406861637584264,-5.9598636172881285,-6.410820456424025,-6.9421039873043311,-6.8849616927899442,-5.7083287047443667,-5.5951537194294101,-4.7990767004552035,-5.1313193065645253,-5.4856959318617635,-5.3350907018919713,-5.5997901597498396,-4.4728537024886954,-4.2076131200086513]
[null,-7.0293250619403906,-5.0184296780097455,-6.3150592870679993,-5.1231498485097706,-5.4601009466509183,-4.836507080706296,-5.1277538249758381,-4.8177900015515966,-4.5647564723770673,-5.3070689842732985,-5.6422403167099633,-5.5014441533548739,-5.886192190931939,-6.5245733394910355,-6.4027675594950999,-5.4078635609155299,-5.2381856039571408,-4.6357691245501433,-4.9139095603171095,-5.2106697753690261,-5.0025790333893694,-5.3114005843686831,-4.4142195072866883,-4.1982659837694252]
[null,-6.8011220982151839,-4.795915722304648,-6.0397971598010303,-4.7992911737969743,-5.0793961790570865,-4.6274467416557776,-4.8652588679857889,-4.7039231540726973,-4.4056550966930068,-4.9783798631446974,-5.2608197488187844,-5.0655193824998968,-5.390160727378313,-6.1346719937521845,-5.9539007089956639,-5.1237434062328884,-4.9025936009827333,-4.4762791635617916,-4.7060313339602997,-4.951254551114129,-4.6917194692541679,-5.0390795953803922,-4.3694501638247649,-4.1970984334308996]
[null,-6.5839262892230046,-4.5831060057857531,-5.7801273410823102,-4.4955892803492041,-4.7247348148766504,-4.4378812935864875,-4.628255616322126,-4.5990173278102873,-4.2604231649567126,-4.6602108844988077,-4.8950728282600835,-4.6505040385963445,-4.9208385827123848,-5.7708911560533487,-5.5365832704949005,-4.8549479623131404,-4.5870901416272698,-4.3200874627420758,-4.5068230252276802,-4.7062042524426992,-4.4009284934839616,-4.7816889252300134,-4.3379282605480025,-4.2038002454384085]
[null,-6.3769716717835232,-4.3792645378596795,-5.5350161606285946,-4.210745208959553,-4.3945644254958269,-4.2667572121182671,-4.4153841124887316,-4.5025466655108044,-4.1282717393007555,-4.3516509793504934,-4.5438368978749271,-4.2549046407637627,-4.4765058110763958,-5.4319269895708659,-5.1492561144679208,-4.600565741147074,-4.2905602788187638,-4.1667717231235999,-4.3155391514965089,-4.474415759289716,-4.1287349361602583,-4.5382110610817579,-4.3191594082409965,-4.2181346563953257]
[null,-6.1795823231859419,-4.1836999198449636,-5.3035774932089446,-3.9436811148371889,-4.0875210088993539,-4.1131810730045677,-4.2255338376955685,-4.4140564154212685,-4.0085484406272629,-4.0518599197838672,-4.2060497153001331,-3.8774582962154982,-4.0556179935442147,-5.1166259126618776,-4.7906113526301999,-4.3597960664363393,-4.0120432118967804,-4.0159211203964587,-4.131473476424472,-4.2549305151570591,-3.8739263026569861,-4.3077791085588863,-4.3127636280159205,-4.2399319405850671]
[null,-5.9911299058501637,-3.9958258860152012,-5.0850292716509307,-3.6933926084771862,-3.8024348238176637,-3.9764101779232757,-4.057776999898528,-4.3331710561169663,-3.9006986516878857,-3.7600604141135059,-3.8807369981036257,-3.5170170125525129,-3.6567685094106421,-4.8240541239098285,-4.4595300403829663,-4.1319278951101115,-3.7506950105084433,-3.8671539557166943,-3.9540413733472053,-4.0468890011076999,-3.6353477645184782,-4.0896006407061023,-4.3184678041269606,-4.2690857058737013]
[null,-5.8110868878389219,-3.8151126426530197,-4.8786931867441865,-3.4590442317070398,-3.5382947010186494,-3.8558380951438709,-3.911322606016423,-4.259568472097043,-3.8042444815763043,-3.4755415064983191,-3.5670265690173744,-3.1725374748520325,-3.2788083982429814,-4.5533840365011784,-4.155053586148421,-3.916354953508733,-3.5057537689106444,-3.7201208317517693,-3.7826738448062227,-3.8495419481602733,-3.4120680828679086,-3.8829870912603415,-4.3360978505827825,-4.3055482652943811]
[null,-5.6389684368961133,-3.6410669965114746,-4.6839461193168024,-3.2398975463352215,-3.294209470926087,-3.7509782525917865,-3.785582775316489,-4.1929853490152889,-3.7188211015554051,-3.1976666938221605,-3.2641724446317566,-2.8430860814519918,-2.9206377855309569,-4.3039818332237205,-3.8764724070090875,-3.7125631481722872,-3.2766504664243099,-3.574503941257039,-3.6168908150537051,-3.6622246861738752,-3.2032106160400691,-3.6873438587193617,-4.3655764908314394,-4.349328727915255]
[null,-5.4743388543114859,-3.4732559046481595,-4.5002963820899273,-3.0353028575171419,-3.0694461826621011,-3.6614458397679046,-3.6801003886172978,-4.1332070075266047,-3.6441269863131489,-2.925829974392014,-2.971444799357978,-2.5278554540842508,-2.5813051080737597,-4.0753297517830527,-3.6231867625518639,-3.5201109880140011,-3.0628485273693351,-3.4299790177951128,-3.456233305126994,-3.4843250093371503,-3.0080388013823174,-3.5021215374441366,-4.4069188675612017,-4.4004921180980388]
[null,-5.3168350785570144,-3.3113009277541661,-4.3272937897689756,-2.8447409961114527,-2.8633885934359871,-3.5869870122922198,-3.5945713771313472,-4.0800658082517378,-3.5799454200944916,-2.6594795207103483,-2.6881856155239348,-2.2260744777729786,-2.2599826233109659,-3.8670551114654312,-3.3948051532729648,-3.3386269736015675,-2.8639541530298964,-3.2862566637463155,-3.3002985374033811,-3.3153314554756879,-2.8258777213211292,-3.3268609379456384,-4.4602353933846945,-4.4591597165499266]
[null,-5.166133874565217,-3.1548347547344204,-4.1645574500035023,-2.6677544585923973,-2.67556139540959,-3.527433968399766,-3.5288371088246748,-4.033442623611899,-3.5261276461467461,-2.3980803497820884,-2.4137996314922128,-1.9371027019632681,-1.9559017839838608,-3.6789229654817639,-3.1910709317221149,-3.1677965212259762,-2.6796484906768807,-3.1430545546336686,-3.1487069827987413,-3.1547610507373109,-2.6561962089062425,-3.1611951453203457,-4.5257246217788669,-4.5255106223324892]
[null,-5.0219347027619063,-3.0035488761427631,-4.0117772966318821,-2.5039630273048714,-2.5055732254691048,-3.4827399290705192,-3.4828929789644891,-3.9932651780915993,-3.482599118374341,-2.1411410857360025,-2.1477805662291711,-1.66034384663498,-1.6684737718576854,-3.5108380804909696,-3.0119561173209628,-3.0073973003633721,-2.509721853523601,-3.0000855346001796,-3.0011130549510399,-3.0022142330775425,-2.4984886853127164,-3.0047536125521268,-4.6037027172355147,-4.5997845881355]
[null,-7.66759155048228,-5.6522540016438896,-6.9827076959038328,-5.8208459346040158,-6.1937687421853678,-5.467045053909759,-5.7922237739268194,-5.3880984612722731,-5.1635852425241069,-6.0031643578997906,-6.3715960609465991,-6.2649134552881094,-6.687570630720324,-7.2639890260674651,-7.1790500121193146,-6.0802028124918577,-5.9426350135401016,-5.2299081955756233,-5.5387562740660607,-5.8682557133375344,-5.6926784993322164,-5.9767244869756517,-4.9464082468728501,-4.7026507929475603]
[null,-7.4317943156425654,-5.4229517186170924,-6.6969166251776446,-5.4834759510372173,-5.7957593353137282,-5.245415853966521,-5.5133360092665447,-5.2683875100564066,-4.9955138368105505,-5.6666967017193821,-5.9790657789568682,-5.8144917430031242,-6.1733057088680399,-6.8568159711372711,-6.7093743707547802,-5.785714040197341,-5.5935802488685145,-5.0677216395629587,-5.3247365868917651,-5.599037070511427,-5.3683591359980571,-5.6942605225682543,-4.8935506356632326,-4.6967901370502609]
[null,-7.2076418109980525,-5.2039656169173156,-6.4275457450365616,-5.1673055586400816,-5.4250682822379508,-5.0441536120179489,-5.2610517059329611,-5.1580642422398117,-4.841933755462831,-5.3415129059816495,-5.6031891580308057,-5.3861589222276001,-5.6871484010049294,-6.4769017574554049,-6.272608774304647,-5.5073324986072079,-5.2656064276868166,-4.9091959622211654,-5.1200007672680288,-5.3450477759627848,-5.0652225755434674,-5.4275568797401572,-4.8543805680588594,-4.6990182514532677]
[null,-6.9942972156397625,-4.994473104522732,-6.1734522516487287,-4.8709305908568652,-5.0800056794482389,-4.8620857676133609,-5.0338635383420423,-5.0565470487213116,-4.7019990406407564,-5.026614557647231,-5.2426757641170827,-4.9783474991910248,-5.2272352634321901,-6.1227686940266928,-5.8670014079036346,-5.2440249149243536,-4.9574216460715794,-4.7538493131339843,-4.9236987259988485,-5.1050838468258588,-4.7817093688655978,-5.1754891345253382,-4.8283122691919012,-4.7090471641840237]
[null,-6.7910001310761565,-4.7937437140462871,-5.9336700225778607,-4.5931200970178478,-4.7590535894689072,-4.6981974186468278,-4.830510224712131,-4.9633349731457574,-4.5749640405001575,-4.721090836182297,-4.8963631655384159,-4.5895839554116238,-4.7918723550799838,-5.7931820704858916,-5.4911121999795736,-4.994926942437905,-4.6679744163083896,-4.6012471174168228,-4.7351050596227777,-4.8781044359290018,-4.5164385704177317,-4.9371028624263005,-4.8148912246384468,-4.7266622936298832]
[null,-6.5970786061733824,-4.6011266246406164,-5.7073599226290792,-4.332789455480234,-4.4609170223998564,-4.5516555952982225,-4.6499161652693113,-4.8779936938929076,-4.4601882492918818,-4.4241010365544664,-4.5632363484886431,-4.2186703391751061,-4.379596509016876,-5.4870565907614628,-5.1436158564108885,-4.7592426822389013,-4.3963143069229407,-4.4509909945345871,-4.5535552294478281,-4.6631513081505505,-4.2681761613132743,-4.7115134174847961,-4.8137699766208186,-4.7517141666912464]
[null,-6.4119540142496483,-4.4160402612616192,-5.4937356978186767,-4.0890054053670033,-4.1844599021151474,-4.4217489649844373,-4.4911942590048053,-4.8001606031859936,-4.3571516765886305,-4.1348904292972257,-4.2423250004619275,-3.8644722686105828,-3.9890467019791465,-5.2034537668151417,-4.8234799606564343,-4.536315166954406,-4.1416183827669029,-4.3027167896247844,-4.3784539352155791,-4.4594216993762714,-4.0358687514418135,-4.4979883956739819,-4.8247081560233358,-4.7841160130148328]
[null,-6.2350895911490536,-4.2379685249573216,-5.2921409238413926,-3.8609514770971285,-3.928681695171202,-4.3079077834018316,-4.3536270576378806,-4.7295354230370759,-4.2654088181706298,-3.8527775656316638,-3.9328199211622623,-3.525965405718674,-3.6190746043704398,-4.9416313915003371,-4.5298097216535504,-4.3255615736953716,-3.9032175603360897,-4.1560683381634158,-4.2092829917403662,-4.2661834899297242,-3.8185851091874983,-4.2958573842837096,-4.8475643999675002,-4.8238371068406947]
[null,-6.066021358294404,-4.0664337036886131,-5.1020128346005107,-3.6479191876965649,-3.6927688233463187,-4.209675085118314,-4.2366543378032455,-4.6658707415610143,-4.1846138585470927,-3.577135909788002,-3.6339498855494448,-3.2022582479643149,-3.2686284492387916,-4.7009779596087071,-4.2619279863509387,-4.1264614219126727,-3.6805226324722371,-4.0107348873485646,-4.0455402255139514,-4.0827694350055976,-3.6154944838673297,-4.1045295379665951,-4.8822902709389977,-4.8709110917520348]
[null,-5.9043481514783815,-3.9010114345464095,-4.9228440609587469,-3.4492883804604273,-3.4760133182972131,-4.1267149363499867,-4.1398776952266108,-4.6089606474877431,-4.1144958571524084,-3.3073590539868691,-3.3450028712918596,-2.8925451459269889,-2.9367880427471484,-4.481007359773284,-4.0192846091369994,-3.9386206509306749,-3.4730451479982527,-3.8664019289058409,-3.8867954462374135,-3.9086044283774006,-3.4258599273443018,-3.9235000599465262,-4.9289333497729206,-4.9254161210655756]
[null,-5.7497047037916289,-3.7413397814706788,-4.7542223467546325,-3.264561188248607,-3.2778407535297438,-4.0587855338864269,-4.0630323380448665,-4.5586598292201801,-4.0548477313133668,-3.0429038330254374,-3.0653730711882252,-2.5960901622384944,-2.6227553133322901,-4.2814124306635035,-3.8015566070319387,-3.7616675316004828,-3.2804054680801715,-3.7227848231867813,-3.7326403897498488,-3.7431969153004485,-3.2490879241843431,-3.7523244813745,-4.9876396091442841,-4.9874998039817529]
[null,-5.601771859311321,-3.5870722083692468,-4.5957730344803629,-3.0933105293824017,-3.0977934796716284,-4.0057775736255552,-4.0060184967773473,-4.5148655494370766,-4.0055578803869576,-2.783256091967909,-2.7944670084263534,-2.3122848097747362,-2.3257980213738474,-4.1019782007202377,-3.6085403514986751,-3.5953326490304272,-3.1023285859468066,-3.5795890609462466,-3.5827249226584863,-3.5860881296067864,-3.0846213467208856,-3.5906326282220484,-5.0586420343854801,-5.0573587890590987]
[null,-5.4602842299558914,-3.4378901352753708,-4.4472185539788551,-2.9352082188780715,-2.9355446581367204,-3.9676751033454405,-3.9688695886238463,-4.4775097936865986,-3.9665700232931971,-2.5279312715637894,-2.5317667293311183,-2.0405498621400402,-2.0453489630580544,-3.9426836192104497,-3.4402694911244454,-3.4394015742194388,-2.9386246261057907,-3.4365396772850256,-3.4367033057106973,-3.4368824180668431,-2.9320065939144313,-3.4381019005439755,-5.1422912909567637,-5.1352525978806298]
[null,-8.0675090303686972,-6.0545749314945452,-7.3609158359202658,-6.1764311784944361,-6.5232558547912465,-5.8712252312960604,-6.1716206171740726,-5.8365359563505006,-5.5909785485178674,-6.3605363956556458,-6.704927789750573,-6.5731987894165069,-6.9685448060810069,-7.5901028128589463,-7.4782484685377808,-6.454537649135764,-6.2933790902479672,-5.6611963100936151,-5.9476034816663566,-6.2532371706987027,-6.0536919653643571,-6.3561216027585479,-5.42241117873278,-5.1991704088099047]
[null,-7.8359311428523499,-5.828961202579392,-7.0812139967816758,-5.8470169243237891,-6.1355967396318674,-5.6576274336614256,-5.9032255212230167,-5.7204883962665569,-5.4285979376416025,-6.0277748785410257,-6.3181839665354795,-6.1306993362256224,-6.4644961742314448,-7.1931702544389795,-7.0209779725717141,-6.1659760761930933,-5.9521675024089529,-5.5000784700409673,-5.736883625834829,-5.9896811566040506,-5.7373922440374514,-6.0794871471448202,-5.3752743294672678,-5.1967672974545698]
[null,-7.6157843175743976,-5.6134258587347929,-6.8176156716376459,-5.5384311200763765,-5.7748093507838023,-5.4640604864402125,-5.661034116240689,-5.6136544105397439,-5.2804838674879635,-5.7060407789530183,-5.9477466121110378,-5.7098330711193777,-5.988070950673106,-6.8231507744655042,-6.5962127269460611,-5.8932319643028972,-5.6317000776652577,-5.3424719329363803,-5.5351993573792928,-5.7410044170838361,-5.4418297306928434,-5.8182984276687995,-5.341654453646397,-5.2023695743920548]
[null,-7.4062104335096297,-5.4071785678438591,-6.5690385945135787,-5.2492819482800384,-5.4392219417730541,-5.289404033140447,-5.4435729821591954,-5.5154866821412787,-5.145787377744659,-5.3943236709498184,-5.5923570639385538,-5.3090891857997402,-5.5374338779479233,-6.4786195245507887,-6.2022782122561786,-5.6353589632341121,-5.3307796169629169,-5.1879254679260765,-5.3417343444050314,-5.5060403273089751,-5.1654762091979318,-5.5714696870456777,-5.3210078518676944,-5.2157120643404982]
[null,-7.2065040041105997,-5.2095056817561254,-6.3345331456729594,-4.9783972608498157,-5.1274007454751231,-5.1326939101964992,-5.2496468128196385,-5.4254912527041919,-5.0238069049078735,-5.0917244646843862,-5.250909595684826,-4.9270797638218022,-5.110954601373062,-6.1583779654148199,-5.8377190697821844,-5.3914792350978962,-5.0483268691074503,-5.0359883509233256,-5.1557753792330612,-5.2837614864725708,-4.906984533782409,-5.3380790428220655,-5.3129126190592366,-5.2366011037219762]
[null,-7.0160090428168083,-5.0197793305111356,-6.1132718539077917,-4.7247454495845282,-4.8380679005290865,-4.9931408062572924,-5.0782494687747084,-5.3432635724099189,-4.9139383469375764,-4.7974642982641633,-4.922337863096744,-4.5626046128109765,-4.7071964189732736,-5.8613592769552998,-5.501338843582217,-5.1608452259783757,-4.7834784810864956,-4.8862849584594663,-4.9766688723409889,-5.073273870757939,-4.665186621880447,-5.1172836708855849,-5.3170562366445688,-5.2649073523107583]
[null,-6.8341563435357813,-4.837425629393576,-5.9045054659295966,-4.4874007330720795,-4.5701434074766247,-4.8700479386502327,-4.9285123513798315,-5.2684622607867588,-4.8156784584042187,-4.5107902803475888,-4.6057793059623684,-4.2145376354259874,-4.3248362289258457,-5.5867125183055126,-5.1921328393591795,-4.9428180504601249,-4.5354292038814874,-4.7384530745742488,-4.8038563994220551,-4.8737734384947942,-4.4390454091470088,-4.9083523363903634,-5.3332298054302054,-5.3005657660515553]
[null,-6.6604366866183584,-4.6619381604624657,-5.7076251205000297,-4.2655811028165562,-4.3226826124045807,-4.7629032871723735,-4.7997942982766943,-5.200790479127642,-4.7286216451895973,-4.2310253267183375,-4.3003944006046124,-3.8819340486715679,-3.9627597957545593,-5.3337085970725848,-4.9092650723438584,-4.7368382042534707,-4.3035177358808712,-4.5921590153913057,-4.6368022409230143,-4.6845521172423119,-4.2276674503972531,-4.7106431160670512,-5.3613235652619293,-5.3435632581278254]
[null,-6.494388696256566,-4.4928757605597989,-5.5220615308780747,-4.0585979232656042,-4.0948851811792997,-4.671282880392253,-4.6915786228604732,-5.1400240950043434,-4.6524355715381374,-3.9575450624582524,-4.0054376114025594,-3.5638839808694467,-3.6199732936807161,-5.1018008579563654,-4.6520700151423435,-4.5424094921098828,-4.0871998251063459,-4.4470726139500369,-4.4750539567147944,-4.5049825132363157,-4.0302602203193993,-4.5235992171759412,-5.4013224121915524,-5.3939517063532714]
[null,-6.335629416530141,-4.32981619511916,-5.347338966642516,-3.8658970618259003,-3.8861072930329472,-4.5948736552091418,-4.6034997232979942,-5.0859779055253647,-4.5868737956702894,-3.6897705482238039,-3.720232280231432,-3.2596317596079349,-3.2955436768023687,-4.8905217230354188,-4.4200987041046185,-4.3591612355116194,-3.8860288729228332,-4.3029015249181448,-4.3181671505323544,-4.3345136542261828,-3.8461218586994441,-4.3467139789408984,-5.4533060571503436,-5.451829941023103]
[null,-6.1838133477623085,-4.1723913741247287,-5.1830691562790427,-3.6869756105514493,-3.6957764472382437,-4.5334923444740447,-4.5353564441704073,-5.0385150622504442,-4.531763561252121,-3.4271698396737511,-3.4441570698374182,-2.9684641667135798,-2.9887348877575368,-4.6996188333662108,-4.2130568092621337,-4.1867302096016923,-3.6996541326462462,-4.159342170315421,-4.1657616134534239,-4.1726370655798197,-3.6746509163089454,-4.1795903831853494,-5.5174484934186374,-5.5173668987406836]
[null,-6.0386304043210535,-4.0202754587930798,-5.0288869602860498,-3.5214379228579542,-3.5235105487447229,-4.4870481827217272,-4.4870928408783435,-4.9975434857314474,-4.4870068389448861,-3.1692127869691133,-3.1766633281670136,-2.6897891537214647,-2.6988628844565485,-4.5289506431944329,-4.030831354157276,-4.0248813851752629,-3.527809400530896,-4.0161203117492796,-4.0174890992053509,-4.0189434799159693,-3.5153561786506358,-4.0218535662796349,-5.5940305237520809,-5.5907759572728093]
[null,-5.8998298293860145,-3.8731717853596495,-4.8845333387523828,-3.3689805876802965,-3.3689895665932825,-4.4555632808433261,-4.4587972504452571,-4.963016902021657,-4.4525734080854633,-2.9154533410789787,-2.9172399529492288,-2.4230046056666872,-2.4253306184957797,-4.3784931258258402,-3.8734918404191152,-3.8734211273512931,-3.3703571426537877,-3.8729589196335326,-3.872997216117271,-3.8730382815273869,-3.3677833597197684,-3.8732024498900235,-5.6834280376372774,-5.6723480717936541]
[null,-8.4691612622241532,-6.458416140718831,-7.7416398686267485,-6.5353155255559932,-6.8570137609115456,-6.278765373971364,-6.5554025034946415,-6.2865082963395214,-6.0207679028510537,-6.7193995106983975,-7.040599611620709,-6.8847359839038464,-7.2537004446824334,-7.9204205278781119,-7.7825147906884515,-6.8313133042088134,-6.6473514123650936,-6.0929178855301078,-6.3578112066060877,-6.6405680289396853,-6.4180415758841018,-6.7379177914729613,-5.9008383347933169,-5.6971597608730118]
[null,-8.2417386012373317,-6.2364183283092602,-7.4679366641893834,-6.2137422256774668,-6.4795741277088261,-6.0730906989776843,-6.2973882550293778,-6.1740614187974021,-5.8640084597436681,-6.3902745915570183,-6.6595541196210544,-6.4499819300642827,-6.7597171011665003,-7.5336383724647353,-7.3375802492312365,-6.5485774479684116,-6.3138946955953354,-5.932813483178748,-6.1503242124040218,-6.3825605149347906,-6.1096260385378738,-6.4670133660076159,-5.8593668703006658,-5.6981883245144465]
[null,-8.0255003055504428,-6.0242621901340598,-7.2100256696924827,-5.9126167598679435,-6.128548211177157,-5.887136822007256,-6.0651531673209762,-6.0706760343718784,-5.7212738409106194,-6.0718831409202076,-6.2944530170671982,-6.0364751375093775,-6.2928905349830604,-7.1734436803429915,-6.9247204168475998,-6.2814301166689868,-6.000863644172405,-5.776081873236568,-5.9516117818792393,-6.1390865336386433,-5.8214911836624417,-6.2112551907081439,-5.8312579901871047,-5.7071462638625663]
[null,-7.8196519206121842,-5.8211953651390829,-6.9668738162881381,-5.6306005159228576,-5.8023423500819007,-5.7198271894998758,-5.8573312774582034,-5.9758137888437854,-5.5917591164684604,-5.7632594698544786,-5.9441063829520528,-5.6427097172288354,-5.8513993488954927,-6.8384349410575913,-6.5423672584382402,-6.0289164261956207,-5.7071084438795676,-5.6222809606373572,-5.7609066890901151,-5.9090233559164416,-5.5521590232992066,-5.9695966190180281,-5.816005005072328,-5.7237915172676894]
[null,-7.6234795286031423,-5.6265291760750777,-6.7375651106463907,-5.366572749907518,-5.4995415950081528,-5.5702276016745058,-5.6727654839185675,-5.889000552679291,-5.4747883927990886,-5.4635555733666283,-5.6073982996363521,-5.2673609394821019,-5.433684533974005,-6.5274596497609432,-6.1891045276627974,-5.790203511053396,-5.4316211765496121,-5.4709684025850649,-5.5775074281446804,-5.6913694417877174,-5.3003456549916947,-5.7411348863731728,-5.8132184900532167,-5.7479513480899849]
[null,-7.4363525998875808,-5.4396211736950546,-6.5212902497704581,-5.1195054415688439,-5.2189460844566291,-5.4375912956295647,-5.5104904010989531,-5.8098606737500038,-5.3697773139239935,-5.1719562379706394,-5.2833421168645138,-4.9092070332113815,-5.0383287044822156,-6.2395344202087948,-5.863795580906733,-5.5645834819763067,-5.1735297755713505,-5.3217843797499409,-5.4007913068686078,-5.4852504177765748,-5.0648952489089529,-5.5250597585746135,-5.8226212743129979,-5.7795161759866422]
[null,-7.2577259211239964,-5.2599504651634543,-6.3173457070990668,-4.8885238739709314,-4.9594831273335753,-5.3212899043306923,-5.3697128124392712,-5.7380591276663306,-5.2762692099384374,-4.8877372198560627,-4.9710421144395891,-4.5672063240332426,-4.6640742143610794,-5.9738115790233373,-5.5654911736050412,-5.3514143678154218,-4.9320716406347858,-5.1743654964479004,-5.2301951690690318,-5.2899006633419168,-4.844829375506662,-5.3206647310003783,-5.8440351454401114,-5.8184423562071643]
[null,-7.0870956002535941,-5.0870156874995587,-6.1251155081757149,-4.6728871352394679,-4.7202723103965925,-5.2208077301853049,-5.2498136685235117,-5.6733261899718492,-5.1938667272652497,-4.6102523137206184,-4.6697251834612832,-4.2404128174804701,-4.3098307428853095,-5.7296235558029425,-5.293381209412094,-5.1501730207849592,-4.7066329128406341,-5.0283785209585954,-5.0652220032652888,-5.1046380120896213,-4.6392788751915335,-5.1273305946575833,-5.8773861828223763,-5.8647334119021197]
[null,-6.924041398208133,-4.9203792016047263,-5.9440793678863928,-4.4719209873041423,-4.5005564667997229,-5.1357810523610246,-5.1503349434653387,-5.6154473055337171,-5.1222739403120521,-4.3388680457761097,-4.3786142347000965,-3.927968806622284,-3.9746074008378574,-5.5064336122962212,-5.046913162432686,-4.960399524366971,-4.4966862319416689,-4.883505778965346,-4.9054107235346729,-4.9288520477638711,-4.4474764626798997,-4.9445124730879764,-5.9226870974916048,-5.9184615767747051]
[null,-6.7681682594276094,-4.7596358278795448,-5.773772587610086,-4.2851020464521534,-4.299699156185107,-5.0659338841349122,-5.0709690467370905,-5.5642528540381457,-5.061264721468949,-4.0730441921996707,-4.0970724580879967,-3.6291091849987724,-3.6575649485409607,-5.3038808877070185,-4.8256433632444615,-4.781718375463754,-4.3018085331715428,-4.7394544058768586,-4.7503451279031959,-4.7620106158601754,-4.2687594514164848,-4.7717500622053182,-5.980052086520665,-5.9797439314865537]
[null,-6.6191550171436369,-4.6044321634328194,-5.6138138750109414,-4.1119528620492511,-4.1171972679686357,-5.0111049752974202,-5.0115526278256892,-5.5196214998770907,-5.0106894334748162,-3.8122278405177417,-3.82451514104249,-3.3431763311519345,-3.3579361529220115,-5.1217143699990508,-4.6293562939525801,-4.6138051131202511,-4.1216905540223729,-4.5959241744752202,-4.5996487445513319,-4.6036247469115601,-4.1025524109058624,-4.6086401066382212,-6.0496914790100726,-6.0487748577928757]
[null,-6.4767004094243443,-4.4544423412013847,-5.4638845722490661,-3.9521147339081946,-3.9526894091363891,-4.9712469286833834,-4.9720799521996337,-5.4814772058857226,-4.9704765467512351,-3.5559250525235373,-3.5603964665767327,-3.0695453900309357,-3.0750814262290826,-4.9598379245885944,-4.4579784194351344,-4.4564429125677227,-3.9560975309353386,-4.4526482745596194,-4.4529574430277892,-4.4532990834422677,-3.9483770766828212,-4.454825275429215,-6.1319156912106214,-6.1257861424558993]
[null,-6.3405570693108571,-4.309384888423792,-5.3237290091957767,-3.8053024749138955,-3.8059091645556871,-4.9464226420300337,-4.952702492156023,-5.4497892855410814,-4.9406194214068373,-3.303658517150053,-3.3041774837856983,-2.807719476847963,-2.8084518767958762,-4.8183076792899273,-4.3116609048953594,-4.3094465979810517,-3.8049033364082545,-4.3093298984058421,-4.3099696653580679,-4.3106558906649131,-3.8058127726606212,-4.3100432532678647,-6.2271517978877435,-6.2110944349318533]
[null,-8.8725141822584721,-6.8637499611845447,-8.1248327832412475,-6.897439838621275,-7.1949993051947585,-6.6896285187799283,-6.9435208881936825,-6.7379970897605075,-6.452910654480946,-7.0797444181816251,-7.3785889007529457,-7.1994483343461946,-7.5429862269588455,-8.2548946552382603,-8.0918433425377678,-7.2104950649945998,-7.0045247265657027,-6.5250504041252659,-6.7693642846929469,-7.0302010886156916,-6.7856828639313136,-7.1220806449175589,-6.3816696872284089,-6.1966081166816958]
[null,-8.649162878722537,-6.645286590502649,-7.8570152272220843,-6.583587491581488,-6.8276437559607785,-6.4917883421878626,-6.6957553676976698,-6.6291015088990761,-6.3017000155413463,-6.7541398262029544,-7.0031227182811699,-6.7723290284878903,-7.0589171532154094,-7.8781826898773604,-7.6591114362619468,-6.9335286234866693,-6.6787321649801772,-6.3659091521096194,-6.5650060566364861,-6.7776345037026475,-6.4849866321527534,-6.8568100148853492,-6.3458146392212145,-6.2010453701274741]
[null,-8.4367834377230473,-6.4364466204348032,-7.6047198172305057,-6.2898319948389965,-6.4862671355314125,-6.3133575614822242,-6.4733956609866743,-6.5291121967698587,-6.1642814001479769,-6.4390218652488285,-6.6432770844078401,-6.36605792552918,-6.6015422007028004,-7.5277203402715562,-7.258085021213482,-6.6718933069147859,-6.373077109853079,-6.2100121194374402,-6.3691941169681758,-6.5392518668849382,-6.2041496712787572,-6.6063957467933774,-6.3231802210847308,-6.2133438555843146]
[null,-8.2345869343292613,-6.2365055678388179,-7.3669227347344481,-6.0148611696837166,-6.169327301768404,-6.1533000829373652,-6.275123046015473,-6.4375086571193689,-6.0398863521216946,-6.1334224973685103,-6.2978866166057044,-5.9791783842847188,-6.1690885618200282,-7.2021827160681369,-6.8872332462887851,-6.4246805536027916,-6.0864254710781829,-6.0568988968885371,-6.1811783806339466,-6.313986604194243,-5.9417153259456441,-6.3698300347037291,-6.3132949601768686,-6.2332853378388018]
[null,-8.0418978148751279,-6.0447650472560186,-7.1427477181308827,-5.7575959334560327,-5.8754647268570608,-6.0107653113695614,-6.0998434001988295,-6.3538525618493367,-5.9278766037616366,-5.8365094683009877,-5.9658310012118845,-5.6103531394433537,-5.7600307220013285,-6.900439213236516,-6.5452223443161222,-6.1910987351144051,-5.8178348581508894,-5.9061823150278947,-6.0002781908202785,-6.100860186828049,-5.6964548845988272,-6.1462275229770285,-6.3158058968489801,-6.2607152071008532]
[null,-7.8580961093698551,-5.8606460751908154,-6.931401283450497,-5.5170531938515834,-5.603502874854243,-5.8850062768115885,-5.94663952524908,-6.2777659865227484,-5.8276964514685128,-5.5474956820988073,-5.6462036020450119,-5.2584507982377025,-5.3729921183348912,-6.6215579205485984,-6.230959134366878,-5.9704308120903633,-5.5664509319554032,-5.7574710000550962,-5.8258885036362598,-5.8990476567034626,-5.4672735678864912,-5.9348105223799958,-6.330467243292472,-6.2955469071256145]
[null,-7.6826443219424885,-5.6836103355524381,-6.7322217028332973,-5.2923710416773044,-5.3524496214049986,-5.7754454594120679,-5.814775276177091,-6.2089451886846421,-5.7389000019376102,-5.2656892761774463,-5.3381030691043048,-4.9224527413146388,-5.006770844955585,-6.3647317003953034,-5.9435287073187606,-5.7620933052403673,-5.3315597584071668,-5.6104238542745808,-5.6574702708104496,-5.7077762480940128,-5.2531873091422012,-5.734896793347473,-6.3571334943662983,-6.3377513765989386]
[null,-7.5150732419609909,-5.5131762578232921,-6.5446073291823819,-5.0828529421443953,-5.1214276169210864,-5.6816237923119033,-5.7036774701874817,-6.1471331490780914,-5.6611369500938702,-4.9904165030255125,-5.040744747521523,-4.6013947197722196,-4.6602632251777827,-6.1293469544291836,-5.6822108959294981,-5.5655727966385591,-5.1125574300190442,-5.4647094386793063,-5.4945178738405005,-5.5264111311010975,-5.0533956586747868,-5.5458949074442696,-6.3957609168181175,-6.3873589876769872]
[null,-7.3549686831408456,-5.3489254442457286,-6.3680499015715464,-4.8878717204845303,-4.9097340090928432,-5.6031787153808077,-5.6129372097262049,-6.0921328572903466,-5.5941264336116605,-4.7210994554401511,-4.7534367279085386,-4.2944738478765805,-4.3325565662896963,-5.9149155003442369,-5.4464742651623581,-5.3804246169425305,-4.9089621004993189,-5.3200243119033201,-5.3366004484974479,-5.3543503096663887,-4.8671224011943739,-5.3672649192839152,-6.4463982710836421,-6.4444514047727042]
[null,-7.2019511061315766,-5.1904614938313838,-6.2021239259339591,-4.7068956337451677,-4.7167764200278066,-5.539890269561262,-5.5422916084001681,-6.0437824090100829,-5.5376656637134385,-4.4571605485048211,-4.4755263270710772,-4.0009534715806572,-4.022804892159785,-5.7211045911159504,-5.2359408277031614,-5.2062905119659613,-4.7203797228554567,-5.1760468561081998,-5.1833074597922817,-5.1910800506355672,-4.6937692736282663,-5.1985813716836367,-6.5091919314833016,-6.5091794187780829]
[null,-7.0557147853267432,-5.0374373356656141,-6.0464606690456355,-4.5394913768369891,-4.5420966868710311,-5.4916323911086566,-5.491633256194361,-6.0019826817256288,-5.4916315901204467,-4.1980761237192645,-4.2064208796303681,-3.7201885093809892,-3.7302996081206485,-5.547701308819069,-5.0504532205342425,-5.0428907269677703,-4.5465201641134003,-5.0325166611559231,-5.034267740991285,-5.0361441697185416,-4.5327661638585424,-5.0394504319893372,-6.5843899560170787,-6.581744580567654]
[null,-6.9159563151202352,-4.8895454301566579,-5.9007582589281586,-4.3853340962778518,-4.3853399365030343,-5.4583913732515335,-5.4610056804362408,-5.9666705199985133,-5.455973665589168,-3.9433627848217507,-3.9455958639763153,-3.4515762860401002,-3.4544273603225486,-5.394684588738591,-4.8900106669626258,-4.8900095463701696,-4.3871909967200837,-4.8891384432728051,-4.8891402021070904,-4.8891420879702432,-4.383662024322974,-4.8895456095958876,-6.6723360777121297,-6.6624162604048083]
[null,-6.7824584003904205,-4.7465092704298932,-5.7647859561804617,-4.2441518009958648,-4.2463012871558092,-5.4402703209665955,-5.4506161925560068,-5.9378274922256766,-5.430715046262411,-3.6925638575042248,-3.6925739718278332,-3.1946293413994513,-3.194667387991124,-5.2621485083043442,-4.7548304306455949,-4.747490769641959,-4.2422980532496597,-4.7456330518234777,-4.747609964265318,-4.7497206321345731,-4.2460627216808744,-4.7486058333971863,-6.7735027791314204,-6.7515265264984121]
[null,-9.2775259949164699,-7.2705550220286899,-8.5104508911593317,-7.2627620145359195,-7.5371621106955731,-7.1037788677262723,-7.3359294871244041,-7.1909719747266232,-6.8873913831269942,-7.4415231302149794,-7.7188460021037599,-7.5172666686373928,-7.8363075666572479,-8.5934979648496448,-8.406176822234352,-7.592044851136178,-7.3648489673973909,-6.9575752788463419,-7.1822123318699829,-7.4221032634916524,-7.1565370931729744,-7.5085932083767846,-6.8648796999949901,-6.6975064641576827]
[null,-9.058185310794439,-7.0555387846282738,-8.2484454046833484,-6.9565323565674655,-7.1797536143667644,-6.9136711555867514,-7.0983037404789728,-7.0855815204762509,-6.7416556439932496,-7.1193626877308498,-7.3488533606078255,-7.0976712181669654,-7.3620327903813836,-8.2267838354041967,-7.9855630463846978,-7.3207630060623528,-7.0466315373797119,-6.7993480740068479,-6.9809060563201868,-7.1748547479385127,-6.8634295540473786,-7.2488526893018843,-6.8346004448636641,-6.7053327767555295]
[null,-8.849594964113324,-6.8499652261463275,-8.0016775847585659,-6.6700387377504171,-6.847930381021345,-6.7426739225109582,-6.8857059493457058,-6.9889419934702763,-6.6094851456294323,-6.8074328694824739,-6.9941669286158197,-6.6985331364616094,-6.9140018652713211,-7.8859849721515696,-7.5962925511324491,-7.0645982302361707,-6.7482669586634207,-6.644225062308732,-6.7879238557260209,-6.941464096225209,-6.5897461037019873,-7.0036987961065345,-6.8174092953201617,-6.7209602870554175]
[null,-8.6510049075831326,-6.6530623063132897,-7.7691660613403917,-6.4020274143645635,-6.5401388734458594,-6.5898264060674965,-6.6969119477344679,-6.9005640268258688,-6.4901581379939675,-6.5047727357017546,-6.6536145022146371,-6.3183919471175987,-6.490467499548215,-7.5698522837220787,-7.2368913133376749,-6.8226302982115703,-6.4686841830485031,-6.4917808529989482,-6.6025290515531978,-6.7208943842823139,-6.3341036281036596,-6.7721449655273567,-6.8128735525062423,-6.7441913656494572]
[null,-8.461732627718261,-6.4642106625982443,-7.5500521684860038,-6.1514473334530466,-6.2551256579858681,-6.4542791475122572,-6.5308508574766053,-6.8200269394796962,-6.3830584969246731,-6.2105938882920011,-6.3261647004298025,-5.9560299278851252,-6.0899625945772993,-7.2773012788458633,-6.906089549256917,-6.5941214964116108,-6.2069387710289528,-6.3415992400491819,-6.4240650274471625,-6.5122259988462305,-6.0952907908663301,-6.5533393797801684,-6.8206738473812933,-6.7748946970845658]
[null,-8.2812107769962218,-6.2828202661021058,-7.3435857455632076,-5.9173405733481896,-5.9917258034998611,-6.3353631219175615,-6.3866775029035869,-6.7469737820736766,-6.2876691383871837,-5.9241028219894689,-6.0108729096402449,-5.6103099350387522,-5.7111381904214298,-7.0074286194840916,-6.6028442480412366,-6.3783811286179883,-5.9622262358308511,-6.1933295646846771,-6.251939526824418,-6.3146269194367983,-5.8722680378034307,-6.3465161346926076,-6.8405977503000495,-6.8130024445175561]
[null,-8.1088976260362582,-6.1083772482992265,-7.1491081477876923,-5.6989156418140912,-5.7490066768820922,-6.2325215063167105,-6.2636921136569104,-6.681113547377576,-6.2035682140996871,-5.6446254904849749,-5.7068933516343563,-5.280208137962858,-5.3528362473601332,-6.7595008127799483,-6.3262686789161284,-6.1748379495749273,-5.7338606217990478,-6.0466161519959787,-6.0856289795942669,-6.1273737474231753,-5.6640828898089035,-6.1510310946868074,-6.8725330833518825,-6.8585042417436188]
[null,-7.9443443354186334,-5.9404038588628278,-6.9660640057891206,-5.495466879496159,-5.5261273624184737,-6.1453266217089029,-6.1613827673080239,-6.6222062091691134,-6.1304281836352104,-5.3715108952825688,-5.4134617652051586,-4.9648249253724792,-5.0140201966614333,-6.5329048541323997,-6.0757413620334724,-5.9829929588573947,-5.5212927614875671,-5.9011374590435643,-5.9246645388402497,-5.9498362206505409,-5.4699561739310578,-5.9663094162611117,-6.9164679196824279,-6.9114472180518467]
[null,-7.7871562134586734,-5.7784934472590415,-6.7939579078715937,-5.3064110953045303,-5.3224322957034023,-6.0734691685581215,-6.0793801697118033,-6.5700722112664431,-6.0679861029398605,-5.1041846233169368,-5.1298799239907984,-4.6633778178112726,-4.6937480271384855,-6.3272385172131438,-5.8507471169423635,-5.8024550474383876,-5.3240266586824392,-5.7565855646531991,-5.768587154590775,-5.7814442994687854,-5.289162742087659,-5.7918373673555141,-6.9724821110814794,-6.9719450292888467]
[null,-7.6369714420056658,-5.6222811156655208,-6.6323875759424178,-5.1312494407072107,-5.1373369436359457,-6.0167489475943334,-6.0174768042773321,-6.5245653078875945,-6.0160736362890246,-4.8420801337534352,-4.8555313948618055,-4.375136950787847,-4.3912454577490383,-6.1421876314060473,-5.650999347541755,-5.6328720603611702,-5.1417342765526115,-5.6126651639465281,-5.6170266385548242,-5.6217035978337302,-5.121106370737996,-5.6272039574726227,-7.0407590120533508,-7.0401545631940126]
[null,-7.4934699168544974,-5.4714036045006944,-6.4809976141453101,-4.9695875283626512,-4.970447351387798,-5.9750810304294131,-5.975613935801535,-6.4855992080273834,-5.9745878593184125,-4.5846881163265749,-4.5898392672265533,-4.0994779005192648,-4.105827898336087,-5.9776108210425569,-5.4763839611099048,-5.4739785253003648,-4.9741460517880647,-5.4690871899976266,-5.4696039567807384,-5.4701578601098992,-4.9652622652922789,-5.4720208028962949,-7.1215780408536764,-7.1163047302918043]
[null,-7.356403728420009,-5.325584703507614,-6.3395086716018669,-4.8210790378240791,-4.8214498415251583,-5.9484947984274079,-5.953891576782377,-6.4531228747831086,-5.943506099197772,-4.3315170092203337,-4.3322835450771642,-3.8358498015840881,-3.8368995689771044,-5.8335078784624219,-5.3269754639307996,-5.3255882019228524,-4.8210986420375592,-5.3255815829814166,-5.325995376137044,-5.3264426804133311,-4.8211941555402724,-5.3260026520171264,-7.2153353251411581,-7.2006888946070688]
[null,-7.2255319012562431,-5.1845381474098842,-6.207710806351848,-4.6855312527354522,-4.6901592668943461,-5.9371286560640213,-5.9525737237874061,-6.4271390117526668,-5.9228731820360743,-4.0821268615932622,-4.0823903211388588,-3.5837401349741547,-3.5839680266785718,-5.710047486356328,-5.2030429677028724,-5.1875635100472222,-4.6825426437065456,-5.1818677977891907,-5.1858898977530155,-5.190215441901862,-4.6885310451178057,-5.1888925767383496,-7.3225282528042568,-7.2936697510014437]
[null,-9.6841853970977265,-7.6787750004981081,-8.8984607988398601,-7.6312548637455864,-7.8834532861118936,-7.5211753940284369,-7.7325898476916528,-7.6454194106041244,-7.3241685792993083,-7.8046906341281295,-8.061346633621417,-7.83817504017264,-8.1336212696725276,-8.9362149198438416,-8.7254947837178847,-7.9759374591601464,-7.7283161808082701,-7.3904611823934916,-7.5963261411940222,-7.8162191628328737,-7.5305490273546063,-7.8973842610394067,-7.350457582839697,-7.1998463925908966]
[null,-9.4687796364790398,-7.467155495679104,-8.6421842092611385,-7.332534440882986,-7.5358765545623658,-7.3386986065376965,-7.5049764209334571,-7.5434783939321477,-7.1838260861215728,-7.4858908049722253,-7.6967442994094393,-7.4259731894675598,-7.6690343489283777,-8.5794124520963866,-8.3169103299889908,-7.7102841589294941,-7.4175929925876884,-7.2331026958940523,-7.3979923992774523,-7.5741609795071989,-7.2448845675775848,-7.6431054784834833,-7.325712560578987,-7.211044612797755]
[null,-9.2639153172431321,-7.2647585659650193,-8.4008585256698218,-7.053200371088141,-7.213458052498483,-7.1750768522511805,-7.3020696104567744,-7.4501510734034904,-7.0568534877564835,-7.1770579183736487,-7.3470937895775101,-7.0338367370550232,-7.2301929106825087,-8.2482148016624866,-7.9393230442431415,-7.4595078571251712,-7.1264621382939257,-7.0787162587329684,-7.2077592321423971,-7.3456742163256123,-6.9782381890506073,-7.4031312107680423,-7.3139381821003289,-7.2299917689202413]
[null,-9.0688648502289411,-7.0708595123375515,-8.1735538908473959,-6.7920574834558423,-6.9147408498789318,-7.0293628231743677,-7.1226667473021825,-7.3649633847570115,-6.9425484339452295,-6.8772794480580224,-7.0113098321477354,-6.6603827737675418,-6.8154710105608043,-7.9414279392269975,-7.5913233358931995,-7.222745778386038,-6.8538742167119322,-6.9268842829847816,-7.0249222622392109,-7.1297240261391481,-6.7292612612552256,-7.1765169752388509,-7.3147367067720701,-7.2565114269988937]
[null,-8.8829731299711305,-6.8848415830723875,-7.9594432067713754,-6.5480794009773273,-6.6384789853002397,-6.9007679803984958,-6.9657707733365992,-7.2875146488608173,-6.8403238092705561,-6.5857569370310687,-6.6883822826530999,-6.3043803087799049,-6.4234161363762663,-7.6580306200974366,-7.2716840600567449,-6.9992608194862891,-6.5989207647729655,-6.7772120915273879,-6.8488331095085631,-6.9254175131143132,-6.4968093716583004,-6.9624301836380695,-7.3278232608593408,-7.2904929866946846]
[null,-8.705674576547219,-6.7061264811283268,-7.7578030783561767,-6.3203611507236541,-6.3835851889373814,-6.7886561981133804,-6.8305798706939269,-7.2174710197998921,-6.7496935814450127,-6.3017397009734113,-6.3773439208192926,-5.9647242365577373,-6.0527317194059878,-7.3971464739545434,-6.9794080326075587,-6.7884091509156228,-6.3608415401215233,-6.6293402371421761,-6.6789174106883475,-6.7319691333080183,-6.2798478213594731,-6.7601633790491586,-7.3530166870097844,-7.3318887387561533]
[null,-8.5364612128879873,-6.5342193548113352,-7.5679908114719563,-6.1081219953777683,-6.1491364943288431,-6.6925063480458675,-6.7164551082738742,-7.1545535819473134,-6.6702656590748166,-6.0245184370025999,-6.0774234261469511,-5.6404457446290204,-5.7022866659978071,-7.1580792623921825,-6.7137058164483339,-6.5896362842283258,-6.1389871568496828,-6.4829228781131469,-6.5146794888652764,-6.5486577062288767,-6.0774814060231295,-6.5690464775816446,-7.3902429749710228,-7.3807063499405841]
[null,-8.3748958852271702,-6.3686733835597904,-7.3894771338986098,-5.9107037153630753,-5.9343524134128547,-6.6119283621334262,-6.6229261291509998,-7.0985437088225245,-6.6017261975007129,-5.7535022269514018,-5.7878460607407618,-5.3306761228270521,-5.3710599354657935,-6.9402993484523261,-6.4739747909390166,-6.4024598037390161,-5.9328048340597572,-6.3376396821330152,-6.3556349977907303,-6.374891297730426,-5.8889497142699527,-6.388561412204254,-7.4395149710795456,-7.437017462953496]
[null,-8.2205904446702363,-6.2090755950350127,-7.2217970793122497,-5.7275434520850403,-5.7386041039713147,-6.546653334784982,-6.5496708063172537,-7.0492642128153182,-6.5438514693402094,-5.4881171926589536,-5.5079356072232724,-5.0346388132225215,-5.0581702839358256,-6.7434032178723564,-6.2597733313411492,-6.2265049295828723,-5.7418767088830478,-6.1931930032386742,-6.2013635638512525,-6.2101142141079189,-5.7135693080547654,-6.218210331933367,-7.5009543868410553,-7.5009494194113131]
[null,-8.0731985165249487,-6.0550690900350608,-7.064541320307117,-5.5581635984881403,-5.5613691460307617,-6.49651398470463,-6.4965383468415814,-7.0065989634323165,-6.496491424703482,-5.2277795167026495,-5.2370944349512252,-4.7516301968608792,-4.7628792518416176,-6.5671532693918273,-6.0708607687342351,-6.0614588397571554,-5.5658803471302747,-6.0492836444496865,-6.0514872033214635,-6.0538495703658324,-5.55075869167898,-6.0575864530756975,-7.5747721427996373,-7.5726821331184402]
[null,-7.9324282189500455,-5.9063149322046113,-6.9174052311454002,-5.4021982744434371,-5.4022613926582119,-6.461467049863785,-6.4635190671229514,-6.9704681587264385,-6.4595684674860152,-4.9720259853362059,-4.9747522785345621,-4.4810373397320555,-4.4844896470992897,-6.4114480994740051,-5.9071980620254063,-5.9070703324471365,-5.4045734579690352,-5.9056353070693195,-5.9056485150190232,-5.9056626758738107,-5.4000299823429296,-5.906335041885062,-7.6612925258423488,-7.6524756187138436]
[null,-7.7980249813303733,-5.7625357866640652,-6.7801284392396548,-5.2593545444074943,-5.2610261650724475,-6.4415746111305365,-6.4507698945354646,-6.9408402957122952,-6.4330805542465814,-4.720348113017832,-4.7204137041626479,-4.2223337935939336,-4.2224581945139983,-6.2763438152517006,-5.7689116544302008,-5.7631778204388144,-5.2578361527586184,-5.761965291722599,-5.7635191383536268,-5.7651965460086574,-5.2609514475609567,-5.764181872855743,-7.7609449449228798,-7.7406387609540079]
[null,-7.6697668924795943,-5.6234490298802458,-6.65249188693039,-5.129428123802894,-5.1375078432172856,-6.4370226162877433,-6.4586148230659415,-6.9177306457147782,-6.4171065549697284,-4.4723089952948305,-4.4736067098474805,-3.975040992885289,-3.9763398909006233,-6.1620582236866657,-5.6563683421239705,-5.6296528570865734,-5.1256481004479326,-5.6179922934842805,-5.6248106922380048,-5.6321242883578666,-5.1331835133795138,-5.6308885418826797,-7.8742773978658667,-7.8375579583097927]
[null,-10.092459051242162,-8.0884027745353677,-9.2888406963146899,-8.0028824441849835,-8.2338255331912098,-7.9417765779231386,-8.1334484361092159,-8.1013166439580928,-7.7632210607938026,-8.1692147840678171,-8.4060483336828433,-8.1621254164351402,-8.4349284432730816,-9.2830164946886047,-9.0497694462126468,-8.3621634365187827,-8.0948810116256933,-7.8236998325516733,-8.0116696325968224,-8.212492212362946,-7.9076830403627989,-8.2884423200340684,-7.8383834186938586,-7.7036225124303153]
[null,-9.8809244114498469,-7.8801079790110808,-9.0381863808637721,-7.7115510165617094,-7.8959521293854289,-7.7668563637008585,-7.9157610108905763,-8.0027823959049655,-7.6282095333706037,-7.8536974859551023,-8.0466914982088937,-7.757192451191341,-7.979848885805489,-8.9360273400715844,-8.6531302482695036,-8.1020657470553292,-7.7915876688048771,-7.6671544199392745,-7.8162387525850772,-7.9755429040975239,-7.6293204422582255,-8.0395272270128473,-7.8191393184523541,-7.7181789616146386]
[null,-9.6797252208551736,-7.6808276477088189,-8.8022401070557894,-7.439281747136949,-7.5828518440259254,-7.6105271829073935,-7.7224443629015207,-7.9127256935496453,-7.5063762768905038,-7.5478986898905562,-7.7020402235990932,-7.3719608408208881,-7.5501051418416196,-8.6143788462123556,-8.2871647390359886,-7.8566268203912024,-7.507613118725093,-7.5134654515082193,-7.6286867179913243,-7.7518543658537595,-7.3695845092797638,-7.8046544050212514,-7.8127599249786659,-7.7404392042140184]
[null,-9.488155610670832,-7.4898720572166138,-8.5800802673564007,-7.1849287521820049,-7.2930987521276283,-7.4718983282342082,-7.5523680552356414,-7.8306938696625057,-7.3970418637317072,-7.2509250130218561,-7.3709339242930341,-7.0050865551517871,-7.1440993938207615,-8.3169011830941511,-7.9504941299507026,-7.6250173431544628,-7.2419650850153303,-7.3622073114844557,-7.4483404629611156,-7.5404266999817686,-7.1271659266891465,-7.5829152370928208,-7.8188831855932248,-7.7702487688531203]
[null,-9.3055857793757948,-7.306627775301477,-8.3709236837476446,-6.9474815278551159,-7.0255183934772356,-7.3502105596536182,-7.4045877506943869,-7.7563095124737291,-7.2996552807085884,-6.9619771683679126,-7.0524110149345232,-6.6553441447265476,-6.7603803346445375,-8.0426103258052564,-7.6419779866714439,-7.4065133622231079,-6.9937694650120594,-7.2129953940834675,-7.274562006381192,-7.3404076422250055,-6.9009597671424157,-7.3734893863780551,-7.8372575699426834,-7.8075178773932112]
[null,-9.1314719075781436,-7.1305442795902882,-8.1740391146009213,-6.7260832217837292,-6.7790468359483258,-7.2448627217034502,-7.2783448399001367,-7.6892528500271906,-7.2137561364792244,-6.6803428159849867,-6.7455842559223678,-6.321687383263856,-6.3977461088087191,-7.7906884540990973,-7.3606825362664958,-7.200506882410493,-6.7622889679385123,-7.0654815518867107,-7.1068143165424154,-7.1510267203005569,-6.6899763861337789,-7.1757025690429499,-7.8677374330598031,-7.8522163181689768]
[null,-8.965320574764517,-6.9611390977193119,-7.988851869059431,-6.5199839564594031,-6.5528223469369351,-7.1553836994477651,-7.1730637924699296,-7.6292607371108749,-7.1389783133406297,-6.4053412153769358,-6.4496350156094024,-6.0031700634947684,-6.0550544763155854,-7.560500749303392,-7.10584553171749,-7.0064602853452751,-6.5469015749987403,-6.9193196925413298,-6.9445825105798944,-6.9716044825496493,-6.4933527684151082,-6.9889229283615206,-7.9102764592282249,-7.9043740873493498]
[null,-8.8067089504948299,-6.7979706742801937,-7.8148354094394703,-6.3285526431493508,-6.3460937020467671,-7.0814199323500544,-7.0883067977025584,-7.5761322747768869,-7.0750341869571916,-6.1363752820594293,-6.1638439043632562,-5.6989383139323024,-5.7313652500517804,-7.3515283751088081,-6.876937010162024,-6.8239398034676624,-6.3471112649904526,-6.7742026169269671,-6.7874097616512525,-6.8015512818722481,-6.3103505152287003,-6.8126295333772724,-7.9649268842082614,-7.9640801853723291]
[null,-8.6552613991527689,-6.640654501133187,-7.6515381643621998,-6.1512416427701844,-6.1582567974601261,-7.0227318359407107,-7.0238187320982357,-7.5297090044367945,-7.0217258203165143,-5.8728562012505829,-5.8875602140562204,-5.408232659335086,-5.4257982332244756,-7.1634403092470702,-6.6735521287360502,-6.6525630991855742,-6.162514102521035,-6.6298336318470517,-6.6348981511057588,-6.6403371396987021,-6.1403226793538916,-6.6463571316720786,-8.0318396624480073,-8.0314845954218121]
[null,-8.5106445524436829,-6.4888116705194347,-7.4985856162603381,-5.9876292578623644,-5.9888622734174684,-6.9791955938265025,-6.9794910496218208,-7.4898851224218941,-6.9789215420890871,-5.6142505731554815,-5.6201674682790674,-5.1304011289998721,-5.1376419040751404,-6.996029796066753,-6.4955470681356955,-6.4920480907467351,-5.9928132848152034,-6.4858973874092811,-6.4866788925877064,-6.4875023375871841,-5.9827013201412802,-6.4897212707751732,-8.1112671772069529,-8.1067976186982307]
[null,-8.3725774945472384,-6.3421510796324077,-7.3556889769452329,-5.837346101337249,-5.8375320506156125,-6.9508014981323374,-6.9553717540449016,-7.4565960825893915,-6.9465755807012899,-5.3600672520341517,-5.3611370818933946,-4.8648351147227764,-4.8662514929245653,-6.8492568805468661,-6.3429095233052832,-6.3421689007828856,-5.8378127669117399,-6.3421351676951936,-6.34237753776174,-6.3426300941624136,-5.8370323426762649,-6.3423883989560661,-8.203565841067979,-8.1902832922581617]
[null,-8.240814898584766,-6.2003770597343477,-7.2225961124197067,-5.7001511906683122,-5.70406548649252,-6.9376537385928652,-6.9516741687948782,-7.4298259139791316,-6.9247103493591551,-5.1098430793933822,-5.1099700125483816,-4.6110143039764981,-4.6111082457905876,-6.7232313364054033,-6.215873886244113,-6.2027735036463501,-5.697414807143411,-6.1982606128445932,-6.2016908489771438,-6.2053772109604353,-5.7029048657839692,-6.2040798799256969,-8.3092138686951031,-8.2822861224743178]
[null,-8.1151587039922291,-6.0632459002778516,-7.099135671102049,-5.5758523024674744,-5.588345384228341,-6.9399805605793938,-6.9687843692819165,-7.4096055020338696,-6.9134296380720528,-4.8631132552990248,-4.8662219183062971,-4.3685043371330963,-4.3717707983812577,-6.6182227309758046,-6.114862691343804,-6.0737777528033803,-5.5716336811091658,-6.053997681682473,-6.0643313785102482,-6.0754345429446568,-5.5800214724246615,-6.0745960317777863,-8.4288077702292572,-8.3832277753128537]
[null,-10.502320360190845,-8.4994140348676392,-9.6815575146078139,-8.3775714244275594,-8.5882473001031752,-8.3655545666673063,-8.5384723408746126,-8.5586510143446635,-8.204511535052001,-8.5350746240652491,-8.7528987659866946,-8.4890679714747552,-8.7401531875259444,-9.6338737093732938,-9.378982226337035,-8.7506867694029982,-8.4645207231154114,-8.2572654725568597,-8.4282195818205015,-8.6109000996712357,-8.2878717391127648,-8.6817373088089411,-8.3286456857005522,-8.2088284210352871]
[null,-10.294586905147071,-8.2943632776411302,-9.4364415903269521,-8.0935314099343163,-8.2599448134265874,-8.1981137297463977,-8.3306079743909773,-8.4634716651065673,-8.0747799287171063,-8.2227562901816231,-8.3987210486715256,-8.091294591415485,-8.2944768134195979,-9.2966399608729784,-8.9942095869118805,-8.4960807771472666,-8.1685717163171798,-8.1014951520933511,-8.2356057775525748,-8.3789534962985996,-8.0166724755682406,-8.4380952760974761,-8.3148725827935799,-8.2267320377555571]
[null,-10.096993834862769,-8.0981460443484998,-9.2058002581534453,-7.8282491877137854,-7.9560450936943381,-8.0490122980296039,-8.1468069233178753,-8.3766504516557418,-7.9580264358509885,-7.9198946814055695,-8.0589332432566287,-7.7128557955359263,-7.8736938081847052,-8.9844627714217129,-8.6397826393359587,-8.2559121587253728,-7.8917187366823764,-7.9484517767352374,-8.0506718731669231,-8.1599525889646856,-7.7637254623546292,-8.2082441533928154,-8.313870839784915,-8.2523028264570808]
[null,-9.9088532489199626,-7.9100702325382226,-8.9887155522181903,-7.5806014519124325,-7.6751902121043249,-7.9174033137944511,-7.9859944863448842,-8.2977464410491173,-7.853623994628804,-7.6256535814100017,-7.732419467806773,-7.35244126394457,-7.476272068426888,-8.6962486603934792,-8.3144211847660898,-8.0294034073747014,-7.6329506838797334,-7.797726042215289,-7.8727477954215495,-7.9529701343699628,-7.5277603813110012,-7.9913023946082937,-8.3253129822919973,-8.2854069802942156]
[null,-9.7295750725533257,-7.729552393341681,-8.7844400533389315,-7.3496249128530673,-7.4162049941240289,-7.8025803671893028,-7.8472789297679437,-8.2263989933218014,-7.761040241002557,-7.3392262371527677,-7.4182545512310103,-7.0089045548127649,-7.1008261435285576,-8.431047562768395,-8.0170088406934461,-7.8158513406450476,-7.39146050520002,-7.6489405564488546,-7.7012273411020464,-7.757169779227099,-7.3077148921944852,-7.7864916842673138,-8.3489822245452832,-8.3259735535014769]
[null,-9.5585947121533472,-7.5560568997330435,-8.5922832425266105,-7.134483298629033,-7.1781015859126098,-7.7039779697732289,-7.7299602190048615,-8.1623067462773307,-7.6798475203789138,-7.0599145779542258,-7.1155466784242263,-6.6811588235629715,-6.7461329755323689,-8.1880715151427577,-7.7466663601151655,-7.6146619479054607,-7.1665476125651404,-7.5017402996727887,-7.5355824901230877,-7.5717934294217804,-7.1026149481506806,-7.5931356001899086,-8.3847654407290477,-8.373992119930465]
[null,-9.3954687530031933,-7.3891055593564587,-8.4116781441883166,-6.934474462603867,-6.9600404573534167,-7.6211569878313243,-7.6335015366020071,-8.105229686476159,-7.6097039144430649,-6.7870728485513725,-6.8235354082512307,-6.3683249077966098,-6.4111428512620146,-7.966745531092112,-7.5027058400072217,-7.4253352229962166,-6.9576209594305567,-7.3558003812769748,-7.3753092049273663,-7.3961909420292145,-6.9116589234011725,-7.4106447525809411,-8.4326518293792301,-8.4295168865090631]
[null,-9.2397724475520224,-7.2282861902446252,-8.2421126893336361,-6.7489767871779875,-6.7613150867135294,-7.5538045153476041,-7.557532029458959,-8.054976007805136,-7.5503488761416238,-6.5200758669995,-6.5414650803493632,-6.0695659121899785,-6.0949198229964416,-7.76660637969694,-7.284620969087122,-7.2474343089378381,-6.7642066236695948,-7.2108126160958088,-7.2199786496917664,-7.2297952898537146,-6.7341236448116373,-7.2385050745011359,-8.492722673186945,-8.4926567875517698]
[null,-9.0911511213817224,-7.0731992065286535,-8.0831750213894846,-6.5774936998943545,-6.5813876164662153,-7.5017157863360016,-7.5018352049767589,-8.0114049998637746,-7.5016064242277327,-6.2583849757313192,-6.2687349991194798,-5.7841586300260843,-5.7966081709618091,-7.5873509136811039,-7.0921261598743399,-7.0806253086446835,-6.5859366626398819,-7.0664666974485852,-7.0691818969372857,-7.0720943246592984,-6.569382395217028,-7.0762836803847167,-8.5651658626006384,-8.5635788697659141]
[null,-8.9492828899397878,-6.9235048968989084,-7.9345134907235053,-6.4196210824260982,-6.4198022962249253,-7.4648068174476387,-7.4663568179200146,-7.9744228244736064,-7.4633706145189684,-6.0014524671642642,-6.0047485783397256,-5.5114414990702274,-5.5155431127570482,-7.4288387848437161,-6.9250840976366312,-6.9246463183852844,-6.4225395539386279,-6.9224820043272466,-6.9225577741165969,-6.922639005079116,-6.4169036615853985,-6.9236073364720792,-8.6502756939275489,-8.6425131339944095]
[null,-8.8138988842445638,-6.77890489767743,-7.7958333619768965,-6.2750180425422108,-6.2762619303082028,-7.4431035581163663,-7.4512019748844942,-7.9439849028312262,-7.4356216859641133,-5.7488106326457888,-5.7489763128854587,-5.2508375561369744,-5.2511219256632149,-7.2910668405770211,-6.7835860716608334,-6.7792706455169487,-6.2738674099638461,-6.7785736194344652,-6.7797661948024599,-6.7810455081142837,-6.2762559719129865,-6.7801583651164554,-8.7484437609640491,-8.7297556967697947]
[null,-8.6847685568795843,-6.6391159204537784,-7.6669243069542432,-6.1434665818234784,-6.1505773605711243,-7.4367562646352017,-7.4566435628325207,-7.9200870446836706,-7.418407917687909,-5.4999670141997692,-5.5009316292528245,-5.0018726967373253,-5.0028265256605193,-7.1742029787188306,-6.6679187037506562,-6.644392436723634,-6.1398476255192893,-6.6344669520489701,-6.6404961819137824,-6.6469719544135097,-6.1470575778105472,-6.6456842482606646,-8.8601940162299115,-8.8256742687974636]
[null,-8.5616976214839031,-6.5039009221715514,-7.5476253520216332,-6.0248040710960584,-6.0426911055958197,-7.4460339826520867,-7.4831342025675296,-7.902776463323903,-7.4118607086888053,-5.2544924595691871,-5.2601981885827129,-4.7640963547210902,-4.7702558128878199,-7.0785936553234157,-6.5785992986321258,-6.5199457468179061,-6.0205255255818608,-6.489879041571184,-6.5044572596895547,-6.5201270695744755,-6.0290235020824916,-6.5199950320462934,-8.9861755277136535,-8.9307169209473365]
[null,-10.913746428075925,-8.9117602990083196,-10.076550547025318,-8.7552878419634794,-8.9466444553911,-8.7924824274158215,-8.9476246170586506,-9.017388431951769,-8.6480277648148043,-8.9022349233531273,-9.101874365553611,-8.8189466042902271,-9.0492355681178118,-9.9887546469208832,-9.7131030567035914,-9.1414746374001243,-8.8372133076971906,-8.6911312495484889,-8.8459444169320331,-9.0113826684392038,-8.6710451669116999,-9.0772070966511667,-8.8212316086548839,-8.7154599874877619]
[null,-10.709752620627503,-8.7099030217232531,-9.8369187834949035,-8.4784636861059628,-8.6278278600710632,-8.6324339601542466,-8.7494917766869698,-8.9255325938292103,-8.5235055995013944,-8.5930311661240104,-8.7527652338333333,-8.4282238942541507,-8.6128170098620487,-9.6612082080493735,-9.3401049074617255,-8.8922891087963851,-8.5485458992200947,-8.5360877977210929,-8.6560696637182204,-8.7843292445709853,-8.4069017566203996,-8.8387658994651943,-8.8129057115618039,-8.7367034390644189]
[null,-10.51570420204375,-8.516681307999729,-9.6115020927985757,-8.2200754358767014,-8.3330365256801464,-8.4905027558189463,-8.5751355174514163,-8.8419123947956386,-8.4117906936300244,-8.2930366935579762,-8.4177504262699561,-8.0564905593527776,-8.2009121836146086,-9.3584654029851055,-8.997186480206615,-8.6573648308201125,-8.2787210243517038,-8.3836495279458116,-8.4736793144520437,-8.5699486570843852,-8.1606190185203378,-8.6138767325656804,-8.8172693665055881,-8.7655839772945914]
[null,-10.330945611659448,-8.3314357890267949,-9.3994394138173121,-7.9790569908341871,-8.0609568653443908,-8.3658712849086783,-8.4235272875839033,-8.766104290671981,-8.312276726573101,-8.0014442770527694,-8.0957791769196294,-7.7024560841450365,-7.8119692726791881,-9.0794665403605883,-8.6830765392299618,-8.4359121198442129,-8.026796920879212,-8.2334151305970558,-8.2981243178320625,-8.3673307643777601,-7.9310212690181379,-8.4016692373865869,-8.8340302227813474,-8.8019892513651321]
[null,-10.154894554959482,-8.1535987355521744,-9.1999942612301293,-7.7544808539420069,-7.8104991493537304,-8.2578796101162641,-8.2938411714640417,-8.6977726391936034,-8.2244688160657766,-7.717482645465056,-7.7858734683049748,-7.3650099088888217,-7.4446729128278752,-8.8233161043107717,-8.3967408138635182,-8.2272652450146193,-7.7919862818866443,-8.0850137913474374,-8.1288090981466006,-8.1756702030174822,-7.7170209446931315,-8.2014118587580178,-8.8630065940806855,-8.8458681893928031]
[null,-9.9870221519231137,-7.9826390559398188,-9.0125157835990262,-7.5455428273846215,-7.5806961063894933,-8.1659946297492958,-8.1854215112682347,-8.636631321002664,-8.1479611298342203,-7.4404342515827775,-7.4872252877505714,-7.0431078342909386,-7.0978690490989331,-8.5892938250427786,-8.137358927405554,-8.0308631947164315,-7.5736187256828948,-7.9380997004652745,-7.9652114583829912,-7.9942221878135395,-7.5177465089505358,-8.0124403000939441,-8.9041173484097307,-8.8972315563115103]
[null,-9.8268830808289724,-7.8181038007464005,-8.8364467224995025,-7.3515701196003986,-7.3707605799570572,-8.0898229337018446,-8.0977847804690519,-8.5824561086730338,-8.0824381847221947,-7.169683076666395,-7.1990540469288238,-6.7358936296304162,-6.7704999554932268,-8.3768359648611153,-7.9042728155932309,-7.8462205487067864,-7.3711257782602342,-7.7923508771834946,-7.8068569810912267,-7.8223853129446983,-7.3323733592191696,-7.8341914477523229,-8.957383625330511,-8.9561520293553603]
[null,-9.674078737183704,-7.6595836912717008,-8.6713080564901066,-7.1719813034947517,-7.1800217224537075,-8.0290825575554194,-8.0306112631268682,-8.5350720026476417,-8.027667241630752,-6.904615652883062,-6.9206759263073234,-6.4425387906829004,-6.4616604868882934,-8.185545764078606,-7.6970813674607612,-7.6729375955701062,-7.1840807888614409,-7.6474448897675504,-7.6533091620823823,-7.6595937468484649,-7.1602377924794443,-7.6661711302835629,-9.0229224166257698,-9.022759936171763]
[null,-9.5282516034017863,-7.5067043117587051,-8.5167075217525419,-7.006295746329358,-7.0079707529469326,-7.9836102565808336,-7.983734488813667,-8.4943515347876701,-7.9834946816065351,-6.6446736273985536,-6.6514414792619965,-6.1623537560522044,-6.1705778174146202,-8.0151706167163699,-7.5155111693161407,-7.5106955749979782,-7.0121389494176452,-7.5031030145136679,-7.5041916105155764,-7.505362260837976,-7.0007377916717735,-7.507971847488168,-9.1009650598316458,-9.0972431819714714]
[null,-9.3891092645952643,-7.3591213350114169,-8.3723094014940322,-6.8541392123040774,-6.8541994957551209,-7.9533586781856211,-7.9571583773248591,-8.4602169179349858,-7.9498435459279424,-6.3893668415935077,-6.3907998697670934,-5.8947136526543318,-5.8965772946456987,-7.8656011806224972,-7.3595244730882374,-7.3592302023126432,-6.85507417036444,-7.359026733361695,-7.3591318053319768,-7.3592473747007077,-6.8533591413809498,-7.3592203044971987,-9.1918322177345679,-9.1798527958999241]
[null,-9.2563876358572088,-7.2165607729473464,-8.2378363038354383,-6.7152043581580259,-6.7184486689138252,-7.9383947816449147,-7.9510428505817652,-8.4326384249291682,-7.9267160502843019,-6.1381925724855311,-6.1382446619822035,-5.6390479631795909,-5.6390668565681228,-7.7369079198147519,-7.2292680996807164,-7.2183818164950724,-6.7127528687037463,-7.2149372618040877,-7.2178150545546229,-7.2208920780028736,-6.7176909627907699,-7.2196408088954547,-9.2959672605722243,-9.2709209615632968]
[null,-9.1298742940415405,-7.078728842819153,-8.1131063913443615,-6.5892933183959785,-6.6005731585577401,-7.938909512303729,-7.9657223359810452,-8.41162808272097,-7.9141876545611654,-5.8906985220869625,-5.8932784287806266,-5.3948914767178975,-5.3975940285056554,-7.6293133594792639,-7.1251105019864527,-7.0880437068941129,-6.5851492735982839,-7.0705610699621229,-7.0799171972193209,-7.0899658478798786,-6.5933898999018492,-7.0889943758183733,-9.4139342777045076,-9.3708353481257749]
[null,-9.0093808902569048,-6.9454102923959447,-7.9979776634941731,-6.4762822954418962,-6.5005477792569586,-7.955219273801851,-8.0017169158494976,-8.3972504276056927,-7.9124194348257006,-5.6464459799840023,-5.6555121709317886,-5.1618377053652953,-5.1717698316242213,-7.543222911035814,-7.0476557101565023,-6.968163046743566,-6.4723458449173332,-6.9256050685186361,-6.9451679415082364,-6.9661941432065451,-6.4801815822249473,-6.9670949638446684,-9.5464361364652124,-9.4800685733001266]
[null,-11.326706385917353,-9.3254262942416908,-10.473817418154139,-9.13602290122844,-9.3089839946287309,-9.2225209395765653,-9.3608751755409507,-9.4775236686161151,-9.0937404261718076,-9.2706530084322747,-9.452921803830991,-9.1517301016587567,-9.3621407497361524,-10.347644421979901,-10.052086679406868,-9.5345063195382078,-9.212923363291873,-9.125290199228079,-9.2647992001331883,-9.4139202869782714,-9.057176249023323,-9.4748441787132478,-9.3161334005572805,-9.2235157935709022]
[null,-11.126385163728623,-9.1266920228881077,-10.23957725000415,-8.8663032871420508,-8.9995289972334263,-9.0698050573108251,-9.1723839741348581,-9.3889541963079406,-8.9743701467089583,-8.9644696105019914,-9.1088029681543201,-8.7679488114306867,-8.9348767048365474,-10.029717020885867,-9.6908291106749314,-9.2907024706295527,-8.9314672329811593,-8.9709331908514685,-9.077599451058413,-9.1916575224971719,-8.7999575896394813,-9.2415265374134492,-9.3132340530115805,-9.2480942362646115]
[null,-10.935839665044655,-8.936412168576414,-10.019326637974238,-8.6147148956867152,-8.7137574775463484,-8.9349813982792803,-9.0074050238203291,-9.3084948594262045,-8.8676459868981965,-8.6673004853735645,-8.7784719268976641,-8.4028135568468318,-8.5316911417527521,-9.7363603197518476,-9.3593542907960785,-9.0609530610359723,-8.6686295633277251,-8.8190513494330407,-8.8976978889057055,-8.9818033127880028,-8.5602327439964885,-9.0215172106516963,-9.3229550055957393,-9.280288016490962]
[null,-10.754412456243893,-8.753947489808926,-9.8122273504235462,-8.3802530375678508,-8.4503929438267242,-8.8172858615747707,-8.8649503803151237,-9.2357626952991883,-8.7729907321555345,-8.3782864871239386,-8.4609331856044321,-8.0550770455492628,-8.1511477461409871,-9.466546898042786,-9.0564608310315435,-8.8445194669169585,-8.423517716529501,-8.6692681092071489,-8.7244455878285301,-8.7834766246700369,-8.3368730971310381,-8.8139900205058872,-9.3450397806010539,-9.3200036774994075]
[null,-10.581547661349388,-8.5787358632910049,-9.6175608506898094,-8.1620148876938465,-8.2083948936736277,-8.716090264241064,-8.7442605931768149,-9.1704236150541831,-8.6899287342826046,-8.0967058154292726,-8.1552383239063282,-7.7236309668569492,-7.7919382563071968,-9.2194345167826803,-8.7811812095604918,-8.6407424885482946,-8.1953399702266267,-8.5212195537243858,-8.557276660245412,-8.5958642448054441,-8.1288637652142413,-8.6182199501653791,-9.379336691198219,-9.3672125085761078]
[null,-10.416745726916806,-8.4102791261714493,-9.434713467892939,-7.9592384175321316,-7.9868446538837619,-8.630909174046586,-8.644722441414304,-9.1122203836364779,-8.6180897425420788,-7.8218602270817836,-7.8605825565930258,-7.4075171416190102,-7.4529240697074339,-8.9943547778593285,-8.5327517604748753,-8.4491007006190895,-7.9834791231299871,-8.3745461944897777,-8.3956764709868956,-8.4183037178114066,-7.9353130717616782,-8.4335854288271541,-9.4258052275980528,-9.4219433604834784]
[null,-10.25955532156388,-8.2481190801615103,-9.2631473122218964,-7.7712584206054975,-7.7849900676231716,-8.561382369279551,-8.5659100048301973,-9.0609375406115316,-8.557178452798869,-7.5531269628487099,-7.5762022494771148,-7.1058308780760671,-7.1331009489333335,-8.7907788265747815,-8.3105830217222856,-8.2691363046172306,-7.787416958069584,-8.2289422941758978,-8.2391894396527103,-8.2501671002526962,-7.7554704009464919,-8.2595378092492897,-9.4844937366111832,-9.4842938357664313]
[null,-10.109601986531169,-8.0918642974890584,-9.1024082854134321,-7.5975409533237785,-7.6022012173964981,-8.5072618829627835,-8.5075518000226058,-9.016416307931495,-8.5069914448257062,-7.2899369346471605,-7.3014220169856152,-6.8178373100401046,-6.8316081705677787,-8.6083650726446344,-8.1143096947969475,-8.1004452726937846,-7.6067387176366008,-8.0840971912184845,-8.0873966055242459,-8.0909283416004474,-7.5886692792825929,-8.095607500244375,-9.5555598035008611,-9.5544094880484209]
[null,-9.9665523626338093,-7.9411552632374525,-8.9521137386761431,-7.4376298414498665,-7.4380083618311206,-8.4684274598288489,-8.4695391260885486,-8.9785480726254505,-8.4673988912905607,-7.0317144071438529,-7.0356446242877793,-6.5428225901460104,-6.5476922292993036,-8.4469054050739043,-7.9437475092529155,-7.9427541809783779,-7.4411444499854271,-7.9397106088697234,-7.9399093145879096,-7.9401128661008826,-7.4343502552757768,-7.9413942527343035,-9.6392678949957418,-9.6325047240664041]
[null,-9.8301174594211105,-7.7956627573995094,-8.8119604422080702,-7.2911745238004331,-7.2920558016825145,-8.444870329110401,-8.4519256065995574,-8.9472695461692524,-8.4383497543292574,-6.7779701910579693,-6.7783096196297388,-6.2801991543451621,-6.2806904074418863,-8.306353435749223,-7.7988992850805943,-7.7958271806030162,-7.290421413681738,-7.7955074017100863,-7.7963810099437243,-7.7973083726090806,-7.2920322026812849,-7.7965622573611446,-9.7359802161803053,-9.7188573552920126]
[null,-9.7000408140179992,-7.6550979060032516,-8.6816939836732967,-7.1579052598446751,-7.1641029985668698,-8.4366980633756707,-8.4549328455952359,-8.9225632367251055,-8.419870830322866,-6.5282281433482439,-6.5289085738056585,-6.0294376210802705,-6.0300843730518041,-8.1868225129388499,-7.6800106509671586,-7.6595129694378041,-7.1544862261833142,-7.6512039601386395,-7.6564863633017408,-7.6621595633487578,-7.1613237614151046,-7.6608397977387384,-9.8461835897915169,-9.8138164158995114]
[null,-9.5761291383127105,-7.5192130282294922,-8.5611413777052565,-7.0376486302647878,-7.0540588901324277,-8.4441449172222622,-8.4789590960800112,-8.9044604189051473,-8.4120670163425579,-6.2820283365932399,-6.2869948869327104,-5.7900586992744731,-5.7954063434278282,-8.0886042163162131,-7.5875124169881749,-7.5337222284890952,-7.0333450433692697,-7.5065148673903348,-7.5199348912787469,-7.5343504735576072,-7.0418850133392459,-7.5339999092437928,-9.9704926258018798,-9.9178007069589782]
[null,-9.4582061171168981,-7.3877637752932657,-8.4501854328696613,-6.9302951621166233,-6.9619444301232312,-8.4675739155009335,-8.5245958358766796,-8.893039942764597,-8.415127542181887,-6.0389357097214145,-6.0521478033781371,-5.5616807763713831,-5.57632681254539,-8.0121740437172768,-7.5221178482682483,-7.4184464666858849,-6.9271170840424023,-7.3611696101625812,-7.3864468522567321,-7.4136214112252841,-6.933486313176326,-7.4158923518405091,-10.109653008801448,-10.031322964066703]
[null,-11.74117960345669,-9.7403863022521815,-10.873321172702148,-9.5197179159851615,-9.6752449575802775,-9.6556426575945764,-9.7781785767581191,-9.9390422439279345,-9.5416208420255071,-9.6403082541213649,-9.8060131102089603,-9.4873700080485701,-9.6788238600885705,-10.710522617054419,-10.395943456477299,-9.9297749352979547,-9.5916378058755178,-9.5597146632367789,-9.6847604865402044,-9.8184481448807759,-9.4462075994291794,-9.8746154573843636,-9.8133428771184192,-9.7329939299967574]
[null,-11.544476420642571,-9.5447236859247138,-10.644411936506941,-9.2570037451413274,-9.3750412139178394,-9.5101959680143455,-9.5992586364131789,-9.8537142048327073,-9.4273635931750785,-9.3370846849268645,-9.4667945497040531,-9.1104307682211196,-9.260584623848592,-10.402172837018822,-10.046345665544358,-9.6912828500967034,-9.3173336423001345,-9.4059922974114709,-9.5001768310241488,-9.6009002263504897,-9.1957815020395035,-9.646337540883053,-9.8158552424737398,-9.7609047932596784]
[null,-11.357371753156583,-9.3573231840732625,-10.429250219942203,-9.0121625253933306,-9.0981852535196683,-9.3824305888343442,-9.4435876898045503,-9.7763951651689087,-9.3255878720548218,-9.0426243421791241,-9.1410710305826441,-8.7517911284597467,-8.8660433413820936,-10.118141150228329,-9.7262627557273404,-9.466664770997788,-9.0614319428743126,-9.2546384812258786,-9.3226958221227836,-9.3954864642204043,-8.9625199325885596,-9.4311447399767872,-9.8309301406015628,-9.7964169125911198]
[null,-11.179233744014317,-9.1775875835984539,-10.22705871250265,-8.784188334417637,-8.843469024151517,-9.2716298683604954,-9.3102552446667843,-9.7067076025324734,-9.2357529948951136,-8.756141677084555,-8.827893173473365,-8.4102623586142258,-8.493801859803698,-9.8574884984969824,-9.4345706609393787,-9.2552046359108271,-8.8230602995560119,-9.1052642775492476,-9.151685229913074,-9.2013579948756394,-8.7453187011106213,-9.2282345213710943,-9.8583477678321287,-9.8394554957458347]
[null,-11.009512683874712,-9.0049587768558403,-10.037124867033096,-8.5722236045137166,-8.6098672965326237,-9.1772071327029341,-9.1985279203523387,-9.6443484721146095,-9.1574166060348556,-8.4768710696721499,-8.5263204397578907,-8.0847515287796146,-8.1425643736378799,-9.6193952746695217,-9.1703425488486712,-9.0562716851706178,-8.6015022531320273,-8.9575182604690653,-8.9866092035156644,-9.01775654259988,-8.5431948671057167,-9.0369077749016213,-9.8979899517432752,-9.8900157074636414]
[null,-10.847732725290449,-8.8389495480394107,-9.8588725982530629,-8.3755420194495684,-8.3965219608740966,-9.0987172508457412,-9.1078662494155367,-9.5890685597771359,-9.0902261143960494,-8.2041717679688748,-8.2355836687749804,-7.774331763423918,-7.8112860419669117,-9.4032486911276383,-8.9328741644337466,-8.8693688936663388,-8.3961423385392742,-8.8110570542880335,-8.8269662547038514,-8.8440008494086939,-8.3553028025345153,-8.8565683178642001,-9.9498474387862412,-9.9481461162694131]
[null,-10.693466814440491,-8.6791331607967255,-9.6917701058382342,-8.1935238898369924,-8.2026997732008127,-9.0358320078595256,-9.0378886769834903,-9.5406708383054752,-9.0339245808444506,-7.9374135936563937,-7.9549411549311531,-7.4781281756720492,-7.4989364124838982,-9.2085827506326545,-8.7216525871772497,-8.6940525043936798,-8.2064925733143106,-8.6655652179517073,-8.6723009756321758,-8.679513275506709,-8.1809170158924367,-8.6866835456546223,-10.014005023010563,-10.013958117968048]
[null,-10.546344973198005,-8.5251084336062632,-9.535397363038193,-8.0256476337301645,-8.0278425151735266,-8.9883492949537924,-8.9883734514438309,-9.4990121707972808,-8.9883259157541779,-7.6760235101290846,-7.6837145474097843,-7.1954206639762717,-7.2047349663330547,-9.0350798025484664,-8.5363541564554986,-8.5299543018152146,-8.0321826969890147,-8.5207391863654287,-8.5222075316922918,-8.5237781930669403,-8.0194026763518167,-8.5268071798975384,-10.090661812668721,-10.087629106107476]
[null,-10.406045977994806,-8.3765381115006043,-9.3893945091561264,-7.8714925653777108,-7.8714972439845088,-8.956181621038926,-8.9592705470163541,-9.4639996235480908,-8.9533247165895293,-7.4194736786613822,-7.4213344734323847,-6.9255359301601036,-6.9279195711397987,-8.8825883378151218,-8.376861201269735,-8.3768166270952662,-7.8729372675076688,-8.3762832608285045,-8.3763102358522499,-8.3763465219097899,-7.8702211994884443,-8.3765582568547732,-10.180111264447538,-10.169388359401168]
[null,-10.272293523367662,-8.2330977381778627,-9.2534742513776465,-7.7307337177435853,-7.7333540765725965,-8.9393616407324714,-8.9506900569482255,-9.4355841114512984,-8.9288987617978215,-7.1672439348889938,-7.1672456410331984,-6.6678909661553858,-6.6678922344481268,-8.7511238160639806,-8.2432664057230802,-8.2344305254596701,-7.7285873488053518,-8.2319181802262236,-8.2342763471181897,-8.2368002443040069,-7.7329193548363335,-8.2356195427553871,-10.282758108968537,-10.259546778689423]
[null,-10.144856797150268,-8.0945166122090448,-9.1274038898189165,-7.6031220918661777,-7.6132308401669082,-8.9380406067119562,-8.9629128181340789,-9.4137661944497673,-8.9151011125941171,-6.9188800883646788,-6.9209710397799133,-6.4219814841983336,-6.4241436708435344,-8.6408543589200626,-8.1358692077555332,-8.1026538374545272,-7.5990788908937352,-8.0873640232882344,-8.0957793676148295,-8.1048210084430874,-7.6071215178194116,-8.1037312503786083,-10.399141103640332,-10.358469423176054]
[null,-10.023528114752281,-7.9605450897891705,-9.0110345185691418,-7.4885168513215579,-7.5110523366898159,-8.9524962336872367,-8.9964078185279188,-9.3985913305688875,-8.9120651589824575,-6.6739258307193312,-6.6820662795132471,-6.1873554163617754,-6.1962546582068434,-8.5521379478492445,-8.0552057050828711,-7.9814429088611156,-7.4844555544126647,-7.9423304575994766,-7.9605404199561276,-7.9800980909877683,-7.4925361592351374,-7.9807003036527719,-10.529923027630181,-10.466615544962426]
[null,-9.9081662634527738,-7.8309517045354502,-8.9042579449499755,-7.3868549236283263,-7.4269014633790889,-8.9831413279537173,-9.0518338525673343,-9.39015643142017,-8.9200098630045872,-6.4319447749980796,-6.4500999004798354,-5.9636319103725954,-5.9839072221117897,-8.4855152070296107,-8.0020762444103077,-7.8708084150446931,-7.384875274915859,-7.7965550044716903,-7.8282796596208328,-7.8623909863069539,-7.3889317605407348,-7.8663816283537864,-10.675911451595688,-10.584525622647385]
[null,-12.157145937729101,-10.156611993439041,-11.275037941212684,-9.9063472577518379,-10.045363436076471,-10.091835562993188,-10.199518535180381,-10.401926783812065,-9.991660356071538,-10.01115212241397,-10.161120958274749,-9.8258411005498161,-9.9992411217540003,-11.077376431156656,-10.744651329516305,-10.327240388536337,-9.9733223218807741,-9.9943963825589517,-10.105811465868738,-10.224950515751011,-9.8380915478586068,-10.276487812195018,-10.312855026270633,-10.243893779845362]
[null,-11.964000824596914,-9.9639571789644847,-11.051370890837228,-9.6505528550582689,-9.75432740353531,-9.953589095709745,-10.030095329927175,-10.3198094190702,-9.8824576504987984,-9.7108065091755478,-9.8266790799362607,-9.4556390699665425,-9.5899031269760577,-10.77852574988081,-10.406648482189919,-10.094025968210186,-9.7061132970566177,-9.8412650895434322,-9.9237666302806016,-10.012009739473752,-9.5943488130750509,-10.053175841433093,-10.320768152748292,-10.27514025164832]
[null,-11.7802830328848,-9.7793917182819818,-10.841250316331543,-9.4123574523390126,-9.4863028314661673,-9.8328385815460866,-9.8836781993151313,-10.245596295352799,-9.7855924007049033,-9.4190076537537166,-9.5055070144631539,-9.1034046780529394,-9.203901891060525,-10.503809040969141,-10.097928833725005,-9.8744883989618657,-9.4571122986949145,-9.6903917569519837,-9.7486488596067797,-9.8109640195525802,-9.3674441666397072,-9.8427389601404638,-10.341200330745153,-10.313978499009023]
[null,-11.605387710313748,-9.6023340230882575,-10.643902545694186,-9.1908084221460289,-9.2401511078399849,-9.7288951021904069,-9.759420706301043,-10.178936454634165,-9.7005492851100961,-9.1349632060031514,-9.1965938611397782,-8.7679869886183077,-8.8398496594940674,-10.252277911486408,-9.8174052566887795,-9.6679568659405337,-9.2254496939149835,-9.5413921713754224,-9.579831792323894,-9.6209649846108061,-9.156302269827215,-9.6443889803448482,-10.373962660375492,-10.360358387302716]
[null,-11.438774135239481,-9.4322430870488461,-10.458661926668517,-8.985073030332952,-9.0148835274056314,-9.6412245610895706,-9.6566438308377514,-10.11953838267482,-9.6269165752224062,-8.8579626287360806,-8.8990918890214932,-8.4483336795351214,-8.4965402539616566,-10.023200326691301,-9.5642414046752577,-9.4738453130951346,-9.0104702579812557,-9.3939097831383549,-9.4167969435813514,-9.4412948961214305,-8.9599916816560476,-9.4574546341560435,-10.418976852686216,-10.414290475138772]
[null,-11.279984889991658,-9.2686457159435918,-10.284952927408979,-8.7944574174968295,-8.8096892044413995,-9.5694161452608277,-9.5748519024339327,-10.067170900375501,-9.5643712822712033,-8.5873481759255306,-8.6122166244193732,-8.1435380093907206,-8.172891429738387,-9.8160030287196207,-9.3377401685055545,-9.2916536773969103,-8.8115957461610375,-9.2476230022113075,-9.2590508889190062,-9.271293307712746,-8.7776851214816851,-9.2813615651635999,-10.476261755345122,-10.475850607030619]
[null,-11.128608498855098,-9.1111267036385879,-10.122295946697346,-8.6183605593670425,-8.6238887084798375,-9.5131787902513683,-9.5137240855473273,-10.021653391203456,-9.5126762057683329,-8.3225034515120075,-8.3352273535434165,-7.8527582789006383,-7.8679717871153683,-9.6302531546993446,-9.1374958876091927,-9.1209708861003165,-8.6283525601375448,-9.1022036531664821,-9.1061663883498127,-9.1104082398759587,-8.6086909906640035,-9.1156036197226502,-10.545946546184142,-10.545168464458117]
[null,-10.984292144254063,-8.9593080140484584,-9.9702760534231452,-8.4562940738403167,-8.4569349867206132,-9.4723532358995399,-9.473091686681073,-9.9828582016205214,-9.4716698815829066,-8.062864108661687,-8.0675041545607815,-7.5752867101696539,-7.580986882104483,-9.4657064665928701,-8.963231384697659,-8.9614656433287418,-8.4604201845634446,-8.957361132321779,-8.957727750106443,-8.9581259522406551,-8.4524074023542735,-8.9597490133009821,-10.628254748054269,-10.622438573498492]
[null,-10.846721594833131,-8.8128369068480854,-9.8285447272975013,-8.3078721215006599,-8.3084395601772218,-9.4468885976516237,-9.4529567559017806,-9.950708010632038,-9.4412796288841623,-7.8079145237096821,-7.808469863586037,-7.3104774129342829,-7.3112486429238084,-9.3222488522973705,-8.8149047606130715,-8.8128802411142129,-8.3075499394658081,-8.8127982825932616,-8.8133900059149148,-8.8140218679699878,-8.3083217090783208,-8.8134411418492533,-10.723529746773208,-10.707923267959197]
[null,-10.715636270307947,-8.6714271912038026,-9.6968425043787274,-8.1727957887236062,-8.1781205090906948,-9.4368561627061531,-9.4534887122701132,-9.92516849931223,-9.4215035129276963,-7.5571615821715126,-7.5575931665900082,-7.057768416696951,-7.0581729985803774,-9.1999539293454387,-8.6926726887761863,-8.6750413378339406,-8.1695961625167524,-8.6682387281798015,-8.672805578148127,-8.6777160514934728,-8.1759996034152245,-8.6763849942780542,-10.832219048677105,-10.801949258220514]
[null,-10.590813985707285,-8.5348083204942906,-9.5749691185160177,-8.0508512839986039,-8.0658357857203864,-9.442452332312623,-9.4750327855994954,-9.9062553155015625,-9.4124240035704734,-7.3101156402281582,-7.3143965676796689,-6.8166701089706363,-6.8212569528409226,-9.0990532989889576,-8.5969206069164574,-8.5478335407820332,-8.0465561961788179,-8.5233944931462915,-8.5356772767596283,-8.5488664807575798,-8.0550918660427939,-8.548322993273537,-10.954899906720405,-10.904919174177573]
[null,-10.47206703055579,-8.4027257219624385,-9.4627729867906361,-7.9419190705310054,-7.9715712479422809,-9.4640017293670979,-9.5181279538382526,-9.8940327605205152,-9.4142033174893829,-7.0663579226409388,-7.07844657129995,-6.5867557772500609,-6.6001319489824537,-9.0199684809819072,-8.528273141328313,-8.4312260282101708,-7.9385030900080995,-8.3779892540441434,-8.40170965835852,-8.4272115772108833,-7.9453294402767778,-8.4290932298197809,-11.092295993600542,-11.017319928361738]
[null,-10.359262774333915,-8.2749649728474957,-9.360190233996267,-7.845957875092064,-7.8954407704319554,-9.5019695092800855,-9.5835139732838233,-9.8886139789448801,-9.4270921546422208,-6.8254513072034317,-6.8493497076160441,-6.3676828724373991,-6.3945129353056274,-8.9633159121112751,-8.4876341568999507,-8.3252620857146411,-7.8456413990053271,-8.2317426667964444,-8.2706483289583659,-8.31250477229319,-7.846507592439278,-8.3185679382416975,-11.245267695108664,-11.139719547246179]
[null,-12.574576966148445,-10.574094239154579,-11.678927609254169,-10.295867233953571,-10.419330638058007,-10.531068396067161,-10.624870240128816,-10.866161782464355,-10.443830029751483,-10.383171369666215,-10.518193052593812,-10.167101713538413,-10.323349908378148,-11.448171420828743,-11.09817216706859,-10.726899411617643,-10.357962027538699,-10.429297283245873,-10.527913234447448,-10.633375021424849,-10.232786134921326,-10.680420040446188,-10.814666693844718,-10.75621820586953]
[null,-12.384940748608349,-10.384377895066274,-11.46044905496591,-10.046925008769204,-10.137339333391454,-10.399966050357282,-10.464864416849105,-10.78722344415165,-10.339640162805086,-10.085633907044976,-10.188470862489112,-9.8035320944627244,-9.9228140721785678,-11.158789693608398,-10.771726657146264,-10.498893283887661,-10.097797163116576,-10.276723602149845,-10.34835378665662,-10.424968858349569,-9.9956114001288459,-10.462024152546865,-10.827974731699848,-10.790800894706937]
[null,-12.204561664152299,-10.202592146195935,-11.255309417441088,-9.8153042079666744,-9.878079669209928,-10.286183612866077,-10.327660468528126,-10.716095049562695,-10.247650717011771,-9.7964150558699536,-9.8717413017786111,-9.4576038844292629,-9.5452438457208046,-10.893335781314452,-10.474337603579498,-10.284406368198306,-9.8556228776093171,-10.126290184964059,-10.1755263681512,-10.228197319184018,-9.7749649312362532,-10.256265001769126,-10.853770030448661,-10.832979346753524]
[null,-12.032859345744074,-10.028163077503418,-11.062759681808487,-9.600116180096796,-9.6404203718589532,-10.189073069070011,-10.212442962079054,-10.652443208146311,-10.167377523524774,-9.514757703628808,-9.5670470034290567,-9.128226457536746,-9.1892926492453419,-10.650924351384395,-10.204970783226624,-10.082776601204865,-9.6306574108469061,-9.9776238002330953,-10.008847402458617,-10.042267833788339,-9.5697937835240996,-10.062420943081282,-10.891898459375827,-10.882716335299017]
[null,-11.869324178376683,-9.8605664159165443,-10.88215989674995,-9.400545443650719,-9.4234397812803969,-10.108139126199708,-10.118602922201269,-10.595992027777374,-10.098433896822058,-9.2399529302458543,-9.2735294882659272,-8.8143532490428758,-8.8537933956595509,-10.430854088489061,-9.9628432250927776,-9.8934487157215525,-9.422241969344844,-9.8303735218456989,-9.8478030612685554,-9.8664589948202899,-9.3792091872671364,-9.879836820698392,-10.942314221313664,-10.940051808420865]
[null,-11.713485000904438,-9.6993459396264949,-10.712969159173557,-9.2159429091066531,-9.2263549101084159,-10.043009988724709,-10.045690664034716,-10.546525538069583,-10.040523182977756,-8.9713504281287673,-8.9904338573708653,-8.5151092166333431,-8.5377249861955491,-10.232611770398725,-9.747369129309158,-9.7159524978631815,-9.2298264148800886,-9.6842175559630572,-9.6919138788778501,-9.70016122603346,-9.2024300652299118,-9.7079563593927922,-11.005072841965633,-11.00507239283254]
[null,-11.564971604842114,-9.5440912719244473,-10.55471790331846,-9.0457350081065044,-9.0485330582761172,-9.9934348641505935,-9.9934364647114151,-10.503885462297033,-9.9934333821072148,-8.7083660394140985,-8.7170582710043956,-8.229688116304553,-8.2401761418447546,-10.055823485651826,-9.5581466337362571,-9.5498968084801348,-9.0530057410692262,-9.5388417314095939,-9.5407591428806775,-9.5428172654745094,-9.038770912710806,-9.5462915795279777,-11.080340487649126,-11.077939503037937]
[null,-11.42342967939561,-9.3944354058901229,-10.407017024472948,-8.8894649234710688,-8.8894792032737122,-9.9592907007735612,-9.9617297879217865,-10.467957047124209,-9.9570342889927321,-8.4504284807686663,-8.4527913497767173,-7.9573986681814954,-7.9603777429462195,-9.9002747816539909,-9.3949868151263196,-9.3949711515748131,-8.8914506938205466,-9.3939472259341663,-9.3939472388641843,-9.3939472527302481,-8.8876654319257753,-9.3944366127683008,-11.168376417113524,-11.158863425739479]
[null,-11.288566991977135,-9.2500466328802702,-10.269549076176856,-8.7467688136199104,-8.7488306811070249,-9.9405669331328088,-9.950628610661548,-10.43867672721399,-9.9312724450764467,-8.1970329996163596,-8.1970613719229704,-7.6976235291957558,-7.6976689809960552,-9.7659201160803111,-9.2579260487891073,-9.2509479341922933,-8.744969220308235,-9.2492443965121094,-9.2511264967893041,-9.2531419487197635,-8.7486281557940053,-9.2520454190313526,-11.269564908443236,-11.248133807671257]
[null,-11.160132394996969,-9.1106382062769562,-10.14206473738723,-8.6173747417527142,-8.6263522996623312,-9.9373794780333746,-9.960363045875285,-10.416026688471019,-9.9161775872346816,-7.9476931061158469,-7.9493322931504862,-7.4498040639826035,-7.4514956030371113,-9.6528848141246897,-9.1471810254655885,-9.1176693719148254,-8.613457406004061,-9.1044497214171436,-9.1119607564746588,-9.1200273819704609,-8.621255108635534,-9.11884451107451,-11.384401139268364,-11.346105817562259]
[null,-11.037915883068896,-8.9759447987345986,-10.024380569217788,-8.5011006053496079,-8.521950267466492,-9.9499667303805932,-9.991345208706333,-10.400039801394632,-9.9118577156312728,-7.7019310528535874,-7.7091719316253622,-7.2134882652091754,-7.2213949272275384,-9.5614690109079277,-9.0632306857114262,-8.9950508198805945,-8.4969346427011807,-8.9592867273310297,-8.9761593557199255,-8.9942882495386574,-8.5052157315323527,-8.9946100661074251,-11.513515916591082,-11.453206755126976]
[null,-10.921744133060951,-8.8457310054379086,-9.916381229116169,-8.3978517669124351,-8.4356365756932163,-9.9787039661890464,-10.044183802504181,-10.390796080926501,-9.9185057714954628,-7.4593282980580637,-7.4761458066873701,-6.9882636661034008,-7.0070330218698258,-9.4921581068391703,-9.0067999280112367,-8.8830802783547131,-8.3955199197271142,-8.8134616899425264,-8.8434400074683737,-8.875671234907708,-8.4002613515226408,-8.8791796128724787,-11.657676353339809,-11.569956739903335]